-- https://www.phpmyadmin.net/
--

START TRANSACTION;



--
-- Database: `alasmart_laravel`
--

-- --------------------------------------------------------

--
-- Table structure for table `about_us`
--

CREATE TABLE `about_us` (
  `id` bigint(20) UNSIGNED NOT NULL,
  `banner_image` varchar(255) DEFAULT NULL,
  `image` varchar(255) DEFAULT NULL,
  `signature` varchar(255) DEFAULT NULL,
  `created_at` timestamp NULL DEFAULT NULL,
  `updated_at` timestamp NULL DEFAULT NULL
) ENGINE=InnoDB DEFAULT CHARSET=utf8mb4 COLLATE=utf8mb4_unicode_ci;

--
-- Dumping data for table `about_us`
--

INSERT INTO `about_us` (`id`, `banner_image`, `image`, `signature`, `created_at`, `updated_at`) VALUES
(1, 'uploads/custom-images/file-name-17289737531332.png', 'uploads/website-images/about-us-2023-07-18-04-44-23-6217.png', 'uploads/website-images/about-us-2023-07-18-04-26-26-1714.png', '2022-01-30 12:30:23', '2024-10-15 06:29:13');

-- --------------------------------------------------------

--
-- Table structure for table `about_us_languages`
--

CREATE TABLE `about_us_languages` (
  `id` bigint(20) UNSIGNED NOT NULL,
  `about_id` int(11) NOT NULL,
  `lang_code` varchar(255) NOT NULL,
  `title` varchar(255) DEFAULT NULL,
  `header1` varchar(255) DEFAULT NULL,
  `header2` varchar(255) DEFAULT NULL,
  `header3` varchar(255) DEFAULT NULL,
  `about_us` text DEFAULT NULL,
  `name` varchar(255) DEFAULT NULL,
  `desgination` varchar(255) DEFAULT NULL,
  `created_at` timestamp NULL DEFAULT NULL,
  `updated_at` timestamp NULL DEFAULT NULL
) ENGINE=InnoDB DEFAULT CHARSET=utf8mb4 COLLATE=utf8mb4_unicode_ci;

--
-- Dumping data for table `about_us_languages`
--

INSERT INTO `about_us_languages` (`id`, `about_id`, `lang_code`, `title`, `header1`, `header2`, `header3`, `about_us`, `name`, `desgination`, `created_at`, `updated_at`) VALUES
(1, 1, 'en', 'Welcome to the Alasmart marketplace', 'We’re Confident', 'You’d', 'Business Success.', '<p>There are many variations of passages of Lorem Ipsum available, but the majority have suffered alteration in some form, by injected humour, or a randomised woirds which don\'t look even.</p>\r\n<p>going to use a passage of Lorem Ipsum, you need to be sure there isn\'t a nything embarrassing hidden in the middle of text</p>', 'Shivang Preet', 'CEO & Founder', NULL, '2023-08-28 09:15:59'),
(17, 1, 'bn', 'এলাসমার্ট মার্কেটপ্লেসে স্বাগতম', 'আমরা আত্মবিশ্বাসী', 'আপনি', 'ব্যবসায়িক সাফল্য।', '<p>লরেম ইপসাম-এর প্যাসেজের অনেক বৈচিত্র পাওয়া যায়, কিন্তু অধিকাংশই কোনো না কোনো আকারে পরিবর্তনের শিকার হয়েছে, ইনজেকশন করা হাস্যরস, বা এলোমেলোভাবে করা woirds যা দেখা যায় না।</p>\r\n<p>লরেম ইপসাম-এর একটি প্যাসেজ ব্যবহার করতে গেলে, আপনাকে নিশ্চিত হতে হবে পাঠ্যের মাঝখানে বিব্রতকর কোনো কিছু লুকিয়ে নেই</p>', 'শিবাং প্রীত', 'সিইও & ফাউন্ডার', '2023-09-23 09:52:17', '2023-10-01 10:41:44');

-- --------------------------------------------------------

--
-- Table structure for table `additional_services`
--

CREATE TABLE `additional_services` (
  `id` bigint(20) UNSIGNED NOT NULL,
  `service_id` int(11) NOT NULL,
  `service_name` varchar(255) NOT NULL,
  `image` varchar(255) NOT NULL,
  `qty` int(11) NOT NULL,
  `price` double NOT NULL,
  `created_at` timestamp NULL DEFAULT NULL,
  `updated_at` timestamp NULL DEFAULT NULL
) ENGINE=InnoDB DEFAULT CHARSET=utf8mb4 COLLATE=utf8mb4_unicode_ci;

--
-- Dumping data for table `additional_services`
--

INSERT INTO `additional_services` (`id`, `service_id`, `service_name`, `image`, `qty`, `price`, `created_at`, `updated_at`) VALUES
(1, 2, 'Home Move', 'uploads/custom-images/service-add-2022-10-03-03-12-56-9482.jpg', 1, 10, '2022-10-03 09:12:56', '2022-10-03 09:12:56'),
(2, 2, 'Pc Repair', 'uploads/custom-images/service-add-2022-10-03-03-12-56-9074.jpg', 1, 5, '2022-10-03 09:12:56', '2022-10-03 09:12:56'),
(3, 3, 'Service One', 'uploads/custom-images/service-add-2022-10-03-03-17-30-6778.jpg', 1, 10, '2022-10-03 09:17:30', '2022-10-03 09:17:30'),
(4, 3, 'Service Two', 'uploads/custom-images/service-add-2022-10-03-03-17-30-2641.jpg', 1, 8, '2022-10-03 09:17:30', '2022-10-03 09:17:30'),
(5, 3, 'Service Three', 'uploads/custom-images/service-add-2022-10-03-03-17-30-1451.jpg', 1, 15, '2022-10-03 09:17:30', '2022-10-03 09:17:30'),
(6, 3, 'Service Four', 'uploads/custom-images/service-add-2022-10-03-03-17-30-5205.jpg', 1, 4, '2022-10-03 09:17:30', '2022-10-03 09:17:30'),
(7, 5, 'Extra Service One', 'uploads/custom-images/service-add-2022-10-03-03-28-39-1242.jpg', 1, 3, '2022-10-03 09:28:39', '2022-10-03 09:28:39'),
(8, 5, 'Extra Service Two', 'uploads/custom-images/service-add-2022-10-03-03-28-39-5634.jpg', 1, 5, '2022-10-03 09:28:39', '2022-10-03 09:28:39'),
(9, 5, 'Extra Service Three', 'uploads/custom-images/service-add-2022-10-03-03-28-39-3764.jpg', 1, 4, '2022-10-03 09:28:39', '2022-10-03 09:28:39'),
(10, 6, 'Extra service one', 'uploads/custom-images/service-add-2022-10-03-03-34-32-5974.png', 1, 7, '2022-10-03 09:34:33', '2022-10-03 09:34:33'),
(11, 6, 'Extra service two', 'uploads/custom-images/service-add-2022-10-03-03-34-33-8795.png', 1, 5, '2022-10-03 09:34:33', '2022-10-03 09:34:33'),
(12, 6, 'Extra service three', 'uploads/custom-images/service-add-2022-10-03-03-34-33-2395.png', 1, 6, '2022-10-03 09:34:33', '2022-10-03 09:34:33'),
(13, 7, 'Service One', 'uploads/custom-images/service-add-2022-10-03-03-43-20-1580.png', 1, 12, '2022-10-03 09:43:20', '2022-10-03 09:43:20'),
(14, 7, 'Service Two', 'uploads/custom-images/service-add-2022-10-03-03-43-20-3644.png', 1, 20, '2022-10-03 09:43:20', '2022-10-03 09:43:20'),
(15, 7, 'Service Three', 'uploads/custom-images/service-add-2022-10-03-03-43-20-4494.png', 1, 13, '2022-10-03 09:43:20', '2022-10-03 09:43:20'),
(16, 9, 'Service One', 'uploads/custom-images/service-add-2022-10-03-03-54-30-9396.png', 1, 20, '2022-10-03 09:54:31', '2022-10-03 09:54:31'),
(17, 9, 'Service Two', 'uploads/custom-images/service-add-2022-10-03-03-54-31-4918.png', 1, 13, '2022-10-03 09:54:31', '2022-10-03 09:54:31'),
(18, 9, 'Service Three', 'uploads/custom-images/service-add-2022-10-03-03-54-31-7614.png', 1, 8, '2022-10-03 09:54:31', '2022-10-03 09:54:31'),
(19, 10, 'Service One', 'uploads/custom-images/service-add-2022-10-03-04-03-43-1630.png', 1, 5, '2022-10-03 10:03:43', '2022-10-03 10:03:43'),
(20, 10, 'Service Two', 'uploads/custom-images/service-add-2022-10-03-04-03-43-9623.png', 1, 6, '2022-10-03 10:03:44', '2022-10-03 10:03:44'),
(21, 11, 'Service One', 'uploads/custom-images/service-add-2022-10-03-04-08-32-9378.png', 1, 10, '2022-10-03 10:08:32', '2022-10-03 10:08:32'),
(22, 11, 'Service Two', 'uploads/custom-images/service-add-2022-10-03-04-08-32-1195.png', 1, 12, '2022-10-03 10:08:33', '2022-10-03 10:08:33'),
(23, 12, 'Service one', 'uploads/custom-images/service-add-2022-10-03-04-11-58-9305.png', 1, 12, '2022-10-03 10:11:58', '2022-10-03 10:11:58'),
(24, 12, 'Service two', 'uploads/custom-images/service-add-2022-10-03-04-11-58-3485.png', 1, 16, '2022-10-03 10:11:58', '2022-10-03 10:11:58'),
(25, 12, 'Service three', 'uploads/custom-images/service-add-2022-10-03-04-11-58-2352.png', 1, 8, '2022-10-03 10:11:58', '2022-10-03 10:11:58'),
(26, 13, 'Service One', 'uploads/custom-images/service-add-2022-10-03-04-17-45-1400.png', 1, 12, '2022-10-03 10:17:45', '2022-10-03 10:17:45'),
(27, 13, 'Service Two', 'uploads/custom-images/service-add-2022-10-03-04-17-45-1239.png', 1, 9, '2022-10-03 10:17:46', '2022-10-03 10:17:46'),
(28, 13, 'Service Three', 'uploads/custom-images/service-add-2022-10-03-04-17-46-7925.png', 1, 3, '2022-10-03 10:17:46', '2022-10-03 10:17:46'),
(29, 21, 'Service One', 'uploads/custom-images/service-add-2023-01-14-10-35-47-1935.jpeg', 1, 5, '2023-01-14 04:35:47', '2023-01-14 04:35:47'),
(30, 21, 'Service Two', 'uploads/custom-images/service-add-2023-01-14-10-35-47-2424.jpeg', 1, 7, '2023-01-14 04:35:48', '2023-01-14 04:35:48'),
(31, 20, 'Service One', 'uploads/custom-images/service-add-2023-01-14-10-38-21-7962.jpeg', 1, 10, '2023-01-14 04:38:21', '2023-01-14 04:38:21'),
(32, 20, 'Service Two', 'uploads/custom-images/service-add-2023-01-14-10-38-22-1651.jpeg', 1, 8, '2023-01-14 04:38:22', '2023-01-14 04:38:22'),
(33, 20, 'Service Three', 'uploads/custom-images/service-add-2023-01-14-10-38-22-2896.jpeg', 1, 14, '2023-01-14 04:38:23', '2023-01-14 04:38:23'),
(34, 19, 'Service One', 'uploads/custom-images/service-add-2023-01-14-10-40-07-6132.jpeg', 1, 12, '2023-01-14 04:40:07', '2023-01-14 04:40:07'),
(35, 19, 'Service Two', 'uploads/custom-images/service-add-2023-01-14-10-40-07-6399.jpeg', 1, 14, '2023-01-14 04:40:08', '2023-01-14 04:40:08'),
(36, 19, 'Service Three', 'uploads/custom-images/service-add-2023-01-14-10-40-08-8105.jpeg', 1, 5, '2023-01-14 04:40:08', '2023-01-14 04:40:08'),
(37, 18, 'Service One', 'uploads/custom-images/service-add-2023-01-14-10-41-22-2543.jpeg', 1, 3, '2023-01-14 04:41:22', '2023-01-14 04:41:22'),
(38, 18, 'Service Two', 'uploads/custom-images/service-add-2023-01-14-10-41-22-8164.jpeg', 1, 2, '2023-01-14 04:41:23', '2023-01-14 04:41:23'),
(39, 18, 'Service Three', 'uploads/custom-images/service-add-2023-01-14-10-41-23-2513.jpeg', 1, 5, '2023-01-14 04:41:23', '2023-01-14 04:41:23'),
(40, 17, 'Service One', 'uploads/custom-images/service-add-2023-01-14-10-42-45-2192.jpeg', 1, 10, '2023-01-14 04:42:45', '2023-01-14 04:42:45'),
(41, 17, 'Service Two', 'uploads/custom-images/service-add-2023-01-14-10-42-45-7669.jpeg', 1, 5, '2023-01-14 04:42:46', '2023-01-14 04:42:46'),
(42, 17, 'Service Three', 'uploads/custom-images/service-add-2023-01-14-10-42-46-4320.jpeg', 1, 6, '2023-01-14 04:42:46', '2023-01-14 04:42:46'),
(43, 16, 'Service One', 'uploads/custom-images/service-add-2023-01-14-10-43-40-3193.jpeg', 1, 2, '2023-01-14 04:43:41', '2023-01-14 04:43:41'),
(44, 16, 'Service Two', 'uploads/custom-images/service-add-2023-01-14-10-43-41-8190.jpeg', 1, 3, '2023-01-14 04:43:41', '2023-01-14 04:43:41'),
(45, 16, 'Service Three', 'uploads/custom-images/service-add-2023-01-14-10-43-41-7647.jpeg', 1, 8, '2023-01-14 04:43:42', '2023-01-14 04:43:42'),
(46, 15, 'Service One', 'uploads/custom-images/service-add-2023-01-14-10-44-31-5768.jpeg', 1, 10, '2023-01-14 04:44:31', '2023-01-14 04:44:31'),
(47, 15, 'Service Two', 'uploads/custom-images/service-add-2023-01-14-10-44-31-2276.jpeg', 1, 5, '2023-01-14 04:44:31', '2023-01-14 04:44:31'),
(48, 15, 'Service Three', 'uploads/custom-images/service-add-2023-01-14-10-44-31-3957.jpeg', 1, 6, '2023-01-14 04:44:32', '2023-01-14 04:44:32');

-- --------------------------------------------------------

--
-- Table structure for table `admins`
--

CREATE TABLE `admins` (
  `id` bigint(20) UNSIGNED NOT NULL,
  `admin_type` int(10) NOT NULL DEFAULT 0,
  `name` varchar(255) NOT NULL,
  `email` varchar(255) NOT NULL,
  `image` varchar(191) DEFAULT NULL,
  `email_verified_at` timestamp NULL DEFAULT NULL,
  `password` varchar(255) NOT NULL,
  `remember_token` varchar(100) DEFAULT NULL,
  `status` int(10) NOT NULL DEFAULT 1,
  `forget_password_token` varchar(191) DEFAULT NULL,
  `created_at` timestamp NULL DEFAULT NULL,
  `updated_at` timestamp NULL DEFAULT NULL
) ENGINE=InnoDB DEFAULT CHARSET=utf8mb4 COLLATE=utf8mb4_unicode_ci;

--
-- Dumping data for table `admins`
--

INSERT INTO `admins` (`id`, `admin_type`, `name`, `email`, `image`, `email_verified_at`, `password`, `remember_token`, `status`, `forget_password_token`, `created_at`, `updated_at`) VALUES
(1, 1, 'John Doe', 'admin@gmail.com', 'uploads/website-images/file-name-17306180822915.png', NULL, '$2y$10$E9vUQogef2us1sas54MD6e3Z5yBoTSerndPBBtC7438PIy2M3dhoO', '2jfv2br2ZakTbi9nQGtMRTp8plL4brOSFT8VUxuQerVQqWWeAM8h5wZD7cGZ', 1, NULL, NULL, '2024-11-03 07:14:42');

-- --------------------------------------------------------

--
-- Table structure for table `ads`
--

CREATE TABLE `ads` (
  `id` bigint(20) UNSIGNED NOT NULL,
  `image` varchar(255) DEFAULT NULL,
  `link` text DEFAULT NULL,
  `status` int(11) NOT NULL DEFAULT 0,
  `created_at` timestamp NULL DEFAULT NULL,
  `updated_at` timestamp NULL DEFAULT NULL
) ENGINE=InnoDB DEFAULT CHARSET=utf8mb4 COLLATE=utf8mb4_unicode_ci;

--
-- Dumping data for table `ads`
--

INSERT INTO `ads` (`id`, `image`, `link`, `status`, `created_at`, `updated_at`) VALUES
(1, 'uploads/website-images/file-name-17289741685465.jpg', 'https://codecanyon.net/user/quomodotheme/portfolio', 1, '2023-05-24 07:33:19', '2024-10-15 06:36:08');

-- --------------------------------------------------------

--
-- Table structure for table `bank_payments`
--

CREATE TABLE `bank_payments` (
  `id` bigint(20) UNSIGNED NOT NULL,
  `status` int(11) NOT NULL DEFAULT 0,
  `account_info` text DEFAULT NULL,
  `image` varchar(255) DEFAULT NULL,
  `created_at` timestamp NULL DEFAULT NULL,
  `updated_at` timestamp NULL DEFAULT NULL
) ENGINE=InnoDB DEFAULT CHARSET=utf8mb4 COLLATE=utf8mb4_unicode_ci;

--
-- Dumping data for table `bank_payments`
--

INSERT INTO `bank_payments` (`id`, `status`, `account_info`, `image`, `created_at`, `updated_at`) VALUES
(1, 1, 'Bank Name: Your bank name\nAccount Number:  Your bank account number\nRouting Number: Your bank routing number\nBranch: Your bank branch name', 'uploads/website-images/bank-2022-09-25-10-06-03-8346.jpg', NULL, '2022-09-25 04:06:03');

-- --------------------------------------------------------

--
-- Table structure for table `banner_images`
--

CREATE TABLE `banner_images` (
  `id` bigint(20) UNSIGNED NOT NULL,
  `title` varchar(255) DEFAULT NULL,
  `description` text DEFAULT NULL,
  `link` text DEFAULT NULL,
  `image` varchar(255) DEFAULT NULL,
  `button_text` varchar(255) DEFAULT NULL,
  `banner_location` varchar(255) DEFAULT NULL,
  `status` int(11) NOT NULL DEFAULT 0,
  `header` varchar(191) DEFAULT NULL,
  `created_at` timestamp NULL DEFAULT NULL,
  `updated_at` timestamp NULL DEFAULT NULL
) ENGINE=InnoDB DEFAULT CHARSET=utf8mb4 COLLATE=utf8mb4_unicode_ci;

--
-- Dumping data for table `banner_images`
--

INSERT INTO `banner_images` (`id`, `title`, `description`, `link`, `image`, `button_text`, `banner_location`, `status`, `header`, `created_at`, `updated_at`) VALUES
(1, 'Up To - 35% Off', 'Hot Deals', 'product', 'uploads/website-images/Mega-menu-2022-02-13-07-53-14-1062.png', 'Shop Now', 'Mega Menu Banner', 1, NULL, NULL, '2022-02-13 13:53:14'),
(2, 'Up To -20% Off', 'Hot Deals', 'product', 'uploads/website-images/banner--2022-02-10-10-24-47-2663.jpg', 'Shop Now', 'Home Page One Column Banner', 1, NULL, NULL, '2022-02-13 13:45:52'),
(3, 'Up To -35% Off', 'Hot Deals', 'product', 'uploads/website-images/banner-2022-02-06-03-42-16-1335.png', 'Shop Now', 'Home Page First Two Column Banner One', 1, NULL, NULL, '2022-02-13 13:46:01'),
(4, 'Up To -40% Off', 'Hot Deals', 'product', 'uploads/website-images/banner-2022-02-06-03-42-16-1434.png', 'Shop Now', 'Home Page First Two Column Banner Two', 1, NULL, NULL, '2022-02-13 13:46:01'),
(5, 'Up To -28% Off', 'Hot Deals', 'product', 'uploads/website-images/banner-2022-02-06-04-18-01-2862.jpg', 'Shop Now', 'Home Page Second Two Column Banner one', 1, NULL, NULL, '2022-02-13 13:46:15'),
(6, 'Up To -22% Off', 'Hot Deals', 'product', 'uploads/website-images/banner-2022-02-06-04-18-01-6995.jpg', 'Shop Now', 'Home Page Second Two Column Banner two', 1, NULL, NULL, '2022-02-13 13:46:15'),
(7, 'Up To -35% Off', 'Hot Deals', 'product', 'uploads/website-images/banner-2022-02-13-04-57-46-4114.jpg', 'Shop Now', 'Home Page Third Two Column Banner one', 1, NULL, NULL, '2022-02-13 13:46:27'),
(8, 'Up To -15% Off', 'Hot Deals', 'product', 'uploads/website-images/banner-2022-02-13-04-58-43-7437.jpg', 'Shop Now', 'Home Page Third Two Column Banner Two', 1, NULL, NULL, '2022-02-13 13:46:27'),
(9, 'This is Tittle', 'This is Description', 'product', 'uploads/website-images/banner-2022-02-06-04-24-44-6895.jpg', 'dd', 'Shopping cart bottom', 1, '', NULL, '2022-02-13 13:47:23'),
(10, 'This is Title', 'This is Description', 'product', 'uploads/website-images/banner-2022-02-06-04-25-59-9719.jpg', NULL, 'Shopping cart bottom', 0, NULL, NULL, '2022-02-13 13:47:23'),
(11, 'This is Tittle', 'This is Description', 'product', 'uploads/website-images/banner-2022-02-06-04-26-46-8505.jpg', 'dd', 'Campaign page', 1, '', NULL, '2022-02-13 13:47:31'),
(12, 'This is Tittle', 'This is Description', 'product', 'uploads/website-images/banner-2022-01-30-06-21-06-4562.png', 'dd', 'Campaign page', 0, '', NULL, '2022-02-13 13:47:31'),
(13, 'This is Tittle', 'Lorem Ipsum is simply dummy text of the printing and typesetting industry', 'Shop Now', 'uploads/website-images/banner-2022-02-07-10-48-37-9226.jpg', 'dd', 'Login page', 0, 'Our Achievement', NULL, '2022-02-07 04:48:39'),
(14, 'Black Friday Sale', 'Up To -70% Off', 'product', 'uploads/website-images/banner-2022-02-06-04-24-02-9777.jpg', NULL, 'Product Detail', 1, NULL, NULL, '2022-02-13 13:46:54'),
(15, 'Default Profile Image', NULL, NULL, 'uploads/website-images/default-avatar-2022-02-07-10-10-46-1477.jpg', NULL, 'Default Profile Image', 0, NULL, NULL, '2022-02-07 04:10:50');

-- --------------------------------------------------------

--
-- Table structure for table `become_authors`
--

CREATE TABLE `become_authors` (
  `id` bigint(20) UNSIGNED NOT NULL,
  `bg_image` varchar(255) DEFAULT NULL,
  `image1` text DEFAULT NULL,
  `image2` varchar(255) DEFAULT NULL,
  `image` varchar(255) DEFAULT NULL,
  `signature` varchar(255) DEFAULT NULL,
  `icon1` varchar(255) DEFAULT NULL,
  `icon2` varchar(255) DEFAULT NULL,
  `icon3` varchar(255) DEFAULT NULL,
  `icon4` varchar(255) DEFAULT NULL,
  `created_at` timestamp NULL DEFAULT NULL,
  `updated_at` timestamp NULL DEFAULT NULL
) ENGINE=InnoDB DEFAULT CHARSET=utf8mb4 COLLATE=utf8mb4_unicode_ci;

--
-- Dumping data for table `become_authors`
--

INSERT INTO `become_authors` (`id`, `bg_image`, `image1`, `image2`, `image`, `signature`, `icon1`, `icon2`, `icon3`, `icon4`, `created_at`, `updated_at`) VALUES
(1, 'uploads/website-images/file-name-17289740911369.jpg', 'uploads/website-images/become_author-2023-07-18-05-59-27-9178.png', 'uploads/website-images/become_author-2023-07-18-05-59-27-8651.png', 'uploads/website-images/become_author-2023-07-18-05-59-27-6087.png', 'uploads/website-images/become_author-2023-07-18-05-59-27-1169.png', 'uploads/website-images/become_author-2023-01-22-03-37-43-9440.png', 'uploads/website-images/become_author-2023-01-22-03-39-27-7149.png', 'uploads/website-images/become_author-2023-01-22-03-41-18-3485.png', 'uploads/website-images/become_author-2023-01-22-03-41-28-6209.png', NULL, '2024-10-15 06:34:51');

-- --------------------------------------------------------

--
-- Table structure for table `become_author_languages`
--

CREATE TABLE `become_author_languages` (
  `id` bigint(20) UNSIGNED NOT NULL,
  `become_id` int(11) NOT NULL,
  `lang_code` varchar(255) NOT NULL,
  `title` varchar(255) DEFAULT NULL,
  `header1` varchar(255) DEFAULT NULL,
  `header2` varchar(255) DEFAULT NULL,
  `description` text DEFAULT NULL,
  `name` varchar(255) DEFAULT NULL,
  `desgination` varchar(255) DEFAULT NULL,
  `item1` varchar(255) DEFAULT NULL,
  `item2` varchar(255) DEFAULT NULL,
  `item3` varchar(255) DEFAULT NULL,
  `item4` varchar(255) DEFAULT NULL,
  `created_at` timestamp NULL DEFAULT NULL,
  `updated_at` timestamp NULL DEFAULT NULL
) ENGINE=InnoDB DEFAULT CHARSET=utf8mb4 COLLATE=utf8mb4_unicode_ci;

--
-- Dumping data for table `become_author_languages`
--

INSERT INTO `become_author_languages` (`id`, `become_id`, `lang_code`, `title`, `header1`, `header2`, `description`, `name`, `desgination`, `item1`, `item2`, `item3`, `item4`, `created_at`, `updated_at`) VALUES
(1, 1, 'en', 'Sell your Products with Our Digital Marketplace', 'Welcome to the Alasmart marketplace', 'We’re Confident You’d Feel Business Success.', '<p>There are many variations of passages of Lorem Ipsum available, but the majority have suffered alteration in some form, by injected humour, or a randomised woirds which don\'t look even.</p>\r\n<p>going to use a passage of Lorem Ipsum, you need to be sure there isn\'t a nything embarrassing hidden in the middle of text</p>', 'Shivang Preet', 'CEO & Founder', '3 Million Members', 'Easy Approved System', 'All Payout System', 'Community Support', NULL, '2023-09-25 03:49:28'),
(18, 1, 'bn', 'আমাদের ডিজিটাল মার্কেটপ্লেস দিয়ে আপনার পণ্য বিক্রি করুন', 'এলাসমার্ট মার্কেটপ্লেসে স্বাগতম', 'আমরা নিশ্চিত যে আপনি ব্যবসায়িক সাফল্য অনুভব করবেন।', '<p>লরেম ইপসাম-এর প্যাসেজের অনেক বৈচিত্র পাওয়া যায়, কিন্তু অধিকাংশই কোনো না কোনো আকারে পরিবর্তনের শিকার হয়েছে, ইনজেকশন করা হাস্যরস, বা এলোমেলোভাবে করা শব্দ যা দেখা যায় না।</p>\r\n<p>লরেম ইপসাম-এর একটি প্যাসেজ ব্যবহার করতে গেলে, আপনাকে নিশ্চিত হতে হবে পাঠ্যের মাঝখানে বিব্রতকর কোনো কিছু লুকিয়ে নেই</p>', 'শিবাং প্রীত', 'সিইও & ফাউন্ডার', '৩ মিলিয়ন সদস্য', 'সহজ অনুমোদিত সিস্টেম', 'সমস্ত পেআউট সিস্টেম', 'কমিউনিটি সাপোর্ট', '2023-09-23 09:52:17', '2023-10-01 10:41:44');

-- --------------------------------------------------------

--
-- Table structure for table `blogs`
--

CREATE TABLE `blogs` (
  `id` bigint(20) UNSIGNED NOT NULL,
  `admin_id` int(11) NOT NULL,
  `slug` varchar(255) NOT NULL,
  `blog_category_id` int(11) NOT NULL,
  `image` varchar(255) NOT NULL,
  `views` int(11) NOT NULL DEFAULT 0,
  `status` int(11) NOT NULL DEFAULT 0,
  `show_homepage` int(11) NOT NULL DEFAULT 0,
  `show_featured` int(11) DEFAULT 0,
  `created_at` timestamp NULL DEFAULT NULL,
  `updated_at` timestamp NULL DEFAULT NULL
) ENGINE=InnoDB DEFAULT CHARSET=utf8mb4 COLLATE=utf8mb4_unicode_ci;

--
-- Dumping data for table `blogs`
--

INSERT INTO `blogs` (`id`, `admin_id`, `slug`, `blog_category_id`, `image`, `views`, `status`, `show_homepage`, `show_featured`, `created_at`, `updated_at`) VALUES
(1, 1, 'a-beginners-guide-to-digital-finance', 1, 'uploads/custom-images/blog--2023-09-23-10-37-37-1648.jpg', 0, 1, 1, 0, '2023-09-23 03:59:23', '2023-09-23 09:02:51'),
(2, 1, 'technology-devices-takes-our-personal-into-end', 2, 'uploads/custom-images/blog--2023-09-23-10-33-02-6659.jpg', 0, 1, 0, 0, '2023-09-23 04:06:09', '2023-09-23 09:02:51'),
(3, 1, 'system-developers-analyzing-code-on-wall-screen', 3, 'uploads/custom-images/blog--2023-09-23-10-34-19-2773.jpg', 0, 1, 1, 0, '2023-09-23 04:09:00', '2023-09-23 09:02:51'),
(4, 1, 'multimedia-creator-artist-on-videocall-with-client', 4, 'uploads/custom-images/blog--2023-09-23-10-35-09-4575.jpg', 0, 1, 0, 0, '2023-09-23 04:12:51', '2023-09-23 09:02:51'),
(5, 1, 'graphic-designer-working-in-office-with-laptop', 5, 'uploads/custom-images/blog--2023-09-23-10-36-01-7793.jpg', 0, 1, 0, 0, '2023-09-23 04:17:00', '2023-09-23 09:02:51'),
(6, 1, 'young-designer-looking-at-a-it-in-his-hand-while-sitting', 6, 'uploads/custom-images/blog--2023-09-23-10-21-13-9721.jpg', 0, 1, 0, 0, '2023-09-23 04:21:13', '2023-09-23 09:02:51'),
(7, 1, 'business-company-executive-manager-analyzing', 7, 'uploads/custom-images/blog--2023-09-23-10-23-46-8599.jpg', 0, 1, 0, 0, '2023-09-23 04:23:46', '2023-09-23 09:02:51'),
(8, 1, 'group-of-people-working-out-business-plan-in-an-office', 1, 'uploads/custom-images/blog--2023-09-23-10-26-38-1517.jpg', 0, 1, 1, 0, '2023-09-23 04:26:38', '2023-09-23 09:02:51'),
(9, 1, 'successful-business-partners-having-a-meeting', 2, 'uploads/custom-images/blog--2023-09-23-10-29-27-2126.jpg', 0, 1, 0, 0, '2023-09-23 04:29:27', '2023-09-23 09:02:51'),
(10, 1, 'you-can-also-find-trends-and-technique-the-from-other-uxers-group', 6, 'uploads/custom-images/blog--2023-09-23-10-43-49-8198.jpg', 0, 1, 0, 1, '2023-09-23 04:43:49', '2023-09-23 04:43:49');

-- --------------------------------------------------------

--
-- Table structure for table `blog_categories`
--

CREATE TABLE `blog_categories` (
  `id` bigint(20) UNSIGNED NOT NULL,
  `name` varchar(255) DEFAULT NULL,
  `slug` varchar(255) NOT NULL,
  `status` tinyint(4) NOT NULL,
  `created_at` timestamp NULL DEFAULT NULL,
  `updated_at` timestamp NULL DEFAULT NULL
) ENGINE=InnoDB DEFAULT CHARSET=utf8mb4 COLLATE=utf8mb4_unicode_ci;

--
-- Dumping data for table `blog_categories`
--

INSERT INTO `blog_categories` (`id`, `name`, `slug`, `status`, `created_at`, `updated_at`) VALUES
(1, NULL, 'digital-tools', 1, '2023-09-23 03:43:32', '2023-09-23 03:43:32'),
(2, NULL, 'online-services', 1, '2023-09-23 03:43:46', '2023-09-23 03:43:46'),
(3, NULL, 'marketing-strategies', 1, '2023-09-23 03:45:03', '2023-09-23 03:45:03'),
(4, NULL, 'web-development', 1, '2023-09-23 03:45:13', '2023-09-23 03:45:13'),
(5, NULL, 'ecommerce', 1, '2023-09-23 03:45:27', '2023-09-23 03:45:27'),
(6, NULL, 'digital-creativity', 1, '2023-09-23 03:45:39', '2023-09-23 03:45:39'),
(7, NULL, 'digital-education', 1, '2023-09-23 03:45:56', '2023-09-23 03:45:56');

-- --------------------------------------------------------

--
-- Table structure for table `blog_category_languages`
--

CREATE TABLE `blog_category_languages` (
  `id` bigint(20) UNSIGNED NOT NULL,
  `category_id` int(11) NOT NULL,
  `lang_code` varchar(255) NOT NULL,
  `category_name` varchar(255) NOT NULL,
  `created_at` timestamp NULL DEFAULT NULL,
  `updated_at` timestamp NULL DEFAULT NULL
) ENGINE=InnoDB DEFAULT CHARSET=utf8mb4 COLLATE=utf8mb4_unicode_ci;

--
-- Dumping data for table `blog_category_languages`
--

INSERT INTO `blog_category_languages` (`id`, `category_id`, `lang_code`, `category_name`, `created_at`, `updated_at`) VALUES
(1, 1, 'en', 'Digital Tools', '2023-09-23 03:43:32', '2023-09-23 03:43:32'),
(2, 2, 'en', 'Online Services', '2023-09-23 03:43:46', '2023-09-23 03:43:46'),
(3, 3, 'en', 'Marketing Strategies', '2023-09-23 03:45:03', '2023-09-23 03:45:03'),
(4, 4, 'en', 'Web Development', '2023-09-23 03:45:13', '2023-09-23 03:45:13'),
(5, 5, 'en', 'E-commerce', '2023-09-23 03:45:27', '2023-09-23 03:45:27'),
(6, 6, 'en', 'Digital Creativity', '2023-09-23 03:45:39', '2023-09-23 03:45:39'),
(7, 7, 'en', 'Digital Education', '2023-09-23 03:45:56', '2023-09-23 03:45:56'),
(8, 1, 'bn', 'ডিজিটাল টুলস', '2023-09-23 09:52:17', '2023-10-01 10:41:44'),
(9, 2, 'bn', 'অনলাইন সেবাসমূহ', '2023-09-23 09:52:17', '2023-10-01 10:41:44'),
(10, 3, 'bn', 'মার্কেটিং কৌশল', '2023-09-23 09:52:17', '2023-10-01 10:41:44'),
(11, 4, 'bn', 'ওয়েব ডেভেলপমেন্ট', '2023-09-23 09:52:17', '2023-10-01 10:41:44'),
(12, 5, 'bn', 'ই-কমার্স', '2023-09-23 09:52:17', '2023-10-01 10:41:44'),
(13, 6, 'bn', 'ডিজিটাল ক্রিয়েটিভিটি', '2023-09-23 09:52:17', '2023-10-01 10:41:44'),
(14, 7, 'bn', 'ডিজিটাল শিক্ষা', '2023-09-23 09:52:17', '2023-10-01 10:41:44');

-- --------------------------------------------------------

--
-- Table structure for table `blog_comments`
--

CREATE TABLE `blog_comments` (
  `id` bigint(20) UNSIGNED NOT NULL,
  `blog_id` int(11) NOT NULL,
  `name` varchar(255) NOT NULL,
  `email` varchar(255) NOT NULL,
  `comment` text NOT NULL,
  `status` int(10) NOT NULL DEFAULT 0,
  `created_at` timestamp NULL DEFAULT NULL,
  `updated_at` timestamp NULL DEFAULT NULL
) ENGINE=InnoDB DEFAULT CHARSET=utf8mb4 COLLATE=utf8mb4_unicode_ci;

--
-- Dumping data for table `blog_comments`
--

INSERT INTO `blog_comments` (`id`, `blog_id`, `name`, `email`, `comment`, `status`, `created_at`, `updated_at`) VALUES
(1, 10, 'Abdullah Mamun', 'mamun@gmail.com', 'This blog title highlights a crucial aspect of the UX field – the power of learning from fellow practitioners. UXers have so much to gain from sharing experiences and staying up-to-date with trends. I&#039;m excited to read the blog and discover how we can harness the collective wisdom of UX communities to continually improve our craft', 1, '2023-09-23 09:08:46', '2023-09-23 09:10:10'),
(2, 10, 'Shinzing Pang', 'shinzing@gmail.com', 'Connecting with fellow UXers for insights and trends—can&#039;t wait to read more!', 1, '2023-09-23 09:15:31', '2023-09-23 09:15:37'),
(3, 9, 'Ragantan Jhon', 'ragantan@gmail.com', 'Wow, this image perfectly captures the essence of a successful business meeting! It&#039;s clear that these partners are focused and engaged in a productive conversation. Communication and collaboration are key in any business, and this photo reminds us of the importance of working together to achieve success', 1, '2023-09-23 09:19:31', '2023-09-23 09:25:18'),
(4, 9, 'Abu Siddik AK', 'siddik@gmail.com', 'What an inspiring scene! These business partners are clearly in sync, and it&#039;s evident that their meeting is productive. This reminds us that teamwork and effective communication are the backbone of any successful venture.', 1, '2023-09-23 09:25:12', '2023-09-23 09:25:17'),
(5, 8, 'Abdur Rohman', 'rohman@gmail.com', 'Exciting! Can&#039;t wait to read this blog for some inspiration and tips on improving our business planning sessions.', 1, '2023-09-23 09:28:59', '2023-09-23 09:29:11'),
(6, 7, 'John Doe', 'johndoe@gmail.com', 'Great read! Executive managers truly play a vital role in business analysis.', 1, '2023-09-23 09:31:41', '2023-09-23 09:31:47');

-- --------------------------------------------------------

--
-- Table structure for table `blog_languages`
--

CREATE TABLE `blog_languages` (
  `id` bigint(20) UNSIGNED NOT NULL,
  `blog_id` int(11) NOT NULL,
  `lang_code` varchar(255) NOT NULL,
  `title` varchar(255) NOT NULL,
  `short_description` text NOT NULL,
  `description` longtext NOT NULL,
  `tag` varchar(255) NOT NULL,
  `seo_title` varchar(255) NOT NULL,
  `seo_description` text NOT NULL,
  `created_at` timestamp NULL DEFAULT NULL,
  `updated_at` timestamp NULL DEFAULT NULL
) ENGINE=InnoDB DEFAULT CHARSET=utf8mb4 COLLATE=utf8mb4_unicode_ci;

--
-- Dumping data for table `blog_languages`
--

INSERT INTO `blog_languages` (`id`, `blog_id`, `lang_code`, `title`, `short_description`, `description`, `tag`, `seo_title`, `seo_description`, `created_at`, `updated_at`) VALUES
(1, 1, 'en', 'A Beginner\'s Guide to Digital Finance', 'Welcome to the exciting world of digital finance! In today\'s fast-paced, technology-driven economy, understanding digital finance is essential for anyone looking to manage their finances effectively, invest wisely, and navigate the ever-evolving financial landscape.', '<p>Welcome to the exciting world of digital finance! In today\'s fast-paced, technology-driven economy, understanding digital finance is essential for anyone looking to manage their finances effectively, invest wisely, and navigate the ever-evolving financial landscape.</p>\r\n<p>This comprehensive beginner\'s guide is designed to demystify digital finance and provide you with the knowledge and tools you need to make informed financial decisions in the digital age. Whether you\'re a novice investor, a budding entrepreneur, or simply someone who wants to take control of their financial future, this guide is your roadmap to success.</p>\r\n<p>Inside this book, you\'ll discover:</p>\r\n<p>Digital Payment Systems: Learn about the evolution of digital currencies and payment methods, including cryptocurrencies like Bitcoin and digital wallets, and how they are reshaping the way we conduct transactions.</p>\r\n<p>Online Banking and Personal Finance Apps: Explore the world of online banking, budgeting apps, and financial management tools that can help you streamline your financial life and achieve your financial goals.</p>\r\n<p>Investing in the Digital Era: Gain insights into the various investment options available in the digital realm, from stocks and bonds to alternative investments like peer-to-peer lending and robo-advisors.</p>\r\n<p>Blockchain and Decentralized Finance (DeFi): Understand the revolutionary technology behind blockchain and its applications beyond cryptocurrencies, such as decentralized finance (DeFi) and smart contracts.</p>\r\n<p>Security and Risk Management: Discover essential tips and best practices for safeguarding your digital assets and protecting yourself from financial scams and cyber threats.</p>\r\n<p>Regulations and Compliance: Navigate the complex world of financial regulations, including the latest developments in digital finance regulations and compliance.</p>\r\n<p>Future Trends and Opportunities: Get a glimpse into the future of digital finance, including emerging trends, innovative fintech startups, and the potential impact of technologies like artificial intelligence and quantum computing.</p>\r\n<p>Whether you\'re looking to embrace cryptocurrencies, optimize your digital banking experience, or explore new investment opportunities, this guide will equip you with the knowledge and confidence to thrive in the world of digital finance. It\'s time to embark on your financial journey with the power of digital technology at your fingertips. Start reading and take control of your financial future today!</p>', 'Digital, Finance, Beginner\'s Guide, Regulations, Opportunities, Data, ', 'A Beginner\'s Guide to Digital Finance', 'A Beginner\'s Guide to Digital Finance', '2023-09-23 03:59:23', '2023-09-23 06:46:20'),
(2, 2, 'en', 'Technology Devices Takes Our Personal Into End.', 'In an era characterized by constant connectivity and technological innovation, our personal lives have undergone a profound transformation.', '<p>In an era characterized by constant connectivity and technological innovation, our personal lives have undergone a profound transformation. The prevalence of technology devices, from smartphones and tablets to wearable tech and IoT (Internet of Things) gadgets, has ushered in a new age of convenience, efficiency, and interconnectedness. Yet, beneath this veneer of progress lies a complex and evolving landscape where our personal information and privacy hang in the balance.</p>\r\n<p>This extensive exploration delves deep into the multifaceted relationship between technology devices and our personal lives. It examines the myriad ways in which these devices have revolutionized the way we work, communicate, and entertain ourselves. From the power of artificial intelligence enhancing productivity to the comfort of smart home automation systems simplifying our daily chores, technology has seamlessly integrated into the fabric of our existence.</p>\r\n<p>However, this integration has not been without its challenges. Concerns over data privacy, cybersecurity, and the erosion of personal boundaries have become increasingly prominent. As technology devices collect vast amounts of information about us, questions arise about who has access to this data, how it is used, and how we can protect our most intimate details from prying eyes.</p>\r\n<p>This comprehensive narrative takes you on a journey through the impact of technology on our personal lives, exploring both the positive and negative aspects of this digital transformation. It addresses the blurred lines between convenience and surveillance, the ethical considerations surrounding data collection, and the steps we can take to safeguard our personal information in an interconnected world.</p>\r\n<p>Discover the intricate dance between technology and personal privacy, gain insights into the strategies and tools available to protect your data, and find inspiration in stories of individuals and organizations striving to strike a balance between innovation and safeguarding what matters most&mdash;our personal privacy. Join us as we navigate the ever-evolving landscape of technology devices and their profound influence on our lives.</p>', 'Technology, Devices, Takes, Personal, ', 'Technology Devices Takes Our Personal Into End.', 'Technology Devices Takes Our Personal Into End.', '2023-09-23 04:06:09', '2023-09-23 04:06:09'),
(3, 3, 'en', 'System Developers Analyzing Code On Wall Screen.', 'In this bustling, state-of-the-art development workspace, a team of highly skilled system developers is engaged in an in-depth analysis of intricate lines of code projected onto a vast wall screen.', '<p>In this bustling, state-of-the-art development workspace, a team of highly skilled system developers is engaged in an in-depth analysis of intricate lines of code projected onto a vast wall screen. The scene is a captivating blend of innovation, precision, and synergy, where these talented individuals are dedicated to the relentless pursuit of software excellence.</p>\r\n<p>The wall screen serves as the epicenter of their collaborative efforts, displaying an intricate tapestry of code that represents the backbone of their ambitious software project. From programming languages and algorithms to data structures and design patterns, every facet of their work is meticulously examined, tested, and refined.</p>\r\n<p>The developers, each a virtuoso in their own right, have come together as a cohesive unit, creating an environment where collective wisdom and diverse perspectives converge. Their heads bend over keyboards, hands darting across input devices, as they collectively decipher, debug, and enhance the code before them.</p>\r\n<p>Every line of code holds a story, a journey of innovation and problem-solving. As they scrutinize the codebase, discussions and brainstorming sessions fill the air, with ideas flowing freely and creative solutions emerging from the collective intellect of the team. Challenges are met with enthusiasm, and obstacles are seen as opportunities to push the boundaries of what is possible in software development.</p>\r\n<p>Beyond the wall screen, rows of workstations are adorned with monitors and countless lines of code, reflecting the depth of their commitment to crafting systems that are not only robust but also transformative. The energy in the room is palpable, driven by the shared vision of creating software that can change industries, improve lives, and drive progress.</p>\r\n<p>In this moment, the system developers are not merely analyzing code; they are sculptors of the digital world, pushing the boundaries of technology, and reshaping the future one line of code at a time. Their dedication to excellence and their unwavering belief in the power of technology is nothing short of inspirational, making this collaborative coding session a testament to human ingenuity and the limitless possibilities of the digital age.</p>', 'Developers, Analyzing, Wall Screen, ', 'System Developers Analyzing Code On Wall Screen.', 'System Developers Analyzing Code On Wall Screen.', '2023-09-23 04:09:00', '2023-09-23 04:09:00'),
(4, 4, 'en', 'Multimedia Creator Artist On Videocall With Client.', 'In the vast landscape of creative expression, multimedia creator artists stand as modern-day visionaries, sculpting narratives and experiences that transcend conventional boundaries.', '<p>In the vast landscape of creative expression, multimedia creator artists stand as modern-day visionaries, sculpting narratives and experiences that transcend conventional boundaries. However, their craft has evolved in profound ways, marked by an era where client collaborations are forged through the digital conduit of videocalls.</p>\r\n<p>Embarking on this multidimensional journey, we embark on an exploration of creativity, connection, and the nuanced interplay between artists and clients in an increasingly virtual world. This in-depth blog post immerses you in the captivating realm of multimedia creation, unveiling the intricate web of opportunities and challenges that emerge when artistry and commerce unite across digital screens.</p>\r\n<p>With an artist as our guide, we unravel the tapestry of remote collaboration, shedding light on the fascinating process from conception to delivery. Alongside this creative virtuoso, we navigate the artistic alchemy that transpires within the pixelated frames of a videocall, transforming abstract ideas into tangible, awe-inspiring masterpieces.</p>\r\n<p>As you traverse the pages of this blog, you\'ll witness the artist-client partnership as it unfolds in real-time. Discover the secrets to sustaining a seamless workflow and nurturing creativity while bridging geographical distances and time zones. Whether you are an aspiring multimedia creator artist seeking inspiration or a client yearning to embark on a journey of artistic collaboration, this narrative promises to be a compass guiding you through the digital labyrinth of creative expression and human connection.</p>', 'Multimedia, Creator, Artist, Videocall, Development, Business, ', 'Multimedia Creator Artist On Videocall With Client.', 'Multimedia Creator Artist On Videocall With Client.', '2023-09-23 04:12:51', '2023-09-23 06:45:45'),
(5, 5, 'en', 'Graphic Designer Working In Office With Laptop.', 'In a modern and dynamic office environment, a graphic designer is hard at work, immersed in a world of creativity and innovation.', '<p>In a modern and dynamic office environment, a graphic designer is hard at work, immersed in a world of creativity and innovation. This skilled professional is responsible for crafting visually compelling and aesthetically pleasing designs that captivate audiences, convey messages, and promote brands.</p>\r\n<p>Seated at a sleek and ergonomic desk, the graphic designer is surrounded by a carefully curated workspace that inspires productivity and creativity. The office is designed with a contemporary and minimalist aesthetic, featuring clean lines, neutral tones, and plenty of natural light streaming in through large, well-placed windows. The designer\'s workstation is clutter-free, fostering an environment of focus and efficiency.</p>\r\n<p>The centerpiece of the graphic designer\'s workspace is a high-end laptop, its slim profile and sleek aluminum casing reflecting the designer\'s commitment to both style and functionality. The laptop\'s screen radiates with a vivid display of colors, showcasing the intricate details of ongoing design projects. The keyboard, mouse, and graphic tablet are positioned strategically for ergonomic comfort, allowing the designer to work for extended periods without fatigue.</p>\r\n<p>Surrounding the laptop are various tools of the trade. A collection of graphic design software icons lines the desktop, demonstrating the designer\'s proficiency in industry-standard programs like Adobe Creative Suite. Stacks of neatly organized notebooks and sketchpads are within arm\'s reach, ready for jotting down ideas, sketching concepts, or making annotations.</p>\r\n<p>The designer\'s creative flair is apparent from the artwork displayed on the desk. Framed posters, mood boards, and inspirational prints adorn the walls, showcasing the designer\'s portfolio and serving as a constant source of motivation. A mood board for the current project is prominently pinned to a nearby corkboard, featuring a collage of images, color swatches, and typography samples that capture the essence of the ongoing design.</p>\r\n<p>A pair of noise-canceling headphones rests on a stylish headphone stand, ready to drown out any distractions in the bustling office environment. The background hum of colleagues collaborating and keyboards clicking fades into a distant murmur, allowing the designer to focus intently on the task at hand.</p>\r\n<p>The designer\'s attire reflects a blend of professionalism and individuality, with a carefully selected ensemble that strikes the right balance between comfort and style. A crisp, tailored shirt or blouse pairs effortlessly with well-fitted trousers or a skirt. The choice of attire is practical, allowing the designer to transition seamlessly from office tasks to client meetings or brainstorming sessions.</p>\r\n<p>A well-organized desk also boasts an assortment of design reference books, magazines, and a selection of design awards and certificates, attesting to the designer\'s expertise and recognition in the field. A meticulously maintained potted plant adds a touch of greenery to the workspace, providing a sense of tranquility amid the creative hustle and bustle.</p>\r\n<p>Overall, the graphic designer\'s office workspace embodies a harmonious blend of technology, creativity, and professionalism. It is a place where ideas come to life, where pixels are meticulously arranged to form compelling visuals, and where the fusion of art and design yields remarkable results in the ever-evolving world of graphic design.</p>', 'Graphic, Designer, Working In Office, ', 'Graphic Designer Working In Office With Laptop.', 'Graphic Designer Working In Office With Laptop.', '2023-09-23 04:17:00', '2023-09-23 04:17:00'),
(6, 6, 'en', 'Young Designer Looking At A It In His Hand While Sitting.', 'In a cozy, sunlit corner of a trendy, minimalist studio apartment, a young designer finds himself immersed in a world of creativity.', '<p>In a cozy, sunlit corner of a trendy, minimalist studio apartment, a young designer finds himself immersed in a world of creativity. The room exudes an aura of artistic inspiration, with white walls adorned with colorful, abstract paintings that serve as a testament to his passion for design. The atmosphere is tranquil, with a gentle breeze filtering through the half-drawn curtains, allowing the soft scent of fresh flowers from a nearby vase to waft through the air.</p>\r\n<p>Seated on a mid-century modern chair, the designer\'s posture exudes a sense of relaxed contemplation. His legs are crossed, and he leans back slightly, perfectly at ease. The chair\'s clean lines and warm wooden tones complement his youthful yet sophisticated demeanor.</p>\r\n<p>In his hand, he holds a sleek, state-of-the-art tablet&mdash;a marvel of modern technology that has become an indispensable tool for creative minds. The tablet\'s brushed aluminum finish reflects the soft, diffused sunlight, giving it an almost ethereal glow. Its large, high-resolution screen displays an intricate web of digital illustrations and design concepts, each pixel a testament to his talent and dedication.</p>\r\n<p>The designer\'s gaze is fixed intently on the tablet, his eyes scanning the screen with a laser-like focus. His face is a canvas of concentration, with furrowed brows and a slightly parted mouth, revealing the depth of his immersion in the task at hand. His fingers dance gracefully across the touchscreen, manipulating digital brushes and tools with a precision that only years of practice can attain.</p>\r\n<p>As he delves deeper into his work, the room around him seems to fade into the background, and all that remains is the symbiotic connection between the designer and his digital canvas. Ideas flow like a river, and with every stroke of the stylus, he brings his visions to life. The interplay of light and shadow on his face reflects the ebb and flow of his creative process, as he molds the virtual world into something uniquely his own.</p>\r\n<p>Time seems to stand still in this moment of artistic immersion. The young designer, lost in his own world of creation, is a testament to the power of human imagination and the boundless possibilities that technology offers to those with a passion for design. In his hand, the tablet is not just a device; it\'s a gateway to a realm of limitless creativity, and he is its master, shaping the future one digital brushstroke at a time.</p>', 'Young, Designer, Looking, Hand While Sitting, Technology, ', 'Young Designer Looking At A It In His Hand While Sitting.', 'Young Designer Looking At A It In His Hand While Sitting.', '2023-09-23 04:21:13', '2023-09-23 06:46:34'),
(7, 7, 'en', 'Business Company Executive Manager Analyzing.', 'The role of a Business Company Executive Manager is one of paramount importance in any organization.', '<p>The role of a Business Company Executive Manager is one of paramount importance in any organization. This position is typically situated at the upper echelons of the corporate hierarchy and carries substantial responsibilities and decision-making authority. The primary objective of an Executive Manager is to oversee the entire operation of a company, ensuring that it runs efficiently, effectively, and in alignment with the organization\'s strategic goals and objectives.</p>\r\n<p>Executive Managers are charged with a multitude of tasks and responsibilities that encompass various facets of the business. These responsibilities often include:</p>\r\n<p>Strategic Planning: One of the key responsibilities of an Executive Manager is to engage in strategic planning. This involves setting long-term goals and objectives for the company, devising strategies to achieve them, and regularly reviewing and adjusting these plans as necessary to adapt to changing market conditions.</p>\r\n<p>Leadership and Team Management: Executive Managers are responsible for building and leading a high-performing team. This includes hiring, training, and developing employees, as well as fostering a positive and productive work culture.</p>\r\n<p>Financial Management: Monitoring and managing the company\'s financial health is crucial. Executive Managers oversee budgeting, financial forecasting, and financial reporting. They are also responsible for making financial decisions that impact the company\'s profitability and sustainability.</p>\r\n<p>Operations Management: Ensuring that day-to-day operations run smoothly is essential. Executive Managers need to streamline processes, optimize resource allocation, and resolve operational challenges to enhance efficiency.</p>\r\n<p>Stakeholder Relations: Executive Managers often serve as the face of the company to external stakeholders, including investors, customers, suppliers, and regulatory authorities. They must maintain positive relationships and communicate effectively with these groups.</p>\r\n<p>Risk Management: Identifying and mitigating risks is an integral part of an Executive Manager\'s role. This includes assessing potential risks to the business, implementing risk management strategies, and making decisions to protect the company\'s assets and reputation.</p>\r\n<p>Innovation and Adaptation: Staying competitive in today\'s rapidly changing business environment requires innovation and adaptation. Executive Managers must promote a culture of innovation within the organization and be willing to pivot when necessary to meet market demands.</p>\r\n<p>Compliance and Ethics: Ensuring that the company operates in accordance with applicable laws and ethical standards is paramount. Executive Managers must set an example of ethical behavior and establish policies and procedures to maintain compliance.</p>\r\n<p>Performance Evaluation: Regularly assessing the company\'s performance against its goals and benchmarks is vital. Executive Managers use key performance indicators (KPIs) and other metrics to gauge success and make data-driven decisions.</p>\r\n<p>Strategic Partnerships: Developing and nurturing strategic partnerships can be essential for growth and expansion. Executive Managers explore opportunities for collaborations, alliances, and mergers or acquisitions that align with the company\'s strategic vision.</p>\r\n<p>In summary, the role of a Business Company Executive Manager is multifaceted and dynamic. It demands strong leadership skills, strategic thinking, financial acumen, and the ability to navigate complex challenges and opportunities. Success in this role requires a deep understanding of the industry, effective communication, and a commitment to the long-term success of the organization. The Executive Manager plays a pivotal role in shaping the company\'s future and ensuring its sustainability and prosperity.</p>', 'Business, Company, Executive, Analyzing, ', 'Business Company Executive Manager Analyzing.', 'Business Company Executive Manager Analyzing.', '2023-09-23 04:23:46', '2023-09-23 04:23:46'),
(8, 8, 'en', 'Group Of People Working Out Business Plan In An Office.', 'In a bustling office nestled within a sleek, modern skyscraper, a dynamic group of individuals is hard at work, collaborating fervently to craft a meticulously detailed business plan.', '<p>In a bustling office nestled within a sleek, modern skyscraper, a dynamic group of individuals is hard at work, collaborating fervently to craft a meticulously detailed business plan. The room exudes an aura of professionalism and ambition, with its glass walls offering panoramic views of the urban landscape below, allowing natural light to stream in and illuminate the bustling activity within.</p>\r\n<p>Around a massive, polished wooden table, adorned with stacks of documents, a team of diverse professionals has gathered. Each member brings their unique expertise to the table, representing a mosaic of talents and backgrounds, ranging from seasoned veterans to fresh-faced innovators. They embody a sense of shared purpose, driven by a collective vision for the future of their enterprise.</p>\r\n<p>The atmosphere is charged with anticipation, and the room hums with the low murmur of conversation and the tapping of keyboards. Laptops, tablets, and smartphones are scattered across the table, as digital tools seamlessly integrate with traditional stationery, reflecting the fusion of modern technology with timeless business acumen.</p>\r\n<p>The whiteboard on one wall is covered with colorful diagrams, flowcharts, and sticky notes bearing scribbled ideas and critical milestones. A projector screen opposite the table displays graphs, charts, and data visualizations, providing a visual roadmap for the team\'s strategic discussions.</p>\r\n<p>The leader of the group, a confident and charismatic individual, stands at the head of the table, guiding the discussion with authority. They skillfully facilitate the brainstorming session, ensuring that every member\'s voice is heard and considered. Sharp business attire and a well-prepared presentation reinforce their role as the driving force behind this endeavor.</p>\r\n<p>As the hours pass, the energy in the room remains high, despite the challenges and complexities of the task at hand. Coffee cups and water bottles are readily available to sustain the team\'s focus, and the aroma of freshly brewed coffee mingles with the scent of printed documents, creating an environment that encourages productivity.</p>\r\n<p>The team\'s commitment to excellence and their collective determination to shape a compelling business plan is palpable. The atmosphere is charged with intellectual rigor, innovation, and an unwavering belief in their ability to overcome obstacles and seize opportunities in the ever-evolving world of business.</p>\r\n<p>In this office, illuminated by the convergence of talent, technology, and ambition, a business plan is not merely a document but a testament to the dedication and collaborative spirit of a group of individuals on a mission to redefine the future of their organization.</p>', 'Group, People, Business, Plan, ', 'Group Of People Working Out Business Plan In An Office.', 'Group Of People Working Out Business Plan In An Office.', '2023-09-23 04:26:38', '2023-09-23 04:26:38'),
(9, 9, 'en', 'Successful Business Partners Having A Meeting.', 'In the heart of a bustling metropolis, two successful business partners, John and Sarah, are having a pivotal meeting that could shape the future of their thriving enterprise.', '<p>In the heart of a bustling metropolis, two successful business partners, John and Sarah, are having a pivotal meeting that could shape the future of their thriving enterprise. The scene is set in a sleek and modern boardroom, flooded with natural light streaming in through floor-to-ceiling windows that offer a breathtaking view of the city skyline. The room is adorned with tasteful, minimalist decor, conveying an air of professionalism and sophistication.</p>\r\n<p>John, a seasoned entrepreneur with a charismatic demeanor, sits at one end of a long, polished mahogany table. His tailored charcoal suit and power tie exude confidence and authority. Sarah, his equally accomplished counterpart, radiates competence in her elegant pantsuit, which complements her poised demeanor. The table between them is adorned with neatly arranged documents, laptops, and a notepad, ready for a productive discussion.</p>\r\n<p>Their expressions are a testament to the years of dedication and hard work that have led them to this moment. John\'s penetrating gaze and slight smile reveal his passion for innovation, while Sarah\'s focused expression reflects her meticulous attention to detail. As they exchange ideas, it\'s evident that their synergy is the driving force behind their business\'s incredible success.</p>\r\n<p>The air is charged with anticipation, and their discussion is punctuated by thoughtful pauses as they weigh each decision\'s potential impact. They speak in measured tones, demonstrating their mutual respect and the depth of their professional relationship. Their voices resonate with conviction, each point they make a testament to their unwavering commitment to the company\'s mission.</p>\r\n<p>In the background, the soft hum of city life serves as a reminder of the world beyond this boardroom, where their business has made a significant impact. The walls are adorned with framed accolades and awards, attesting to their industry recognition and the accolades they\'ve achieved together.</p>\r\n<p>Throughout the meeting, the partners draw from their collective expertise and complementary skill sets, shaping a vision for the company\'s future that\'s both ambitious and realistic. Their business acumen and ability to strategize are on full display as they chart a course that will not only sustain their current success but elevate it to new heights.</p>\r\n<p>Outside, the sun continues its journey across the sky, casting shifting patterns of light and shadow into the room. As the meeting progresses, it\'s clear that these two remarkable individuals are not just partners in business but kindred spirits on a shared journey of growth, innovation, and unwavering determination. Their meeting is a testament to the power of collaboration, vision, and the incredible heights that can be reached when successful business partners come together to shape the future.</p>', 'Successful, Business, Partners, Meeting, ', 'Successful Business Partners Having A Meeting.', 'Successful Business Partners Having A Meeting.', '2023-09-23 04:29:27', '2023-09-23 04:29:27'),
(10, 10, 'en', 'You Can also Find Trends and Technique the from Other UXers Group', 'Certainly! Finding trends and techniques from other UX (User Experience) professionals and groups can be a valuable source of inspiration and learning.', '<p>Certainly! Finding trends and techniques from other UX (User Experience) professionals and groups can be a valuable source of inspiration and learning. Here\'s a more detailed description of how you can go about it Start by joining online UX communities, forums, and social media groups where UX professionals gather. Platforms like LinkedIn, Reddit (r/userexperience), and specialized UX forums like UX Stack Exchange are great places to connect with fellow UXers.</p>\r\n<p>Follow Influential UXers: Identify influential UX professionals, designers, and researchers in your field and follow them on social media platforms like Twitter, LinkedIn, or Medium. They often share insights, trends, and techniques.</p>\r\n<p>Attend Conferences and Webinars: Participate in UX conferences, webinars, and virtual events. These events often feature talks and presentations by leading UX experts, where they discuss emerging trends and share their techniques.&nbsp;Read UX Blogs and Publications Stay updated by regularly reading UX blogs, books, and industry publications. Popular UX blogs include NN/g (Nielsen Norman Group), Smashing Magazine, and UX Design Institute.</p>\r\n<p>Engage in Online Workshops: Many UX professionals offer online workshops and courses. Participating in these can help you learn about the latest tools and techniques in the field.</p>\r\n<p>Collaborate with Colleagues: If you work in a UX team or alongside other UX professionals, don\'t hesitate to collaborate and share knowledge within your organization. Organize knowledge-sharing sessions or brown bag lunches where team members can discuss trends and techniques.</p>\r\n<p>UX Design Challenges: Participate in UX design challenges or competitions. These events often present unique design problems that require innovative solutions, exposing you to different techniques and approaches.</p>\r\n<p>UX Meetups and Local Groups: If possible, attend local UX meetups and networking events. These gatherings can be great opportunities to meet other UXers, exchange ideas, and learn about local UX trends and challenges.</p>\r\n<p>UX Research and Case Studies: Review UX research papers, case studies, and reports from renowned UX organizations and researchers. These documents often contain valuable insights into successful UX strategies and emerging trends.</p>\r\n<p>Online Courses and Certifications: Enroll in online courses and certifications related to UX design and research. Platforms like Coursera, edX, and Interaction Design Foundation offer comprehensive courses taught by industry experts.</p>\r\n<p>UX Design Tools: Keep an eye on the evolving landscape of UX design tools. New tools and features are released regularly, which can enhance your workflow and productivity.</p>\r\n<p>UX Design Challenges: Participate in UX design challenges or competitions. These events often present unique design problems that require innovative solutions, exposing you to different techniques and approaches.</p>\r\n<p>UX Podcasts and YouTube Channels: Subscribe to UX-focused podcasts and YouTube channels. These platforms often host interviews with UX professionals and discussions about current trends and techniques.</p>\r\n<p>Remember that the field of UX is constantly evolving, so it\'s essential to stay curious and open to new ideas and approaches. By actively engaging with the UX community and learning from others, you can keep your skills up to date and remain at the forefront of the industry.</p>', 'Trends, Technique, UXers, Agency, Creative, Data, Technology, ', 'You Can also Find Trends and Technique the from Other UXers Group', 'You Can also Find Trends and Technique the from Other UXers Group', '2023-09-23 04:43:49', '2023-09-23 09:02:51'),
(11, 1, 'bn', 'ডিজিটাল ফাইন্যান্সের জন্য একটি শিক্ষানবিস গাইড', 'ডিজিটাল ফাইন্যান্সের উত্তেজনাপূর্ণ বিশ্বে স্বাগতম! আজকের দ্রুত-গতিসম্পন্ন, প্রযুক্তি-চালিত অর্থনীতিতে, ডিজিটাল ফাইন্যান্স বোঝা অত্যাবশ্যকীয় যে কেউ তাদের অর্থকে কার্যকরভাবে পরিচালনা করতে, বিজ্ঞতার সাথে বিনিয়োগ করতে এবং সর্বদা বিকশিত আর্থিক ল্যান্ডস্কেপ নেভিগেট করতে চায়।', '<p>ডিজিটাল ফাইন্যান্সের উত্তেজনাপূর্ণ বিশ্বে স্বাগতম! আজকের দ্রুত-গতিসম্পন্ন, প্রযুক্তি-চালিত অর্থনীতিতে, ডিজিটাল ফাইন্যান্স বোঝা অত্যাবশ্যকীয় যে কেউ তাদের অর্থকে কার্যকরভাবে পরিচালনা করতে, বিজ্ঞতার সাথে বিনিয়োগ করতে এবং সর্বদা বিকশিত আর্থিক ল্যান্ডস্কেপ নেভিগেট করতে চায়।</p>\r\n<p>এই বিস্তৃত শিক্ষানবিস গাইডটি ডিজিটাল ফাইন্যান্সকে রহস্যময় করার জন্য ডিজাইন করা হয়েছে এবং ডিজিটাল যুগে তথ্যপূর্ণ আর্থিক সিদ্ধান্ত নেওয়ার জন্য আপনাকে প্রয়োজনীয় জ্ঞান এবং সরঞ্জাম সরবরাহ করার জন্য ডিজাইন করা হয়েছে। আপনি একজন নবীন বিনিয়োগকারী, একজন উদীয়মান উদ্যোক্তা, অথবা কেবলমাত্র এমন কেউ যিনি তাদের আর্থিক ভবিষ্যৎ নিয়ন্ত্রণ করতে চান, এই নির্দেশিকাটি আপনার সাফল্যের রোডম্যাপ।</p>\r\n<p>এই বইয়ের ভিতরে, আপনি আবিষ্কার করবেন:</p>\r\n<p>ডিজিটাল পেমেন্ট সিস্টেম: বিটকয়েন এবং ডিজিটাল ওয়ালেটের মতো ক্রিপ্টোকারেন্সি সহ ডিজিটাল মুদ্রা এবং অর্থপ্রদানের পদ্ধতির বিবর্তন সম্পর্কে জানুন এবং কীভাবে তারা আমাদের লেনদেন পরিচালনার পদ্ধতিকে নতুন আকার দিচ্ছে।</p>\r\n<p>অনলাইন ব্যাঙ্কিং এবং পার্সোনাল ফিনান্স অ্যাপস: অনলাইন ব্যাঙ্কিং, বাজেটিং অ্যাপস এবং ফিনান্সিয়াল ম্যানেজমেন্ট টুলের জগৎ অন্বেষণ করুন যা আপনাকে আপনার আর্থিক জীবনকে স্ট্রিমলাইন করতে এবং আপনার আর্থিক লক্ষ্যগুলি অর্জন করতে সাহায্য করতে পারে।</p>\r\n<p>ডিজিটাল যুগে বিনিয়োগ: স্টক এবং বন্ড থেকে শুরু করে পিয়ার-টু-পিয়ার লেন্ডিং এবং রোবো-উপদেষ্টার মতো বিকল্প বিনিয়োগ পর্যন্ত ডিজিটাল ক্ষেত্রে উপলব্ধ বিভিন্ন বিনিয়োগের বিকল্পগুলির অন্তর্দৃষ্টি অর্জন করুন।</p>\r\n<p>ব্লকচেইন এবং বিকেন্দ্রীভূত অর্থায়ন (DeFi): ব্লকচেইনের পিছনে বিপ্লবী প্রযুক্তি এবং ক্রিপ্টোকারেন্সির বাইরে এর অ্যাপ্লিকেশনগুলি, যেমন বিকেন্দ্রীভূত অর্থায়ন (DeFi) এবং স্মার্ট চুক্তিগুলিকে বুঝুন।</p>\r\n<p>নিরাপত্তা এবং ঝুঁকি ব্যবস্থাপনা: আপনার ডিজিটাল সম্পদের সুরক্ষা এবং আর্থিক কেলেঙ্কারি এবং সাইবার হুমকি থেকে নিজেকে রক্ষা করার জন্য প্রয়োজনীয় টিপস এবং সেরা অনুশীলনগুলি আবিষ্কার করুন।</p>\r\n<p>রেগুলেশনস এবং কমপ্লায়েন্স: ডিজিটাল ফিনান্স রেগুলেশন এবং কমপ্লায়েন্সের সাম্প্রতিক উন্নয়ন সহ আর্থিক বিধিগুলির জটিল বিশ্বে নেভিগেট করুন।</p>\r\n<p>ভবিষ্যৎ প্রবণতা এবং সুযোগ: উদীয়মান প্রবণতা, উদ্ভাবনী ফিনটেক স্টার্টআপ এবং কৃত্রিম বুদ্ধিমত্তা এবং কোয়ান্টাম কম্পিউটিং-এর মতো প্রযুক্তির সম্ভাব্য প্রভাব সহ ডিজিটাল ফাইন্যান্সের ভবিষ্যতের একটি আভাস পান।</p>\r\n<p>আপনি ক্রিপ্টোকারেন্সি গ্রহণ করতে, আপনার ডিজিটাল ব্যাঙ্কিং অভিজ্ঞতাকে অপ্টিমাইজ করতে বা নতুন বিনিয়োগের সুযোগ অন্বেষণ করতে চাইছেন না কেন, এই নির্দেশিকা আপনাকে ডিজিটাল ফাইন্যান্সের জগতে উন্নতির জন্য জ্ঞান এবং আত্মবিশ্বাস দিয়ে সজ্জিত করবে। আপনার নখদর্পণে ডিজিটাল প্রযুক্তির শক্তি নিয়ে আপনার আর্থিক যাত্রা শুরু করার সময়। পড়া শুরু করুন এবং আজ আপনার আর্থিক ভবিষ্যতের নিয়ন্ত্রণ নিন!</p>', 'ডিজিটাল, ফিনান্স, রেগুলেশন্স, অপর্চুনিটিজ, ডাটা, ', 'ডিজিটাল ফাইন্যান্সের জন্য একটি শিক্ষানবিস গাইড', 'ডিজিটাল ফাইন্যান্সের জন্য একটি শিক্ষানবিস গাইড', '2023-09-23 09:52:17', '2023-10-01 10:41:44'),
(12, 2, 'bn', 'প্রযুক্তি ডিভাইসগুলি আমাদের ব্যক্তিগতকে শেষ করে দেয়।', 'ধ্রুবক সংযোগ এবং প্রযুক্তিগত উদ্ভাবনের বৈশিষ্ট্যযুক্ত একটি যুগে, আমাদের ব্যক্তিগত জীবনে গভীর রূপান্তর ঘটেছে।', '<p>ধ্রুবক সংযোগ এবং প্রযুক্তিগত উদ্ভাবনের বৈশিষ্ট্যযুক্ত একটি যুগে, আমাদের ব্যক্তিগত জীবনে গভীর রূপান্তর ঘটেছে। স্মার্টফোন এবং ট্যাবলেট থেকে শুরু করে পরিধানযোগ্য প্রযুক্তি এবং আইওটি (ইন্টারনেট অফ থিংস) গ্যাজেটগুলিতে প্রযুক্তি ডিভাইসগুলির প্রসার সুবিধা, দক্ষতা এবং আন্তঃসংযুক্ততার একটি নতুন যুগের সূচনা করেছে৷ তবুও, অগ্রগতির এই ব্যহ্যাবরণের নীচে একটি জটিল এবং বিকশিত ল্যান্ডস্কেপ রয়েছে যেখানে আমাদের ব্যক্তিগত তথ্য এবং গোপনীয়তা ভারসাম্য বজায় রাখে।</p>\r\n<p>এই বিস্তৃত অন্বেষণ প্রযুক্তি ডিভাইস এবং আমাদের ব্যক্তিগত জীবনের মধ্যে বহুমুখী সম্পর্কের গভীরে তলিয়ে যায়। এটি পরীক্ষা করে যে অগণিত উপায়ে এই ডিভাইসগুলি আমাদের কাজ করার, যোগাযোগ করার এবং নিজেদেরকে বিনোদন দেওয়ার পদ্ধতিতে বিপ্লব করেছে৷ কৃত্রিম বুদ্ধিমত্তার শক্তি থেকে উৎপাদনশীলতা বাড়ানো স্মার্ট হোম অটোমেশন সিস্টেমের আরাম থেকে আমাদের দৈনন্দিন কাজগুলোকে সহজ করে, প্রযুক্তি আমাদের অস্তিত্বের ফ্যাব্রিকে নির্বিঘ্নে একত্রিত হয়েছে।</p>\r\n<p>যাইহোক, এই একীকরণ এর চ্যালেঞ্জ ছাড়া হয়নি। ডেটা গোপনীয়তা, সাইবার নিরাপত্তা, এবং ব্যক্তিগত সীমানা ক্ষয় নিয়ে উদ্বেগ ক্রমশ বিশিষ্ট হয়ে উঠেছে। যেহেতু প্রযুক্তি ডিভাইসগুলি আমাদের সম্পর্কে প্রচুর পরিমাণে তথ্য সংগ্রহ করে, তাই এই ডেটাতে কার অ্যাক্সেস আছে, কীভাবে এটি ব্যবহার করা হয় এবং কীভাবে আমরা আমাদের সবচেয়ে ঘনিষ্ঠ বিবরণগুলিকে ভয়ঙ্কর চোখ থেকে রক্ষা করতে পারি সে সম্পর্কে প্রশ্ন ওঠে৷</p>\r\n<p>এই বিস্তৃত আখ্যানটি আপনাকে আমাদের ব্যক্তিগত জীবনে প্রযুক্তির প্রভাবের মাধ্যমে একটি যাত্রায় নিয়ে যায়, এই ডিজিটাল রূপান্তরের ইতিবাচক এবং নেতিবাচক উভয় দিকই অন্বেষণ করে। এটি সুবিধা এবং নজরদারি, ডেটা সংগ্রহের আশেপাশের নৈতিক বিবেচনা এবং আন্তঃসংযুক্ত বিশ্বে আমাদের ব্যক্তিগত তথ্য সুরক্ষিত করার জন্য আমরা যে পদক্ষেপ নিতে পারি তার মধ্যে অস্পষ্ট রেখাগুলিকে সম্বোধন করে৷</p>\r\n<p>প্রযুক্তি এবং ব্যক্তিগত গোপনীয়তার মধ্যে জটিল নৃত্য আবিষ্কার করুন, আপনার ডেটা সুরক্ষিত করার জন্য উপলব্ধ কৌশল এবং সরঞ্জামগুলির অন্তর্দৃষ্টি পান এবং উদ্ভাবনের মধ্যে ভারসাম্য বজায় রাখার চেষ্টা করে এমন ব্যক্তি এবং সংস্থার গল্পগুলিতে অনুপ্রেরণা পান যা আমাদের ব্যক্তিগত গোপনীয়তা সবচেয়ে গুরুত্বপূর্ণ। আমাদের সাথে যোগ দিন যখন আমরা প্রযুক্তি ডিভাইসগুলির ক্রমবর্ধমান ল্যান্ডস্কেপ এবং আমাদের জীবনে তাদের গভীর প্রভাব নেভিগেট করি৷</p>', 'টেকনোলজি, ট্যাক্স, পার্সোনাল, ', 'প্রযুক্তি ডিভাইসগুলি আমাদের ব্যক্তিগতকে শেষ করে দেয়', 'প্রযুক্তি ডিভাইসগুলি আমাদের ব্যক্তিগতকে শেষ করে দেয়', '2023-09-23 09:52:17', '2023-10-01 10:41:44'),
(13, 3, 'bn', 'সিস্টেম ডেভেলপাররা ওয়াল স্ক্রিনে কোড বিশ্লেষণ করছে।', 'এই ব্যস্ততাপূর্ণ, অত্যাধুনিক উন্নয়ন কর্মক্ষেত্রে, অত্যন্ত দক্ষ সিস্টেম ডেভেলপারদের একটি দল একটি সুবিশাল প্রাচীরের পর্দায় প্রক্ষিপ্ত কোডের জটিল লাইনগুলির একটি গভীর বিশ্লেষণে নিযুক্ত রয়েছে৷', '<p>এই ব্যস্ততাপূর্ণ, অত্যাধুনিক উন্নয়ন কর্মক্ষেত্রে, অত্যন্ত দক্ষ সিস্টেম ডেভেলপারদের একটি দল একটি সুবিশাল প্রাচীরের পর্দায় প্রক্ষিপ্ত কোডের জটিল লাইনগুলির একটি গভীর বিশ্লেষণে নিযুক্ত রয়েছে৷ দৃশ্যটি উদ্ভাবন, নির্ভুলতা এবং সমন্বয়ের একটি চিত্তাকর্ষক মিশ্রণ, যেখানে এই প্রতিভাবান ব্যক্তিরা সফ্টওয়্যার শ্রেষ্ঠত্বের নিরলস সাধনায় নিবেদিত।</p>\r\n<p>প্রাচীর পর্দা তাদের সহযোগিতামূলক প্রচেষ্টার কেন্দ্রস্থল হিসাবে কাজ করে, কোডের একটি জটিল ট্যাপেস্ট্রি প্রদর্শন করে যা তাদের উচ্চাভিলাষী সফ্টওয়্যার প্রকল্পের মেরুদণ্ডকে প্রতিনিধিত্ব করে। প্রোগ্রামিং ল্যাঙ্গুয়েজ এবং অ্যালগরিদম থেকে শুরু করে ডেটা স্ট্রাকচার এবং ডিজাইন প্যাটার্ন পর্যন্ত, তাদের কাজের প্রতিটি দিক সাবধানতার সাথে পরীক্ষা, পরীক্ষিত এবং পরিমার্জিত হয়।</p>\r\n<p>বিকাশকারীরা, প্রত্যেকে তাদের নিজস্ব অধিকারে একজন গুণী, একটি সমন্বয়কারী ইউনিট হিসাবে একত্রিত হয়েছে, এমন একটি পরিবেশ তৈরি করেছে যেখানে সমষ্টিগত জ্ঞান এবং বিভিন্ন দৃষ্টিভঙ্গি একত্রিত হয়। তাদের মাথা কীবোর্ডের উপর বাঁকানো, হাতগুলি ইনপুট ডিভাইস জুড়ে ঝাঁকুনি দেয়, কারণ তারা সম্মিলিতভাবে ডিসিফার করে, ডিবাগ করে এবং তাদের সামনে কোডটি উন্নত করে।</p>\r\n<p>কোডের প্রতিটি লাইন একটি গল্প, উদ্ভাবন এবং সমস্যা সমাধানের একটি যাত্রা ধারণ করে। তারা কোডবেস যাচাই করার সাথে সাথে, আলোচনা এবং ব্রেনস্টর্মিং সেশনগুলি বাতাসকে পূর্ণ করে, ধারণাগুলি অবাধে প্রবাহিত হয় এবং দলের যৌথ বুদ্ধি থেকে সৃজনশীল সমাধানগুলি উদ্ভূত হয়। চ্যালেঞ্জগুলি উত্সাহের সাথে পূরণ করা হয়, এবং বাধাগুলিকে সফ্টওয়্যার বিকাশে যা সম্ভব তার সীমানা ঠেলে দেওয়ার সুযোগ হিসাবে দেখা হয়।</p>\r\n<p>প্রাচীরের পর্দার বাইরে, ওয়ার্কস্টেশনের সারি মনিটর এবং কোডের অগণিত লাইন দিয়ে সজ্জিত করা হয়েছে, যা কেবল শক্তিশালী নয় বরং রূপান্তরকারী সিস্টেমগুলি তৈরি করার প্রতি তাদের প্রতিশ্রুতির গভীরতা প্রতিফলিত করে। রুমের শক্তি স্পষ্ট, সফ্টওয়্যার তৈরির ভাগ করা দৃষ্টি দ্বারা চালিত যা শিল্পগুলিকে পরিবর্তন করতে পারে, জীবনকে উন্নত করতে পারে এবং অগ্রগতি চালাতে পারে।</p>\r\n<p>এই মুহুর্তে, সিস্টেম বিকাশকারীরা নিছক কোড বিশ্লেষণ করছে না; তারা ডিজিটাল বিশ্বের ভাস্কর, প্রযুক্তির সীমানা ঠেলে দেয়, এবং ভবিষ্যতের কোডের এক লাইনকে পুনরায় আকার দেয়। উৎকর্ষের প্রতি তাদের নিবেদন এবং প্রযুক্তির শক্তিতে তাদের অটল বিশ্বাস অনুপ্রেরণাদায়ক থেকে কম কিছু নয়, এই সহযোগিতামূলক কোডিং সেশনকে মানুষের বুদ্ধিমত্তা এবং ডিজিটাল যুগের সীমাহীন সম্ভাবনার প্রমাণ করে তোলে।</p>', 'ডেভেলপারস, এনালাইজিং, ওয়াল স্ক্রিন, ', 'সিস্টেম ডেভেলপাররা ওয়াল স্ক্রিনে কোড বিশ্লেষণ করছে', 'সিস্টেম ডেভেলপাররা ওয়াল স্ক্রিনে কোড বিশ্লেষণ করছে', '2023-09-23 09:52:17', '2023-10-01 10:41:44'),
(14, 4, 'bn', 'ক্লায়েন্টের সাথে ভিডিও কলে মাল্টিমিডিয়া নির্মাতা শিল্পী।', 'সৃজনশীল অভিব্যক্তির বিশাল ল্যান্ডস্কেপে, মাল্টিমিডিয়া নির্মাতা শিল্পীরা আধুনিক দিনের স্বপ্নদর্শী, ভাস্কর্য বর্ণনা এবং অভিজ্ঞতা যা প্রচলিত সীমানা অতিক্রম করে।', '<p>সৃজনশীল অভিব্যক্তির বিশাল ল্যান্ডস্কেপে, মাল্টিমিডিয়া নির্মাতা শিল্পীরা আধুনিক দিনের স্বপ্নদর্শী, ভাস্কর্য বর্ণনা এবং অভিজ্ঞতার মতো দাঁড়িয়ে থাকে যা প্রচলিত সীমানা অতিক্রম করে। যাইহোক, তাদের নৈপুণ্য গভীর উপায়ে বিকশিত হয়েছে, একটি যুগ দ্বারা চিহ্নিত যেখানে ক্লায়েন্টের সহযোগিতা ভিডিওকলের ডিজিটাল কন্ডুইটের মাধ্যমে তৈরি করা হয়।</p>\r\n<p>এই বহুমাত্রিক যাত্রা শুরু করে, আমরা একটি ক্রমবর্ধমান ভার্চুয়াল বিশ্বে সৃজনশীলতা, সংযোগ এবং শিল্পী এবং ক্লায়েন্টদের মধ্যে সংক্ষিপ্ত আন্তঃপ্রক্রিয়ার অন্বেষণ শুরু করি। এই গভীর ব্লগ পোস্টটি আপনাকে মাল্টিমিডিয়া সৃষ্টির মনোমুগ্ধকর জগতে নিমজ্জিত করে, সুযোগ এবং চ্যালেঞ্জের জটিল ওয়েব উন্মোচন করে যা যখন শৈল্পিকতা এবং বাণিজ্য ডিজিটাল পর্দায় একত্রিত হয়।</p>\r\n<p>একজন শিল্পীকে আমাদের গাইড হিসাবে নিয়ে, আমরা দূরবর্তী সহযোগিতার ট্যাপেস্ট্রি উন্মোচন করি, গর্ভধারণ থেকে ডেলিভারি পর্যন্ত আকর্ষণীয় প্রক্রিয়ার উপর আলোকপাত করি। এই সৃজনশীল গুণের পাশাপাশি, আমরা শৈল্পিক আলকেমিতে নেভিগেট করি যা একটি ভিডিওকলের পিক্সেলেড ফ্রেমের মধ্যে রূপান্তরিত হয়, বিমূর্ত ধারণাগুলিকে বাস্তব, বিস্ময়-প্রেরণাদায়ক মাস্টারপিসে রূপান্তরিত করে।</p>\r\n<p>আপনি এই ব্লগের পৃষ্ঠাগুলি অতিক্রম করার সাথে সাথে, আপনি শিল্পী-ক্লায়েন্ট অংশীদারিত্বের সাক্ষী হবেন কারণ এটি রিয়েল-টাইমে উন্মোচিত হবে৷ ভৌগলিক দূরত্ব এবং সময় অঞ্চলগুলিকে সেতু করার সময় একটি নিরবচ্ছিন্ন কর্মপ্রবাহ বজায় রাখার এবং সৃজনশীলতাকে লালন করার গোপনীয়তাগুলি আবিষ্কার করুন৷ আপনি একজন উচ্চাকাঙ্ক্ষী মাল্টিমিডিয়া স্রষ্টা শিল্পী যা অনুপ্রেরণা খুঁজছেন বা শৈল্পিক সহযোগিতার যাত্রা শুরু করতে আগ্রহী একজন ক্লায়েন্ট, এই আখ্যানটি আপনাকে সৃজনশীল অভিব্যক্তি এবং মানব সংযোগের ডিজিটাল গোলকধাঁধায় পথনির্দেশক একটি কম্পাস হওয়ার প্রতিশ্রুতি দেয়।</p>', 'মাল্টিমিডিয়া, ক্রিয়েটর, আর্টিস্ট, ডেভেলপমেন্ট, বিসনেস, ', 'ক্লায়েন্টের সাথে ভিডিও কলে মাল্টিমিডিয়া নির্মাতা শিল্পী', 'ক্লায়েন্টের সাথে ভিডিও কলে মাল্টিমিডিয়া নির্মাতা শিল্পী', '2023-09-23 09:52:17', '2023-10-01 10:41:44'),
(15, 5, 'bn', 'গ্রাফিক ডিজাইনার ল্যাপটপ নিয়ে অফিসে কাজ করছেন।', 'একটি আধুনিক এবং গতিশীল অফিস পরিবেশে, একজন গ্রাফিক ডিজাইনার কঠোর পরিশ্রম করে, সৃজনশীলতা এবং উদ্ভাবনের জগতে নিমজ্জিত।', '<p>একটি আধুনিক এবং গতিশীল অফিস পরিবেশে, একজন গ্রাফিক ডিজাইনার কঠোর পরিশ্রম করে, সৃজনশীলতা এবং উদ্ভাবনের জগতে নিমজ্জিত। এই দক্ষ পেশাদার দৃশ্যত আকর্ষক এবং নান্দনিকভাবে আনন্দদায়ক ডিজাইন তৈরি করার জন্য দায়ী যা দর্শকদের মোহিত করে, বার্তা দেয় এবং ব্র্যান্ডের প্রচার করে।</p>\r\n<p>একটি মসৃণ এবং ergonomic ডেস্কে উপবিষ্ট, গ্রাফিক ডিজাইনার একটি সাবধানে কিউরেটেড ওয়ার্কস্পেস দ্বারা বেষ্টিত যা উত্পাদনশীলতা এবং সৃজনশীলতাকে অনুপ্রাণিত করে। অফিসটি একটি সমসাময়িক এবং ন্যূনতম নান্দনিকতার সাথে ডিজাইন করা হয়েছে, যেখানে পরিষ্কার লাইন, নিরপেক্ষ টোন এবং বড়, সু-স্থাপিত জানালা দিয়ে প্রচুর প্রাকৃতিক আলো প্রবাহিত হয়। ডিজাইনারের ওয়ার্কস্টেশন বিশৃঙ্খল, ফোকাস এবং কর্মদক্ষতার পরিবেশ তৈরি করে।</p>\r\n<p>গ্রাফিক ডিজাইনারের ওয়ার্কস্পেসের কেন্দ্রবিন্দু হল একটি হাই-এন্ড ল্যাপটপ, এর স্লিম প্রোফাইল এবং মসৃণ অ্যালুমিনিয়াম কেসিং স্টাইল এবং কার্যকারিতা উভয়ের প্রতি ডিজাইনারের প্রতিশ্রুতি প্রতিফলিত করে। ল্যাপটপের স্ক্রিন রঙের একটি উজ্জ্বল প্রদর্শনের সাথে বিকিরণ করে, চলমান নকশা প্রকল্পগুলির জটিল বিবরণ প্রদর্শন করে। কীবোর্ড, মাউস, এবং গ্রাফিক ট্যাবলেট কৌশলগতভাবে ergonomic আরামের জন্য স্থাপন করা হয়েছে, ডিজাইনারকে ক্লান্তি ছাড়াই বর্ধিত সময়ের জন্য কাজ করার অনুমতি দেয়।</p>\r\n<p>ল্যাপটপের চারপাশে ব্যবসার বিভিন্ন সরঞ্জাম রয়েছে। গ্রাফিক ডিজাইন সফ্টওয়্যার আইকনগুলির একটি সংগ্রহ ডেস্কটপকে লাইন করে, যা অ্যাডোব ক্রিয়েটিভ স্যুটের মতো শিল্প-মানক প্রোগ্রামগুলিতে ডিজাইনারের দক্ষতা প্রদর্শন করে। সুন্দরভাবে সংগঠিত নোটবুক এবং স্কেচপ্যাডের স্তুপগুলি হাতের নাগালের মধ্যে, ধারণাগুলি লিখতে, ধারণাগুলি স্কেচ করা বা টীকা তৈরির জন্য প্রস্তুত৷</p>\r\n<p>ডিজাইনারের সৃজনশীল ফ্লেয়ার ডেস্কে প্রদর্শিত আর্টওয়ার্ক থেকে স্পষ্ট। ফ্রেমযুক্ত পোস্টার, মুড বোর্ড, এবং অনুপ্রেরণামূলক প্রিন্টগুলি দেয়ালে শোভা পায়, ডিজাইনারের পোর্টফোলিও প্রদর্শন করে এবং অনুপ্রেরণার একটি ধ্রুবক উৎস হিসেবে কাজ করে। বর্তমান প্রজেক্টের জন্য একটি মুড বোর্ড একটি কাছাকাছি কর্কবোর্ডে সুস্পষ্টভাবে পিন করা হয়েছে, যেখানে চলমান ডিজাইনের সারমর্ম ক্যাপচার করে এমন চিত্র, রঙের সোয়াচ এবং টাইপোগ্রাফির নমুনার একটি কোলাজ রয়েছে।</p>\r\n<p>একজোড়া শব্দ-বাতিলকারী হেডফোন একটি আড়ম্বরপূর্ণ হেডফোন স্ট্যান্ডে স্থির থাকে, অফিসের কোলাহলপূর্ণ পরিবেশে যেকোনো বিভ্রান্তি দূর করতে প্রস্তুত। সহকর্মীদের সহযোগিতার ব্যাকগ্রাউন্ড হাম এবং কীবোর্ডে ক্লিক করার শব্দ দূরের গোঙানির মধ্যে ম্লান হয়ে যায়, যা ডিজাইনারকে হাতের কাজটিতে মনোযোগ সহকারে ফোকাস করতে দেয়।</p>\r\n<p>ডিজাইনারের পোষাক পেশাদারিত্ব এবং ব্যক্তিত্বের মিশ্রণকে প্রতিফলিত করে, একটি সাবধানে বাছাই করা পোশাক যা আরাম এবং শৈলীর মধ্যে সঠিক ভারসাম্য বজায় রাখে। একটি খাস্তা, মানানসই শার্ট বা ব্লাউজ অনায়াসে ভালভাবে লাগানো ট্রাউজার্স বা একটি স্কার্টের সাথে জোড়া লাগে। পোশাকের পছন্দটি ব্যবহারিক, ডিজাইনারকে অফিসের কাজ থেকে ক্লায়েন্ট মিটিং বা ব্রেনস্টর্মিং সেশনে নির্বিঘ্নে স্থানান্তর করার অনুমতি দেয়।</p>\r\n<p>একটি সুসংগঠিত ডেস্ক ডিজাইনের রেফারেন্স বই, ম্যাগাজিন এবং ডিজাইন পুরষ্কার এবং শংসাপত্রের একটি বাছাইয়ের একটি ভাণ্ডার নিয়েও গর্ব করে, যা ক্ষেত্রে ডিজাইনারের দক্ষতা এবং স্বীকৃতির প্রমাণ দেয়। একটি সতর্কতার সাথে রক্ষণাবেক্ষণ করা পাত্রযুক্ত উদ্ভিদ কর্মক্ষেত্রে সবুজের ছোঁয়া যোগ করে, সৃজনশীল তাড়াহুড়ার মধ্যে প্রশান্তি প্রদান করে।</p>\r\n<p>সামগ্রিকভাবে, গ্রাফিক ডিজাইনারের অফিস ওয়ার্কস্পেস প্রযুক্তি, সৃজনশীলতা এবং পেশাদারিত্বের একটি সুরেলা মিশ্রণকে মূর্ত করে। এটি এমন একটি জায়গা যেখানে ধারণাগুলি প্রাণবন্ত হয়, যেখানে পিক্সেলগুলিকে সূক্ষ্মভাবে সাজানো হয় যাতে আকর্ষক ভিজ্যুয়াল তৈরি করা হয় এবং যেখানে শিল্প ও ডিজাইনের ফিউশন গ্রাফিক ডিজাইনের চির-বিকশিত বিশ্বে অসাধারণ ফলাফল দেয়৷</p>', 'গ্রাফিক, ডিসাইনার, ওয়ার্কিং ইন অফিস, ', 'গ্রাফিক ডিজাইনার ল্যাপটপ নিয়ে অফিসে কাজ করছেন', 'গ্রাফিক ডিজাইনার ল্যাপটপ নিয়ে অফিসে কাজ করছেন', '2023-09-23 09:52:17', '2023-10-01 10:41:44'),
(16, 6, 'bn', 'তরুণ ডিজাইনার বসে থাকা অবস্থায় তার হাতে একটি এটি দেখছেন।', 'একটি ট্রেন্ডি, মিনিমালিস্ট স্টুডিও অ্যাপার্টমেন্টের একটি আরামদায়ক, সূর্যালোক কোণে, একজন তরুণ ডিজাইনার নিজেকে সৃজনশীলতার জগতে নিমজ্জিত দেখতে পান।', '<p>একটি ট্রেন্ডি, মিনিমালিস্ট স্টুডিও অ্যাপার্টমেন্টের একটি আরামদায়ক, সূর্যালোক কোণে, একজন তরুণ ডিজাইনার নিজেকে সৃজনশীলতার জগতে নিমজ্জিত দেখতে পান। রুমটি শৈল্পিক অনুপ্রেরণার আভা প্রকাশ করে, সাদা দেয়াল রঙিন, বিমূর্ত পেইন্টিং দিয়ে সজ্জিত যা নকশার প্রতি তার আবেগের প্রমাণ হিসাবে কাজ করে। বায়ুমণ্ডল শান্ত, একটি মৃদু হাওয়া অর্ধ-টানা পর্দার মধ্য দিয়ে ফিল্টারিং করে, কাছের ফুলদানি থেকে তাজা ফুলের মৃদু ঘ্রাণ বাতাসে ভেসে যেতে দেয়।</p>\r\n<p>একটি মধ্য শতাব্দীর আধুনিক চেয়ারে উপবিষ্ট, ডিজাইনারের ভঙ্গিটি আরামদায়ক চিন্তাভাবনার অনুভূতি প্রকাশ করে। তার পা ক্রস করা হয়, এবং সে কিছুটা পিছনে ঝুঁকে পড়ে, পুরোপুরি আরামে। চেয়ারের পরিষ্কার লাইন এবং উষ্ণ কাঠের টোনগুলি তার যৌবনপূর্ণ অথচ পরিশীলিত আচরণের পরিপূরক।</p>\r\n<p>তার হাতে, তিনি একটি মসৃণ, অত্যাধুনিক ট্যাবলেট ধরে রেখেছেন - আধুনিক প্রযুক্তির একটি বিস্ময় যা সৃজনশীল মনের জন্য একটি অপরিহার্য হাতিয়ার হয়ে উঠেছে। ট্যাবলেটের ব্রাশ করা অ্যালুমিনিয়াম ফিনিশ নরম, ছড়িয়ে পড়া সূর্যালোককে প্রতিফলিত করে, এটিকে প্রায় ইথারিয়াল আভা দেয়। এর বৃহৎ, উচ্চ-রেজোলিউশনের স্ক্রিনটি ডিজিটাল চিত্র এবং ডিজাইন ধারণার একটি জটিল ওয়েব প্রদর্শন করে, প্রতিটি পিক্সেল তার প্রতিভা এবং উত্সর্গের প্রমাণ।</p>\r\n<p>ডিজাইনারের দৃষ্টি ট্যাবলেটের উপর নিবিড়ভাবে স্থির, তার চোখ লেজারের মতো ফোকাস দিয়ে স্ক্রীন স্ক্যান করছে। তার মুখটি একাগ্রতার একটি ক্যানভাস, লোমযুক্ত ভ্রু এবং একটি সামান্য বিভাজিত মুখ, যা হাতে থাকা কাজের মধ্যে তার নিমগ্নতার গভীরতা প্রকাশ করে। তার আঙ্গুলগুলি টাচস্ক্রিন জুড়ে সুন্দরভাবে নাচছে, ডিজিটাল ব্রাশ এবং সরঞ্জামগুলিকে এমন সূক্ষ্মতার সাথে পরিচালনা করে যা কেবল বছরের অনুশীলনে অর্জন করা যায়।</p>\r\n<p>তিনি যখন তার কাজের গভীরে প্রবেশ করেন, তখন তার চারপাশের ঘরটি পটভূমিতে বিবর্ণ হয়ে যায় এবং যা অবশিষ্ট থাকে তা হল ডিজাইনার এবং তার ডিজিটাল ক্যানভাসের মধ্যে সিম্বিওটিক সংযোগ। ধারণাগুলি নদীর মতো প্রবাহিত হয় এবং লেখনীর প্রতিটি স্ট্রোকের সাথে সে তার দর্শনগুলিকে জীবন্ত করে তোলে। তার মুখে আলো এবং ছায়ার আন্তঃপ্রক্রিয়া তার সৃজনশীল প্রক্রিয়ার ভাটা এবং প্রবাহকে প্রতিফলিত করে, কারণ তিনি ভার্চুয়াল জগতকে তার নিজস্ব কিছুতে ঢালাই করেন।</p>\r\n<p>শৈল্পিক নিমজ্জনের এই মুহুর্তে সময় স্থির হয়ে আছে বলে মনে হচ্ছে। তরুণ ডিজাইনার, তার নিজের সৃষ্টির জগতে হারিয়ে গেছে, মানুষের কল্পনাশক্তির এবং সীমাহীন সম্ভাবনার একটি প্রমাণ যা প্রযুক্তি ডিজাইনের প্রতি অনুরাগ তাদের জন্য অফার করে। তার হাতে ট্যাবলেট শুধু একটি যন্ত্র নয়; এটি সীমাহীন সৃজনশীলতার রাজ্যের একটি প্রবেশদ্বার, এবং তিনিই এর কর্তা, এক সময়ে একটি ডিজিটাল ব্রাশস্ট্রোক ভবিষ্যতের রূপ দিচ্ছেন৷</p>', 'ইয়ং, ডিসাইনার, লুকিং, টেকনোলজি, ', 'তরুণ ডিজাইনার বসে থাকা অবস্থায় তার হাতে একটি এটি দেখছেন', 'তরুণ ডিজাইনার বসে থাকা অবস্থায় তার হাতে একটি এটি দেখছেন', '2023-09-23 09:52:17', '2023-10-01 10:41:44');
INSERT INTO `blog_languages` (`id`, `blog_id`, `lang_code`, `title`, `short_description`, `description`, `tag`, `seo_title`, `seo_description`, `created_at`, `updated_at`) VALUES
(17, 7, 'bn', 'ব্যবসা কোম্পানি এক্সিকিউটিভ ম্যানেজার বিশ্লেষণ ।', 'একটি বিজনেস কোম্পানির এক্সিকিউটিভ ম্যানেজারের ভূমিকা যে কোনো প্রতিষ্ঠানে সবচেয়ে গুরুত্বপূর্ণ।', '<p>একটি বিজনেস কোম্পানির এক্সিকিউটিভ ম্যানেজারের ভূমিকা যে কোনো প্রতিষ্ঠানে সবচেয়ে গুরুত্বপূর্ণ। এই অবস্থানটি সাধারণত কর্পোরেট শ্রেণিবিন্যাসের উপরের স্তরে অবস্থিত এবং যথেষ্ট দায়িত্ব এবং সিদ্ধান্ত গ্রহণের কর্তৃপক্ষ বহন করে। একজন এক্সিকিউটিভ ম্যানেজারের প্রাথমিক উদ্দেশ্য হল একটি কোম্পানির সম্পূর্ণ ক্রিয়াকলাপ তত্ত্বাবধান করা, এটি নিশ্চিত করা যে এটি দক্ষতার সাথে, কার্যকরভাবে এবং সংস্থার কৌশলগত লক্ষ্য এবং উদ্দেশ্যগুলির সাথে সারিবদ্ধভাবে চলে।</p>\r\n<p>এক্সিকিউটিভ ম্যানেজারদের অনেকগুলি কাজ এবং দায়িত্বের সাথে অভিযুক্ত করা হয় যা ব্যবসার বিভিন্ন দিককে অন্তর্ভুক্ত করে। এই দায়িত্বগুলি প্রায়ই অন্তর্ভুক্ত করে:</p>\r\n<p>কৌশলগত পরিকল্পনা: একজন এক্সিকিউটিভ ম্যানেজারের মূল দায়িত্বগুলির মধ্যে একটি হল কৌশলগত পরিকল্পনায় জড়িত হওয়া। এতে কোম্পানির জন্য দীর্ঘমেয়াদী লক্ষ্য ও উদ্দেশ্য নির্ধারণ করা, সেগুলি অর্জনের কৌশল প্রণয়ন করা এবং বাজারের পরিবর্তিত অবস্থার সাথে খাপ খাইয়ে নেওয়ার জন্য প্রয়োজনীয় এই পরিকল্পনাগুলি নিয়মিত পর্যালোচনা এবং সামঞ্জস্য করা জড়িত।</p>\r\n<p>নেতৃত্ব এবং টিম ম্যানেজমেন্ট: এক্সিকিউটিভ ম্যানেজাররা একটি উচ্চ-সম্পাদক দল গঠন ও নেতৃত্ব দেওয়ার জন্য দায়ী। এর মধ্যে রয়েছে নিয়োগ, প্রশিক্ষণ এবং উন্নয়নশীল কর্মীদের, সেইসাথে একটি ইতিবাচক এবং উত্পাদনশীল কাজের সংস্কৃতি গড়ে তোলা।</p>\r\n<p>আর্থিক ব্যবস্থাপনা: কোম্পানির আর্থিক স্বাস্থ্য পর্যবেক্ষণ এবং পরিচালনা অত্যন্ত গুরুত্বপূর্ণ। এক্সিকিউটিভ ম্যানেজাররা বাজেট, আর্থিক পূর্বাভাস এবং আর্থিক প্রতিবেদনের তদারকি করেন। তারা আর্থিক সিদ্ধান্ত নেওয়ার জন্যও দায়ী যা কোম্পানির লাভ এবং স্থায়িত্বকে প্রভাবিত করে।</p>\r\n<p>অপারেশন ম্যানেজমেন্ট: প্রতিদিনের কাজগুলি সুচারুভাবে চালানো নিশ্চিত করা অপরিহার্য। কার্যনির্বাহী পরিচালকদের কার্যকারিতা বাড়ানোর জন্য প্রক্রিয়াগুলিকে স্ট্রিমলাইন করতে হবে, সম্পদ বরাদ্দ অপ্টিমাইজ করতে হবে এবং অপারেশনাল চ্যালেঞ্জগুলি সমাধান করতে হবে।</p>\r\n<p>স্টেকহোল্ডার সম্পর্ক: এক্সিকিউটিভ ম্যানেজাররা প্রায়ই কোম্পানির মুখ হিসেবে কাজ করে বাইরের স্টেকহোল্ডারদের, যার মধ্যে বিনিয়োগকারী, গ্রাহক, সরবরাহকারী এবং নিয়ন্ত্রক কর্তৃপক্ষ। তাদের অবশ্যই ইতিবাচক সম্পর্ক বজায় রাখতে হবে এবং এই গোষ্ঠীগুলির সাথে কার্যকরভাবে যোগাযোগ করতে হবে।</p>\r\n<p>ঝুঁকি ব্যবস্থাপনা: ঝুঁকি চিহ্নিত করা এবং প্রশমন করা একজন নির্বাহী পরিচালকের ভূমিকার একটি অবিচ্ছেদ্য অংশ। এর মধ্যে রয়েছে ব্যবসার সম্ভাব্য ঝুঁকির মূল্যায়ন, ঝুঁকি ব্যবস্থাপনার কৌশল প্রয়োগ করা এবং কোম্পানির সম্পদ ও সুনাম রক্ষার জন্য সিদ্ধান্ত নেওয়া।</p>\r\n<p>উদ্ভাবন এবং অভিযোজন: আজকের দ্রুত পরিবর্তনশীল ব্যবসায়িক পরিবেশে প্রতিযোগিতামূলক থাকার জন্য উদ্ভাবন এবং অভিযোজন প্রয়োজন। নির্বাহী পরিচালকদের অবশ্যই প্রতিষ্ঠানের মধ্যে উদ্ভাবনের সংস্কৃতি প্রচার করতে হবে এবং বাজারের চাহিদা মেটাতে প্রয়োজনে পিভট করতে ইচ্ছুক হতে হবে।</p>\r\n<p>সম্মতি এবং নৈতিকতা: নিশ্চিত করা যে কোম্পানিটি প্রযোজ্য আইন এবং নৈতিক মান অনুযায়ী কাজ করে তা সর্বাগ্রে। নির্বাহী পরিচালকদের অবশ্যই নৈতিক আচরণের একটি উদাহরণ স্থাপন করতে হবে এবং সম্মতি বজায় রাখার জন্য নীতি ও পদ্ধতি স্থাপন করতে হবে।</p>\r\n<p>কর্মক্ষমতা মূল্যায়ন: কোম্পানির লক্ষ্য এবং বেঞ্চমার্কের বিপরীতে তার কর্মক্ষমতা নিয়মিতভাবে মূল্যায়ন করা গুরুত্বপূর্ণ। এক্সিকিউটিভ ম্যানেজাররা সাফল্যের পরিমাপ করতে এবং ডেটা-চালিত সিদ্ধান্ত নিতে মূল কর্মক্ষমতা সূচক (KPIs) এবং অন্যান্য মেট্রিক্স ব্যবহার করেন।</p>\r\n<p>কৌশলগত অংশীদারিত্ব: কৌশলগত অংশীদারিত্বের বিকাশ এবং লালন বৃদ্ধি এবং সম্প্রসারণের জন্য অপরিহার্য হতে পারে। এক্সিকিউটিভ ম্যানেজাররা কোম্পানির কৌশলগত দৃষ্টিভঙ্গির সাথে সামঞ্জস্যপূর্ণ সহযোগিতা, জোট এবং একীভূতকরণ বা অধিগ্রহণের সুযোগগুলি অন্বেষণ করে।</p>\r\n<p>সংক্ষেপে, একটি বিজনেস কোম্পানি এক্সিকিউটিভ ম্যানেজারের ভূমিকা বহুমুখী এবং গতিশীল। এটি শক্তিশালী নেতৃত্বের দক্ষতা, কৌশলগত চিন্তাভাবনা, আর্থিক দক্ষতা এবং জটিল চ্যালেঞ্জ এবং সুযোগগুলি নেভিগেট করার ক্ষমতার দাবি করে। এই ভূমিকায় সাফল্যের জন্য শিল্পের গভীর উপলব্ধি, কার্যকর যোগাযোগ এবং সংস্থার দীর্ঘমেয়াদী সাফল্যের প্রতিশ্রুতি প্রয়োজন। এক্সিকিউটিভ ম্যানেজার কোম্পানির ভবিষ্যত গঠনে এবং এর টেকসইতা ও সমৃদ্ধি নিশ্চিত করতে গুরুত্বপূর্ণ ভূমিকা পালন করে।</p>', 'বিসনেস, কোম্পানি, এক্সেকিউটিভে, এনালাইজিং, ', 'ব্যবসা কোম্পানি এক্সিকিউটিভ ম্যানেজার বিশ্লেষণ', 'ব্যবসা কোম্পানি এক্সিকিউটিভ ম্যানেজার বিশ্লেষণ', '2023-09-23 09:52:17', '2023-10-01 10:41:44'),
(18, 8, 'bn', 'একটি অফিসে বিজনেস প্ল্যানের কাজ করা লোকদের গ্রুপ।', 'একটি মসৃণ, মৃদু গচুম্বী ভবনের মধ্যে একটি অফিসে, ব্যক্তিদের একটি কর্মক্ষম শ্রমিক কঠোর পরিশ্রম করছে, একটি সতর্কতার সাথে ব্যবসায়িক পরিকল্পনা করতে চেষ্টা করছে।', '<p>একটি মসৃণ, আধুনিক গগনচুম্বী ভবনের মধ্যে অবস্থিত একটি ব্যস্ত অফিসে, ব্যক্তিদের একটি গতিশীল গোষ্ঠী কঠোর পরিশ্রম করছে, একটি সতর্কতার সাথে বিস্তারিত ব্যবসায়িক পরিকল্পনা তৈরি করতে আন্তরিকভাবে সহযোগিতা করছে৷ রুমটি পেশাদারিত্ব এবং উচ্চাকাঙ্ক্ষার আভা প্রকাশ করে, এর কাচের দেয়ালগুলি নীচে শহুরে ল্যান্ডস্কেপের প্যানোরামিক দৃশ্যগুলি অফার করে, যা প্রাকৃতিক আলোকে প্রবাহিত হতে দেয় এবং ভিতরের ব্যস্ত কার্যকলাপকে আলোকিত করে।</p>\r\n<p>একটি বিশাল, পালিশ করা কাঠের টেবিলের চারপাশে, নথির স্তুপে সজ্জিত, বিভিন্ন পেশাদারদের একটি দল জড়ো হয়েছে। প্রতিভা এবং ব্যাকগ্রাউন্ডের একটি মোজাইক প্রতিনিধিত্ব করে প্রতিটি সদস্য তাদের অনন্য দক্ষতাকে টেবিলে নিয়ে আসে, পাকা প্রবীণ থেকে শুরু করে তাজা-মুখী উদ্ভাবক পর্যন্ত। তারা তাদের এন্টারপ্রাইজের ভবিষ্যতের জন্য একটি সম্মিলিত দৃষ্টি দ্বারা চালিত, ভাগ করা উদ্দেশ্যের অনুভূতি মূর্ত করে।</p>\r\n<p>বায়ুমণ্ডলটি প্রত্যাশায় অভিযুক্ত, এবং কথোপকথনের কম বচসা এবং কীবোর্ডের টোকা দিয়ে রুম গুঞ্জন। ল্যাপটপ, ট্যাবলেট এবং স্মার্টফোনগুলি টেবিল জুড়ে ছড়িয়ে ছিটিয়ে রয়েছে, কারণ ডিজিটাল সরঞ্জামগুলি নিরবচ্ছিন্নভাবে ঐতিহ্যবাহী স্টেশনারির সাথে একীভূত হয়, যা নিরবধি ব্যবসায়িক দক্ষতার সাথে আধুনিক প্রযুক্তির সংমিশ্রণকে প্রতিফলিত করে।</p>\r\n<p>এক দেয়ালে সাদা বোর্ডটি রঙিন ডায়াগ্রাম, ফ্লোচার্ট এবং স্টিকি নোট সহ স্ক্রিবল করা ধারণা এবং সমালোচনামূলক মাইলফলক দ্বারা আচ্ছাদিত। টেবিলের বিপরীতে একটি প্রজেক্টর স্ক্রীন গ্রাফ, চার্ট এবং ডেটা ভিজ্যুয়ালাইজেশন প্রদর্শন করে, যা দলের কৌশলগত আলোচনার জন্য একটি ভিজ্যুয়াল রোডম্যাপ প্রদান করে।</p>\r\n<p>গোষ্ঠীর নেতা, একজন আত্মবিশ্বাসী এবং ক্যারিশম্যাটিক ব্যক্তি, টেবিলের মাথায় দাঁড়িয়ে, কর্তৃত্বের সাথে আলোচনার নির্দেশনা দেন। তারা দক্ষতার সাথে ব্রেনস্টর্মিং সেশনের সুবিধা দেয়, নিশ্চিত করে যে প্রতিটি সদস্যের কণ্ঠ শোনা এবং বিবেচনা করা হয়। তীক্ষ্ণ ব্যবসায়িক পোশাক এবং একটি ভালভাবে প্রস্তুত উপস্থাপনা এই প্রচেষ্টার পিছনে চালিকা শক্তি হিসাবে তাদের ভূমিকাকে শক্তিশালী করে।</p>\r\n<p>ঘন্টা পেরিয়ে যাওয়ার সাথে সাথে, হাতে থাকা কাজের চ্যালেঞ্জ এবং জটিলতা থাকা সত্ত্বেও ঘরে শক্তি বেশি থাকে। দলের ফোকাস ধরে রাখতে কফির কাপ এবং পানির বোতল সহজেই পাওয়া যায় এবং তাজা তৈরি করা কফির সুবাস মুদ্রিত নথির গন্ধের সাথে মিশে যায়, এমন পরিবেশ তৈরি করে যা উৎপাদনশীলতাকে উৎসাহিত করে।</p>\r\n<p>শ্রেষ্ঠত্বের প্রতি দলের প্রতিশ্রুতি এবং একটি আকর্ষক ব্যবসায়িক পরিকল্পনা গঠনের জন্য তাদের সম্মিলিত সংকল্প স্পষ্ট। বায়ুমণ্ডলটি বৌদ্ধিক কঠোরতা, উদ্ভাবন এবং ব্যবসার চির-বিকশিত বিশ্বে প্রতিবন্ধকতাগুলি অতিক্রম করার এবং সুযোগগুলি দখল করার তাদের ক্ষমতার উপর একটি অটুট বিশ্বাসের সাথে অভিযুক্ত।</p>\r\n<p>প্রতিভা, প্রযুক্তি এবং উচ্চাকাঙ্ক্ষার সংমিশ্রণ দ্বারা আলোকিত এই অফিসে, একটি ব্যবসায়িক পরিকল্পনা নিছক একটি দলিল নয় বরং তাদের প্রতিষ্ঠানের ভবিষ্যতকে নতুন করে সংজ্ঞায়িত করার লক্ষ্যে একদল ব্যক্তির উত্সর্গ এবং সহযোগিতামূলক মনোভাবের প্রমাণ।</p>', 'গ্রুপ, পিপল, বিসনেস, প্ল্যান, ', 'একটি অফিসে বিজনেস প্ল্যানের কাজ করা লোকদের গ্রুপ', 'একটি অফিসে বিজনেস প্ল্যানের কাজ করা লোকদের গ্রুপ', '2023-09-23 09:52:17', '2023-10-01 10:41:44'),
(19, 9, 'bn', 'সফল ব্যবসায়িক অংশীদারদের একটি মিটিং হচ্ছে।', 'একটি ব্যস্ত মহানগরীর কেন্দ্রস্থলে, দুই সফল ব্যবসায়িক অংশীদার, জন এবং সারা, একটি গুরুত্বপূর্ণ মিটিং করছেন যা তাদের সমৃদ্ধ এন্টারপ্রাইজের ভবিষ্যত গঠন করতে পারে।', '<p>একটি ব্যস্ত মহানগরীর কেন্দ্রস্থলে, দুই সফল ব্যবসায়িক অংশীদার, জন এবং সারা, একটি গুরুত্বপূর্ণ মিটিং করছেন যা তাদের সমৃদ্ধ এন্টারপ্রাইজের ভবিষ্যত গঠন করতে পারে। দৃশ্যটি একটি মসৃণ এবং আধুনিক বোর্ডরুমে সেট করা হয়েছে, মেঝে থেকে ছাদ পর্যন্ত জানালা দিয়ে প্রাকৃতিক আলোর প্রবাহে প্লাবিত হয়েছে যা শহরের আকাশরেখার একটি শ্বাসরুদ্ধকর দৃশ্য সরবরাহ করে। রুমটি সুস্বাদু, ন্যূনতম সাজসজ্জায় সজ্জিত, পেশাদারিত্ব এবং পরিশীলিততার বাতাস বহন করে।</p>\r\n<p>জন, ক্যারিশম্যাটিক আচরণের একজন পাকা উদ্যোক্তা, লম্বা, পালিশ করা মেহগনি টেবিলের এক প্রান্তে বসে আছেন। তার তৈরি চারকোল স্যুট এবং পাওয়ার টাই আত্মবিশ্বাস এবং কর্তৃত্ব প্রকাশ করে। সারা, তার সমানভাবে দক্ষ প্রতিপক্ষ, তার মার্জিত প্যান্টসুটে দক্ষতা বিকিরণ করে, যা তার সুন্দর আচরণকে পরিপূরক করে। তাদের মধ্যে টেবিলটি সুন্দরভাবে সাজানো নথি, ল্যাপটপ এবং একটি নোটপ্যাড দিয়ে সজ্জিত, একটি ফলপ্রসূ আলোচনার জন্য প্রস্তুত।</p>\r\n<p>তাদের অভিব্যক্তিগুলি বহু বছরের উত্সর্গ এবং কঠোর পরিশ্রমের একটি প্রমাণ যা তাদের এই মুহুর্তে নিয়ে গেছে। জনের অনুপ্রবেশকারী দৃষ্টি এবং সামান্য হাসি উদ্ভাবনের প্রতি তার আবেগ প্রকাশ করে, অন্যদিকে সারার দৃষ্টি নিবদ্ধ অভিব্যক্তি তার বিশদ প্রতি মনোযোগী দৃষ্টি প্রতিফলিত করে। যখন তারা ধারণা বিনিময় করে, এটা স্পষ্ট যে তাদের সমন্বয় তাদের ব্যবসার অবিশ্বাস্য সাফল্যের পিছনে চালিকা শক্তি।</p>\r\n<p>বায়ু প্রত্যাশার সাথে চার্জ করা হয়, এবং তাদের আলোচনা চিন্তাশীল বিরতি দ্বারা বিরামচিহ্নিত হয় কারণ তারা প্রতিটি সিদ্ধান্তের সম্ভাব্য প্রভাবকে ওজন করে। তারা পরিমাপিত সুরে কথা বলে, তাদের পারস্পরিক শ্রদ্ধা এবং তাদের পেশাদার সম্পর্কের গভীরতা প্রদর্শন করে। তাদের কণ্ঠ প্রত্যয়ের সাথে অনুরণিত হয়, প্রতিটি পয়েন্ট তারা কোম্পানির মিশনের প্রতি তাদের অটল প্রতিশ্রুতির প্রমাণ দেয়।</p>\r\n<p>পটভূমিতে, শহরের জীবনের নরম গুঞ্জন এই বোর্ডরুমের বাইরে বিশ্বের একটি অনুস্মারক হিসাবে কাজ করে, যেখানে তাদের ব্যবসা একটি উল্লেখযোগ্য প্রভাব ফেলেছে। দেয়ালগুলি ফ্রেমযুক্ত প্রশংসা এবং পুরষ্কার দ্বারা সজ্জিত, তাদের শিল্পের স্বীকৃতি এবং তারা একসাথে যে প্রশংসা অর্জন করেছে তা প্রমাণ করে।</p>\r\n<p>পুরো মিটিং জুড়ে, অংশীদাররা তাদের সম্মিলিত দক্ষতা এবং পরিপূরক দক্ষতার সেটগুলি থেকে আঁকেন, কোম্পানির ভবিষ্যতের জন্য একটি দৃষ্টিভঙ্গি তৈরি করে যা উচ্চাকাঙ্ক্ষী এবং বাস্তব উভয়ই। তাদের ব্যবসায়িক বুদ্ধিমত্তা এবং কৌশল করার ক্ষমতা সম্পূর্ণ প্রদর্শনে রয়েছে কারণ তারা এমন একটি কোর্স চার্ট করে যা শুধুমাত্র তাদের বর্তমান সাফল্যকে বজায় রাখবে না বরং এটিকে নতুন উচ্চতায় উন্নীত করবে।</p>\r\n<p>বাইরে, সূর্য আকাশ জুড়ে তার যাত্রা অব্যাহত রাখে, ঘরের মধ্যে আলো এবং ছায়ার স্থানান্তরিত নিদর্শন ঢালাই করে। বৈঠকের অগ্রগতির সাথে সাথে, এটি স্পষ্ট যে এই দুটি উল্লেখযোগ্য ব্যক্তি কেবল ব্যবসায়ের অংশীদার নয় বরং বৃদ্ধি, উদ্ভাবন এবং অটল সংকল্পের একটি যৌথ যাত্রায় আত্মীয় আত্মা। তাদের মিটিং হল সহযোগিতার শক্তি, দৃষ্টিভঙ্গি এবং অবিশ্বাস্য উচ্চতায় যে সফল ব্যবসায়িক অংশীদাররা একত্রিত হয়ে ভবিষ্যৎ গঠন করতে পারে তার প্রমাণ।</p>', 'সাকসেসফুল, বিসনেস, পার্টনারস, মিটিং, ', 'সফল ব্যবসায়িক অংশীদারদের একটি মিটিং হচ্ছে', 'সফল ব্যবসায়িক অংশীদারদের একটি মিটিং হচ্ছে', '2023-09-23 09:52:17', '2023-10-01 10:41:44'),
(20, 10, 'bn', 'আপনি কিভাবে অন্যান্য UXers গ্রুপ থেকে প্রবণতা এবং কৌশল খুঁজে পেতে পারেন ?', 'অবশ্যই! অন্যান্য UX (ব্যবহারকারীর অভিজ্ঞতা) পেশাদার এবং গোষ্ঠী থেকে প্রবণতা এবং কৌশলগুলি সন্ধান করা অনুপ্রেরণা এবং শেখার একটি মূল্যবান উত্স হতে পারে।', '<p>অবশ্যই! অন্যান্য UX (ব্যবহারকারীর অভিজ্ঞতা) পেশাদার এবং গোষ্ঠী থেকে প্রবণতা এবং কৌশলগুলি সন্ধান করা অনুপ্রেরণা এবং শেখার একটি মূল্যবান উত্স হতে পারে। আপনি কীভাবে এটি সম্পর্কে যেতে পারেন তার আরও বিশদ বিবরণ এখানে রয়েছে অনলাইন UX সম্প্রদায়, ফোরাম এবং সোশ্যাল মিডিয়া গ্রুপ যেখানে UX পেশাদাররা জড়ো হয় সেখানে যোগদানের মাধ্যমে শুরু করুন৷ LinkedIn, Reddit (r/userexperience) এর মত প্ল্যাটফর্ম এবং UX স্ট্যাক এক্সচেঞ্জের মত বিশেষ UX ফোরাম সহ UXers-এর সাথে সংযোগ করার জন্য দুর্দান্ত জায়গা।</p>\r\n<p>প্রভাবশালী UXers অনুসরণ করুন: আপনার ক্ষেত্রের প্রভাবশালী UX পেশাদার, ডিজাইনার এবং গবেষকদের সনাক্ত করুন এবং Twitter, LinkedIn বা মিডিয়ামের মতো সামাজিক মিডিয়া প্ল্যাটফর্মে তাদের অনুসরণ করুন। তারা প্রায়ই অন্তর্দৃষ্টি, প্রবণতা এবং কৌশল ভাগ করে।</p>\r\n<p>কনফারেন্স এবং ওয়েবিনারে যোগ দিন: UX কনফারেন্স, ওয়েবিনার এবং ভার্চুয়াল ইভেন্টে অংশগ্রহণ করুন। এই ইভেন্টগুলি প্রায়শই শীর্ষস্থানীয় UX বিশেষজ্ঞদের দ্বারা আলোচনা এবং উপস্থাপনাগুলি দেখায়, যেখানে তারা উদীয়মান প্রবণতা নিয়ে আলোচনা করে এবং তাদের কৌশলগুলি ভাগ করে নেয়। UX ব্লগ এবং প্রকাশনা পড়ুন নিয়মিত UX ব্লগ, বই এবং শিল্প প্রকাশনা পড়ে আপডেট থাকুন। জনপ্রিয় ইউএক্স ব্লগের মধ্যে রয়েছে NN/g (নিলসেন নরম্যান গ্রুপ), স্ম্যাশিং ম্যাগাজিন এবং ইউএক্স ডিজাইন ইনস্টিটিউট।</p>\r\n<p>অনলাইন কর্মশালায় নিযুক্ত হন: অনেক UX পেশাদার অনলাইন কর্মশালা এবং কোর্স অফার করে। এগুলিতে অংশগ্রহণ করা আপনাকে ক্ষেত্রের সর্বশেষ সরঞ্জাম এবং কৌশলগুলি সম্পর্কে শিখতে সহায়তা করতে পারে।</p>\r\n<p>সহকর্মীদের সাথে সহযোগিতা করুন: আপনি যদি একটি UX দলে বা অন্যান্য UX পেশাদারদের সাথে কাজ করেন, তাহলে আপনার প্রতিষ্ঠানের মধ্যে সহযোগিতা করতে এবং জ্ঞান ভাগ করতে দ্বিধা করবেন না। জ্ঞান-ভাগ করার সেশন বা ব্রাউন ব্যাগ লাঞ্চের আয়োজন করুন যেখানে দলের সদস্যরা প্রবণতা এবং কৌশল নিয়ে আলোচনা করতে পারে।</p>\r\n<p>UX ডিজাইন চ্যালেঞ্জ: UX ডিজাইন চ্যালেঞ্জ বা প্রতিযোগিতায় অংশগ্রহণ করুন। এই ইভেন্টগুলি প্রায়শই অনন্য ডিজাইনের সমস্যাগুলি উপস্থাপন করে যার জন্য উদ্ভাবনী সমাধান প্রয়োজন, আপনাকে বিভিন্ন কৌশল এবং পদ্ধতির সাথে প্রকাশ করে।</p>\r\n<p>UX মিটআপ এবং স্থানীয় গ্রুপ: সম্ভব হলে, স্থানীয় UX মিটআপ এবং নেটওয়ার্কিং ইভেন্টগুলিতে যোগ দিন। এই সমাবেশগুলি অন্যান্য ইউএক্সারদের সাথে দেখা করার, ধারণা বিনিময় করার এবং স্থানীয় ইউএক্স প্রবণতা এবং চ্যালেঞ্জগুলি সম্পর্কে জানার দুর্দান্ত সুযোগ হতে পারে।</p>\r\n<p>UX রিসার্চ এবং কেস স্টাডিজ: ইউএক্স রিসার্চ পেপার, কেস স্টাডি এবং বিখ্যাত UX সংস্থা এবং গবেষকদের রিপোর্ট পর্যালোচনা করুন। এই নথিগুলিতে প্রায়ই সফল UX কৌশল এবং উদীয়মান প্রবণতাগুলির মূল্যবান অন্তর্দৃষ্টি থাকে।</p>\r\n<p>অনলাইন কোর্স এবং সার্টিফিকেশন: ইউএক্স ডিজাইন এবং গবেষণা সম্পর্কিত অনলাইন কোর্স এবং সার্টিফিকেশনগুলিতে নথিভুক্ত করুন। Coursera, edX, এবং ইন্টারঅ্যাকশন ডিজাইন ফাউন্ডেশনের মতো প্ল্যাটফর্মগুলি শিল্প বিশেষজ্ঞদের দ্বারা শেখানো ব্যাপক কোর্স অফার করে।</p>\r\n<p>UX ডিজাইন টুলস: UX ডিজাইন টুলের বিবর্তিত ল্যান্ডস্কেপের উপর নজর রাখুন। নতুন টুল এবং বৈশিষ্ট্যগুলি নিয়মিত প্রকাশ করা হয়, যা আপনার কর্মপ্রবাহ এবং উত্পাদনশীলতা বাড়াতে পারে।</p>\r\n<p>UX ডিজাইন চ্যালেঞ্জ: UX ডিজাইন চ্যালেঞ্জ বা প্রতিযোগিতায় অংশগ্রহণ করুন। এই ইভেন্টগুলি প্রায়শই অনন্য ডিজাইনের সমস্যাগুলি উপস্থাপন করে যার জন্য উদ্ভাবনী সমাধান প্রয়োজন, আপনাকে বিভিন্ন কৌশল এবং পদ্ধতির সাথে প্রকাশ করে।</p>\r\n<p>UX পডকাস্ট এবং YouTube চ্যানেল: UX-কেন্দ্রিক পডকাস্ট এবং YouTube চ্যানেলে সদস্যতা নিন। এই প্ল্যাটফর্মগুলি প্রায়শই UX পেশাদারদের সাথে সাক্ষাত্কার এবং বর্তমান প্রবণতা এবং কৌশলগুলি সম্পর্কে আলোচনার আয়োজন করে।</p>\r\n<p>মনে রাখবেন যে UX এর ক্ষেত্রটি ক্রমাগত বিকশিত হচ্ছে, তাই কৌতূহলী থাকা এবং নতুন ধারণা এবং পদ্ধতির জন্য উন্মুক্ত থাকা অপরিহার্য। UX সম্প্রদায়ের সাথে সক্রিয়ভাবে জড়িত থাকার মাধ্যমে এবং অন্যদের কাছ থেকে শেখার মাধ্যমে, আপনি আপনার দক্ষতা আপ টু ডেট রাখতে পারেন এবং শিল্পের অগ্রভাগে থাকতে পারেন।</p>', 'Trends, Technique, UXers, Agency, Creative, Data, Technology, ', 'আপনি কিভাবে অন্যান্য UXers গ্রুপ থেকে প্রবণতা এবং কৌশল খুঁজে পেতে পারেন', 'আপনি কিভাবে অন্যান্য UXers গ্রুপ থেকে প্রবণতা এবং কৌশল খুঁজে পেতে পারেন', '2023-09-23 09:52:17', '2023-10-01 10:41:44');

-- --------------------------------------------------------

--
-- Table structure for table `categories`
--

CREATE TABLE `categories` (
  `id` bigint(20) UNSIGNED NOT NULL,
  `slug` varchar(255) NOT NULL,
  `icon` varchar(255) NOT NULL,
  `product_gallery` int(11) NOT NULL DEFAULT 0,
  `status` int(11) NOT NULL DEFAULT 0,
  `created_at` timestamp NULL DEFAULT NULL,
  `updated_at` timestamp NULL DEFAULT NULL
) ENGINE=InnoDB DEFAULT CHARSET=utf8mb4 COLLATE=utf8mb4_unicode_ci;

--
-- Dumping data for table `categories`
--

INSERT INTO `categories` (`id`, `slug`, `icon`, `product_gallery`, `status`, `created_at`, `updated_at`) VALUES
(1, 'audio', 'uploads/custom-images/category-2023-09-20-11-58-55-1889.png', 1, 1, '2023-09-20 05:58:55', '2023-09-20 05:58:55'),
(2, 'video', 'uploads/custom-images/category-2023-09-20-11-59-21-1811.png', 1, 1, '2023-09-20 05:59:21', '2023-09-20 05:59:21'),
(3, 'shopify', 'uploads/custom-images/category-2023-09-20-11-59-44-6040.png', 1, 1, '2023-09-20 05:59:44', '2023-09-20 05:59:44'),
(4, 'woocommerce', 'uploads/custom-images/category-2023-09-20-12-00-13-2013.png', 0, 1, '2023-09-20 06:00:13', '2023-09-20 06:00:13'),
(5, 'joomla', 'uploads/custom-images/category-2023-10-01-04-24-23-4499.png', 1, 1, '2023-09-20 06:00:31', '2023-10-01 10:24:23'),
(6, 'image', 'uploads/custom-images/category-2023-10-09-01-09-27-6009.png', 0, 1, '2023-09-20 06:00:47', '2023-10-09 07:09:27'),
(7, 'javascript', 'uploads/custom-images/category-2023-10-09-11-53-23-9903.png', 0, 1, '2023-10-09 05:53:23', '2023-10-09 05:53:23'),
(8, 'react-native', 'uploads/custom-images/category-2023-10-09-01-09-08-1612.png', 0, 1, '2023-10-09 07:09:08', '2023-10-09 07:09:08');

-- --------------------------------------------------------

--
-- Table structure for table `category_languages`
--

CREATE TABLE `category_languages` (
  `id` bigint(20) UNSIGNED NOT NULL,
  `category_id` int(11) NOT NULL,
  `lang_code` varchar(255) NOT NULL,
  `name` varchar(255) NOT NULL,
  `created_at` timestamp NULL DEFAULT NULL,
  `updated_at` timestamp NULL DEFAULT NULL
) ENGINE=InnoDB DEFAULT CHARSET=utf8mb4 COLLATE=utf8mb4_unicode_ci;

--
-- Dumping data for table `category_languages`
--

INSERT INTO `category_languages` (`id`, `category_id`, `lang_code`, `name`, `created_at`, `updated_at`) VALUES
(1, 1, 'en', 'Audio', '2023-09-20 05:58:55', '2023-09-20 05:58:55'),
(2, 2, 'en', 'Video', '2023-09-20 05:59:21', '2023-09-20 05:59:21'),
(3, 3, 'en', 'Shopify', '2023-09-20 05:59:44', '2023-09-20 05:59:44'),
(4, 4, 'en', 'WooCommerce', '2023-09-20 06:00:13', '2023-09-20 06:00:13'),
(5, 5, 'en', 'Joomla', '2023-09-20 06:00:31', '2023-09-20 06:00:31'),
(6, 6, 'en', 'Image', '2023-09-20 06:00:47', '2023-09-20 06:00:47'),
(7, 1, 'bn', 'অডিও', '2023-09-23 09:52:17', '2023-10-01 10:41:44'),
(8, 2, 'bn', 'ভিডিও', '2023-09-23 09:52:17', '2023-10-01 10:41:44'),
(9, 3, 'bn', 'শপিফাই', '2023-09-23 09:52:17', '2023-10-01 10:41:44'),
(10, 4, 'bn', 'উকমার্স', '2023-09-23 09:52:17', '2023-10-01 10:41:44'),
(11, 5, 'bn', 'জুমলা', '2023-09-23 09:52:17', '2023-10-01 10:41:44'),
(12, 6, 'bn', 'ইমেজ', '2023-09-23 09:52:17', '2023-10-01 10:41:44'),
(13, 7, 'en', 'Javascript', '2023-10-09 05:53:23', '2023-10-09 05:53:23'),
(14, 7, 'bn', 'জাভাস্ক্রিপ্ট', '2023-10-09 05:53:23', '2023-10-09 05:54:03'),
(15, 8, 'en', 'React Native', '2023-10-09 07:09:08', '2023-10-09 07:09:08'),
(16, 8, 'bn', 'React Native', '2023-10-09 07:09:08', '2023-10-09 07:09:08');

-- --------------------------------------------------------

--
-- Table structure for table `cities`
--

CREATE TABLE `cities` (
  `id` bigint(20) UNSIGNED NOT NULL,
  `country_state_id` int(11) NOT NULL,
  `name` varchar(255) NOT NULL,
  `slug` varchar(255) NOT NULL,
  `status` tinyint(4) NOT NULL,
  `created_at` timestamp NULL DEFAULT NULL,
  `updated_at` timestamp NULL DEFAULT NULL
) ENGINE=InnoDB DEFAULT CHARSET=utf8mb4 COLLATE=utf8mb4_unicode_ci;

--
-- Dumping data for table `cities`
--

INSERT INTO `cities` (`id`, `country_state_id`, `name`, `slug`, `status`, `created_at`, `updated_at`) VALUES
(1, 2, 'Florida City', 'florida-city', 1, '2022-01-30 09:29:19', '2022-02-06 04:18:33'),
(2, 1, 'Los Angeles', 'los-angeles', 1, '2022-01-30 09:29:29', '2022-02-06 04:20:30'),
(4, 2, 'Tallahassee', 'tallahassee', 1, '2022-02-06 04:18:49', '2022-02-06 04:18:49'),
(5, 2, 'Weston', 'weston', 1, '2022-02-06 04:19:56', '2022-02-06 04:19:56'),
(6, 1, 'San Jose', 'san-jose', 1, '2022-02-06 04:21:08', '2022-02-06 04:21:08'),
(7, 1, 'San Diego', 'san-diego', 1, '2022-02-06 04:21:26', '2022-02-06 04:21:26'),
(8, 4, 'Gandhinagar', 'gandhinagar', 1, '2022-02-06 04:22:21', '2022-02-06 04:22:21'),
(9, 5, 'Chandigarh', 'chandigarh', 1, '2022-02-06 04:22:44', '2022-02-06 04:22:44'),
(10, 7, 'London', 'london', 1, '2022-02-06 04:23:12', '2022-02-06 04:23:12');

-- --------------------------------------------------------

--
-- Table structure for table `complete_requests`
--

CREATE TABLE `complete_requests` (
  `id` bigint(20) UNSIGNED NOT NULL,
  `provider_id` int(11) NOT NULL,
  `order_id` int(11) NOT NULL,
  `resone` text NOT NULL,
  `created_at` timestamp NULL DEFAULT NULL,
  `updated_at` timestamp NULL DEFAULT NULL
) ENGINE=InnoDB DEFAULT CHARSET=utf8mb4 COLLATE=utf8mb4_unicode_ci;

--
-- Dumping data for table `complete_requests`
--

INSERT INTO `complete_requests` (`id`, `provider_id`, `order_id`, `resone`, `created_at`, `updated_at`) VALUES
(1, 2, 6, 'this is test resone', '2022-11-10 05:38:11', '2022-11-10 05:38:11'),
(2, 2, 9, 'this is test resone', '2022-11-10 05:44:49', '2022-11-10 05:44:49'),
(3, 2, 10, 'Please complete the booking.', '2022-12-21 03:48:10', '2022-12-21 03:48:10');

-- --------------------------------------------------------

--
-- Table structure for table `contact_messages`
--

CREATE TABLE `contact_messages` (
  `id` bigint(20) UNSIGNED NOT NULL,
  `name` varchar(255) NOT NULL,
  `email` varchar(255) NOT NULL,
  `phone` varchar(255) DEFAULT NULL,
  `subject` varchar(255) NOT NULL,
  `message` text NOT NULL,
  `created_at` timestamp NULL DEFAULT NULL,
  `updated_at` timestamp NULL DEFAULT NULL
) ENGINE=InnoDB DEFAULT CHARSET=utf8mb4 COLLATE=utf8mb4_unicode_ci;

-- --------------------------------------------------------

--
-- Table structure for table `contact_pages`
--

CREATE TABLE `contact_pages` (
  `id` bigint(20) UNSIGNED NOT NULL,
  `supporter_image` varchar(255) DEFAULT NULL,
  `title1` varchar(255) DEFAULT NULL,
  `title2` varchar(255) DEFAULT NULL,
  `icon` varchar(255) DEFAULT NULL,
  `time` varchar(255) DEFAULT NULL,
  `off_day` varchar(255) DEFAULT NULL,
  `image` varchar(255) DEFAULT NULL,
  `description` text DEFAULT NULL,
  `email` varchar(255) DEFAULT NULL,
  `address` varchar(255) DEFAULT NULL,
  `phone` varchar(255) DEFAULT NULL,
  `map` text DEFAULT NULL,
  `created_at` timestamp NULL DEFAULT NULL,
  `updated_at` timestamp NULL DEFAULT NULL
) ENGINE=InnoDB DEFAULT CHARSET=utf8mb4 COLLATE=utf8mb4_unicode_ci;

--
-- Dumping data for table `contact_pages`
--

INSERT INTO `contact_pages` (`id`, `supporter_image`, `title1`, `title2`, `icon`, `time`, `off_day`, `image`, `description`, `email`, `address`, `phone`, `map`, `created_at`, `updated_at`) VALUES
(1, 'uploads/website-images/supporter--2022-08-28-02-04-43-1575.jpg', 'Feel Free to Get in Touch', 'Support Time', 'far fa-headset', '09.00am to 10.00pm', 'Friday Off', 'uploads/website-images/contact_us-2023-08-24-01-21-01-6182.jpg', 'Fill the form below or write us .We will try our to help you as soon as possible.', 'abdur.rohman2003@gmail.com\r\nabdur.rohman2003@gmail.com', '7232 Broadway Suite 308, Jackson Heights, 11372, NY, United States', '+1347-430-9510\r\n+4247-100-9510', '<iframe src=\"https://www.google.com/maps/embed?pb=!1m18!1m12!1m3!1d3022.681138843672!2d-73.89482218459395!3d40.747041279328165!2m3!1f0!2f0!3f0!3m2!1i1024!2i768!4f13.1!3m3!1m2!1s0x89c25f01328248b3%3A0x62300784dd275f96!2s7232%20Broadway%20%23%20308%2C%20Flushing%2C%20NY%2011372%2C%20USA!5e0!3m2!1sen!2sbd!4v1652467683397!5m2!1sen!2sbd\" width=\"600\" height=\"450\" style=\"border:0;\" allowfullscreen=\"\" loading=\"lazy\" referrerpolicy=\"no-referrer-when-downgrade\"></iframe>', '2022-01-30 12:31:58', '2023-10-01 09:50:00');

-- --------------------------------------------------------

--
-- Table structure for table `contact_page_languages`
--

CREATE TABLE `contact_page_languages` (
  `id` bigint(20) UNSIGNED NOT NULL,
  `contact_id` int(11) NOT NULL,
  `lang_code` varchar(255) NOT NULL,
  `title1` varchar(255) DEFAULT NULL,
  `title2` varchar(255) DEFAULT NULL,
  `time` varchar(255) DEFAULT NULL,
  `off_day` varchar(255) DEFAULT NULL,
  `address` varchar(255) DEFAULT NULL,
  `phone` varchar(255) DEFAULT NULL,
  `created_at` timestamp NULL DEFAULT NULL,
  `updated_at` timestamp NULL DEFAULT NULL
) ENGINE=InnoDB DEFAULT CHARSET=utf8mb4 COLLATE=utf8mb4_unicode_ci;

--
-- Dumping data for table `contact_page_languages`
--

INSERT INTO `contact_page_languages` (`id`, `contact_id`, `lang_code`, `title1`, `title2`, `time`, `off_day`, `address`, `phone`, `created_at`, `updated_at`) VALUES
(1, 1, 'en', 'Feel Free to Get in Touch', 'Support Time', '09.00am to 10.00pm', 'Friday Off', 'Jackson Heights, 11372, NY, United States', '+4847-150-3587\r\n+4847-150-3587', NULL, '2023-10-01 09:41:55'),
(29, 1, 'bn', 'নির্দ্বিধায় যোগাযোগ করুন', 'সাপোর্ট টাইম', '০৯.০০ এম থেকে ১০.০০ পিএম', 'শুক্রবার বন্ধ', 'জ্যাকসন হাইটস, ১১৩৭২, এন ওয়াই, মার্কিন যুক্তরাষ্ট্র', '+৪৮৪৭-১৫০-৩৫৮৭\r\n+৪৮৪৭-১৫০-৩৫৮৭', '2023-09-23 09:52:17', '2023-10-01 10:41:44');

-- --------------------------------------------------------

--
-- Table structure for table `cookie_consents`
--

CREATE TABLE `cookie_consents` (
  `id` bigint(20) UNSIGNED NOT NULL,
  `status` int(11) NOT NULL DEFAULT 1,
  `border` varchar(255) DEFAULT NULL,
  `corners` varchar(255) DEFAULT NULL,
  `background_color` varchar(255) DEFAULT NULL,
  `text_color` varchar(255) DEFAULT NULL,
  `border_color` varchar(255) DEFAULT NULL,
  `btn_bg_color` varchar(255) DEFAULT NULL,
  `btn_text_color` varchar(255) DEFAULT NULL,
  `message` text DEFAULT NULL,
  `link_text` varchar(255) DEFAULT NULL,
  `btn_text` varchar(255) DEFAULT NULL,
  `link` varchar(255) DEFAULT NULL,
  `created_at` timestamp NULL DEFAULT NULL,
  `updated_at` timestamp NULL DEFAULT NULL
) ENGINE=InnoDB DEFAULT CHARSET=utf8mb4 COLLATE=utf8mb4_unicode_ci;

--
-- Dumping data for table `cookie_consents`
--

INSERT INTO `cookie_consents` (`id`, `status`, `border`, `corners`, `background_color`, `text_color`, `border_color`, `btn_bg_color`, `btn_text_color`, `message`, `link_text`, `btn_text`, `link`, `created_at`, `updated_at`) VALUES
(1, 1, 'thin', 'normal', '#184dec', '#c80404', '#0a58d6', '#fffceb', '#222758', 'Lorem Ipsum is simply dummy text of the printing and typesetting industry. Lorem Ipsum has been the industry\'s standard dummy text ever since the when an unknown printer took.', 'More Info', 'Yes', NULL, NULL, '2024-02-20 11:03:24');

-- --------------------------------------------------------

--
-- Table structure for table `countries`
--

CREATE TABLE `countries` (
  `id` bigint(20) UNSIGNED NOT NULL,
  `name` varchar(255) NOT NULL,
  `slug` varchar(255) NOT NULL,
  `status` tinyint(4) NOT NULL,
  `created_at` timestamp NULL DEFAULT NULL,
  `updated_at` timestamp NULL DEFAULT NULL
) ENGINE=InnoDB DEFAULT CHARSET=utf8mb4 COLLATE=utf8mb4_unicode_ci;

--
-- Dumping data for table `countries`
--

INSERT INTO `countries` (`id`, `name`, `slug`, `status`, `created_at`, `updated_at`) VALUES
(1, 'United State', 'united-state', 1, '2022-01-30 09:28:28', '2022-02-06 04:11:42'),
(2, 'India', 'india', 1, '2022-01-30 09:28:39', '2022-08-30 06:18:46'),
(4, 'United Kindom', 'united-kindom', 1, '2022-02-06 04:11:51', '2022-02-06 04:11:51'),
(5, 'Australia', 'australia', 1, '2022-02-06 04:12:36', '2022-02-06 04:12:36');

-- --------------------------------------------------------

--
-- Table structure for table `country_states`
--

CREATE TABLE `country_states` (
  `id` bigint(20) UNSIGNED NOT NULL,
  `country_id` int(11) NOT NULL,
  `name` varchar(255) NOT NULL,
  `slug` varchar(255) NOT NULL,
  `status` tinyint(4) NOT NULL,
  `created_at` timestamp NULL DEFAULT NULL,
  `updated_at` timestamp NULL DEFAULT NULL
) ENGINE=InnoDB DEFAULT CHARSET=utf8mb4 COLLATE=utf8mb4_unicode_ci;

--
-- Dumping data for table `country_states`
--

INSERT INTO `country_states` (`id`, `country_id`, `name`, `slug`, `status`, `created_at`, `updated_at`) VALUES
(1, 1, 'California', 'california', 1, '2022-01-30 09:29:00', '2022-02-06 04:14:28'),
(2, 1, 'Florida', 'florida', 1, '2022-01-30 09:29:07', '2022-02-06 04:14:42'),
(3, 1, 'Alaska', 'alaska', 1, '2022-02-05 07:49:14', '2022-02-06 04:15:09'),
(4, 2, 'Gujarat', 'gujarat', 1, '2022-02-06 04:16:27', '2022-02-06 04:16:27'),
(5, 2, 'Punjab', 'punjab', 1, '2022-02-06 04:16:39', '2022-02-06 04:16:39'),
(6, 2, 'Rajasthan', 'rajasthan', 1, '2022-02-06 04:16:48', '2022-02-06 04:16:48'),
(7, 4, 'England', 'england', 1, '2022-02-06 04:17:35', '2022-02-06 04:17:35'),
(8, 4, 'Scotland', 'scotland', 1, '2022-02-06 04:17:44', '2022-02-06 04:17:44'),
(9, 4, 'Wales', 'wales', 1, '2022-02-06 04:17:53', '2022-02-06 04:17:53');

-- --------------------------------------------------------

--
-- Table structure for table `coupons`
--

CREATE TABLE `coupons` (
  `id` bigint(20) UNSIGNED NOT NULL,
  `coupon_name` varchar(255) NOT NULL,
  `coupon_discount` int(11) NOT NULL,
  `coupon_validity` varchar(255) NOT NULL,
  `status` int(11) NOT NULL DEFAULT 1,
  `created_at` timestamp NULL DEFAULT NULL,
  `updated_at` timestamp NULL DEFAULT NULL
) ENGINE=InnoDB DEFAULT CHARSET=utf8mb4 COLLATE=utf8mb4_unicode_ci;

-- --------------------------------------------------------

--
-- Table structure for table `currencies`
--

CREATE TABLE `currencies` (
  `id` int(11) NOT NULL,
  `code` varchar(3) NOT NULL,
  `name` varchar(50) NOT NULL,
  `created_at` timestamp NOT NULL DEFAULT current_timestamp() ON UPDATE current_timestamp(),
  `updated_at` timestamp NOT NULL DEFAULT '0000-00-00 00:00:00'
) ENGINE=InnoDB DEFAULT CHARSET=utf8 COLLATE=utf8_general_ci;

--
-- Dumping data for table `currencies`
--

INSERT INTO `currencies` (`id`, `code`, `name`, `created_at`, `updated_at`) VALUES
(1, 'AFA', 'Afghan Afghani', '0000-00-00 00:00:00', '0000-00-00 00:00:00'),
(2, 'ALL', 'Albanian Lek', '0000-00-00 00:00:00', '0000-00-00 00:00:00'),
(3, 'DZD', 'Algerian Dinar', '0000-00-00 00:00:00', '0000-00-00 00:00:00'),
(4, 'AOA', 'Angolan Kwanza', '0000-00-00 00:00:00', '0000-00-00 00:00:00'),
(5, 'ARS', 'Argentine Peso', '0000-00-00 00:00:00', '0000-00-00 00:00:00'),
(6, 'AMD', 'Armenian Dram', '0000-00-00 00:00:00', '0000-00-00 00:00:00'),
(7, 'AWG', 'Aruban Florin', '0000-00-00 00:00:00', '0000-00-00 00:00:00'),
(8, 'AUD', 'Australian Dollar', '0000-00-00 00:00:00', '0000-00-00 00:00:00'),
(9, 'AZN', 'Azerbaijani Manat', '0000-00-00 00:00:00', '0000-00-00 00:00:00'),
(10, 'BSD', 'Bahamian Dollar', '0000-00-00 00:00:00', '0000-00-00 00:00:00'),
(11, 'BHD', 'Bahraini Dinar', '0000-00-00 00:00:00', '0000-00-00 00:00:00'),
(12, 'BDT', 'Bangladeshi Taka', '0000-00-00 00:00:00', '0000-00-00 00:00:00'),
(13, 'BBD', 'Barbadian Dollar', '0000-00-00 00:00:00', '0000-00-00 00:00:00'),
(14, 'BYR', 'Belarusian Ruble', '0000-00-00 00:00:00', '0000-00-00 00:00:00'),
(15, 'BEF', 'Belgian Franc', '0000-00-00 00:00:00', '0000-00-00 00:00:00'),
(16, 'BZD', 'Belize Dollar', '0000-00-00 00:00:00', '0000-00-00 00:00:00'),
(17, 'BMD', 'Bermudan Dollar', '0000-00-00 00:00:00', '0000-00-00 00:00:00'),
(18, 'BTN', 'Bhutanese Ngultrum', '0000-00-00 00:00:00', '0000-00-00 00:00:00'),
(19, 'BTC', 'Bitcoin', '0000-00-00 00:00:00', '0000-00-00 00:00:00'),
(20, 'BOB', 'Bolivian Boliviano', '0000-00-00 00:00:00', '0000-00-00 00:00:00'),
(21, 'BAM', 'Bosnia-Herzegovina Convertible Mark', '0000-00-00 00:00:00', '0000-00-00 00:00:00'),
(22, 'BWP', 'Botswanan Pula', '0000-00-00 00:00:00', '0000-00-00 00:00:00'),
(23, 'BRL', 'Brazilian Real', '0000-00-00 00:00:00', '0000-00-00 00:00:00'),
(24, 'GBP', 'British Pound Sterling', '0000-00-00 00:00:00', '0000-00-00 00:00:00'),
(25, 'BND', 'Brunei Dollar', '0000-00-00 00:00:00', '0000-00-00 00:00:00'),
(26, 'BGN', 'Bulgarian Lev', '0000-00-00 00:00:00', '0000-00-00 00:00:00'),
(27, 'BIF', 'Burundian Franc', '0000-00-00 00:00:00', '0000-00-00 00:00:00'),
(28, 'KHR', 'Cambodian Riel', '0000-00-00 00:00:00', '0000-00-00 00:00:00'),
(29, 'CAD', 'Canadian Dollar', '0000-00-00 00:00:00', '0000-00-00 00:00:00'),
(30, 'CVE', 'Cape Verdean Escudo', '0000-00-00 00:00:00', '0000-00-00 00:00:00'),
(31, 'KYD', 'Cayman Islands Dollar', '0000-00-00 00:00:00', '0000-00-00 00:00:00'),
(32, 'XOF', 'CFA Franc BCEAO', '0000-00-00 00:00:00', '0000-00-00 00:00:00'),
(33, 'XAF', 'CFA Franc BEAC', '0000-00-00 00:00:00', '0000-00-00 00:00:00'),
(34, 'XPF', 'CFP Franc', '0000-00-00 00:00:00', '0000-00-00 00:00:00'),
(35, 'CLP', 'Chilean Peso', '0000-00-00 00:00:00', '0000-00-00 00:00:00'),
(36, 'CNY', 'Chinese Yuan', '0000-00-00 00:00:00', '0000-00-00 00:00:00'),
(37, 'COP', 'Colombian Peso', '0000-00-00 00:00:00', '0000-00-00 00:00:00'),
(38, 'KMF', 'Comorian Franc', '0000-00-00 00:00:00', '0000-00-00 00:00:00'),
(39, 'CDF', 'Congolese Franc', '0000-00-00 00:00:00', '0000-00-00 00:00:00'),
(40, 'CRC', 'Costa Rican ColÃ³n', '0000-00-00 00:00:00', '0000-00-00 00:00:00'),
(41, 'HRK', 'Croatian Kuna', '0000-00-00 00:00:00', '0000-00-00 00:00:00'),
(42, 'CUC', 'Cuban Convertible Peso', '0000-00-00 00:00:00', '0000-00-00 00:00:00'),
(43, 'CZK', 'Czech Republic Koruna', '0000-00-00 00:00:00', '0000-00-00 00:00:00'),
(44, 'DKK', 'Danish Krone', '0000-00-00 00:00:00', '0000-00-00 00:00:00'),
(45, 'DJF', 'Djiboutian Franc', '0000-00-00 00:00:00', '0000-00-00 00:00:00'),
(46, 'DOP', 'Dominican Peso', '0000-00-00 00:00:00', '0000-00-00 00:00:00'),
(47, 'XCD', 'East Caribbean Dollar', '0000-00-00 00:00:00', '0000-00-00 00:00:00'),
(48, 'EGP', 'Egyptian Pound', '0000-00-00 00:00:00', '0000-00-00 00:00:00'),
(49, 'ERN', 'Eritrean Nakfa', '0000-00-00 00:00:00', '0000-00-00 00:00:00'),
(50, 'EEK', 'Estonian Kroon', '0000-00-00 00:00:00', '0000-00-00 00:00:00'),
(51, 'ETB', 'Ethiopian Birr', '0000-00-00 00:00:00', '0000-00-00 00:00:00'),
(52, 'EUR', 'Euro', '0000-00-00 00:00:00', '0000-00-00 00:00:00'),
(53, 'FKP', 'Falkland Islands Pound', '0000-00-00 00:00:00', '0000-00-00 00:00:00'),
(54, 'FJD', 'Fijian Dollar', '0000-00-00 00:00:00', '0000-00-00 00:00:00'),
(55, 'GMD', 'Gambian Dalasi', '0000-00-00 00:00:00', '0000-00-00 00:00:00'),
(56, 'GEL', 'Georgian Lari', '0000-00-00 00:00:00', '0000-00-00 00:00:00'),
(57, 'DEM', 'German Mark', '0000-00-00 00:00:00', '0000-00-00 00:00:00'),
(58, 'GHS', 'Ghanaian Cedi', '0000-00-00 00:00:00', '0000-00-00 00:00:00'),
(59, 'GIP', 'Gibraltar Pound', '0000-00-00 00:00:00', '0000-00-00 00:00:00'),
(60, 'GRD', 'Greek Drachma', '0000-00-00 00:00:00', '0000-00-00 00:00:00'),
(61, 'GTQ', 'Guatemalan Quetzal', '0000-00-00 00:00:00', '0000-00-00 00:00:00'),
(62, 'GNF', 'Guinean Franc', '0000-00-00 00:00:00', '0000-00-00 00:00:00'),
(63, 'GYD', 'Guyanaese Dollar', '0000-00-00 00:00:00', '0000-00-00 00:00:00'),
(64, 'HTG', 'Haitian Gourde', '0000-00-00 00:00:00', '0000-00-00 00:00:00'),
(65, 'HNL', 'Honduran Lempira', '0000-00-00 00:00:00', '0000-00-00 00:00:00'),
(66, 'HKD', 'Hong Kong Dollar', '0000-00-00 00:00:00', '0000-00-00 00:00:00'),
(67, 'HUF', 'Hungarian Forint', '0000-00-00 00:00:00', '0000-00-00 00:00:00'),
(68, 'ISK', 'Icelandic KrÃ³na', '0000-00-00 00:00:00', '0000-00-00 00:00:00'),
(69, 'INR', 'Indian Rupee', '0000-00-00 00:00:00', '0000-00-00 00:00:00'),
(70, 'IDR', 'Indonesian Rupiah', '0000-00-00 00:00:00', '0000-00-00 00:00:00'),
(71, 'IRR', 'Iranian Rial', '0000-00-00 00:00:00', '0000-00-00 00:00:00'),
(72, 'IQD', 'Iraqi Dinar', '0000-00-00 00:00:00', '0000-00-00 00:00:00'),
(73, 'ILS', 'Israeli New Sheqel', '0000-00-00 00:00:00', '0000-00-00 00:00:00'),
(74, 'ITL', 'Italian Lira', '0000-00-00 00:00:00', '0000-00-00 00:00:00'),
(75, 'JMD', 'Jamaican Dollar', '0000-00-00 00:00:00', '0000-00-00 00:00:00'),
(76, 'JPY', 'Japanese Yen', '0000-00-00 00:00:00', '0000-00-00 00:00:00'),
(77, 'JOD', 'Jordanian Dinar', '0000-00-00 00:00:00', '0000-00-00 00:00:00'),
(78, 'KZT', 'Kazakhstani Tenge', '0000-00-00 00:00:00', '0000-00-00 00:00:00'),
(79, 'KES', 'Kenyan Shilling', '0000-00-00 00:00:00', '0000-00-00 00:00:00'),
(80, 'KWD', 'Kuwaiti Dinar', '0000-00-00 00:00:00', '0000-00-00 00:00:00'),
(81, 'KGS', 'Kyrgystani Som', '0000-00-00 00:00:00', '0000-00-00 00:00:00'),
(82, 'LAK', 'Laotian Kip', '0000-00-00 00:00:00', '0000-00-00 00:00:00'),
(83, 'LVL', 'Latvian Lats', '0000-00-00 00:00:00', '0000-00-00 00:00:00'),
(84, 'LBP', 'Lebanese Pound', '0000-00-00 00:00:00', '0000-00-00 00:00:00'),
(85, 'LSL', 'Lesotho Loti', '0000-00-00 00:00:00', '0000-00-00 00:00:00'),
(86, 'LRD', 'Liberian Dollar', '0000-00-00 00:00:00', '0000-00-00 00:00:00'),
(87, 'LYD', 'Libyan Dinar', '0000-00-00 00:00:00', '0000-00-00 00:00:00'),
(88, 'LTL', 'Lithuanian Litas', '0000-00-00 00:00:00', '0000-00-00 00:00:00'),
(89, 'MOP', 'Macanese Pataca', '0000-00-00 00:00:00', '0000-00-00 00:00:00'),
(90, 'MKD', 'Macedonian Denar', '0000-00-00 00:00:00', '0000-00-00 00:00:00'),
(91, 'MGA', 'Malagasy Ariary', '0000-00-00 00:00:00', '0000-00-00 00:00:00'),
(92, 'MWK', 'Malawian Kwacha', '0000-00-00 00:00:00', '0000-00-00 00:00:00'),
(93, 'MYR', 'Malaysian Ringgit', '0000-00-00 00:00:00', '0000-00-00 00:00:00'),
(94, 'MVR', 'Maldivian Rufiyaa', '0000-00-00 00:00:00', '0000-00-00 00:00:00'),
(95, 'MRO', 'Mauritanian Ouguiya', '0000-00-00 00:00:00', '0000-00-00 00:00:00'),
(96, 'MUR', 'Mauritian Rupee', '0000-00-00 00:00:00', '0000-00-00 00:00:00'),
(97, 'MXN', 'Mexican Peso', '0000-00-00 00:00:00', '0000-00-00 00:00:00'),
(98, 'MDL', 'Moldovan Leu', '0000-00-00 00:00:00', '0000-00-00 00:00:00'),
(99, 'MNT', 'Mongolian Tugrik', '0000-00-00 00:00:00', '0000-00-00 00:00:00'),
(100, 'MAD', 'Moroccan Dirham', '0000-00-00 00:00:00', '0000-00-00 00:00:00'),
(101, 'MZM', 'Mozambican Metical', '0000-00-00 00:00:00', '0000-00-00 00:00:00'),
(102, 'MMK', 'Myanmar Kyat', '0000-00-00 00:00:00', '0000-00-00 00:00:00'),
(103, 'NAD', 'Namibian Dollar', '0000-00-00 00:00:00', '0000-00-00 00:00:00'),
(104, 'NPR', 'Nepalese Rupee', '0000-00-00 00:00:00', '0000-00-00 00:00:00'),
(105, 'ANG', 'Netherlands Antillean Guilder', '0000-00-00 00:00:00', '0000-00-00 00:00:00'),
(106, 'TWD', 'New Taiwan Dollar', '0000-00-00 00:00:00', '0000-00-00 00:00:00'),
(107, 'NZD', 'New Zealand Dollar', '0000-00-00 00:00:00', '0000-00-00 00:00:00'),
(108, 'NIO', 'Nicaraguan CÃ³rdoba', '0000-00-00 00:00:00', '0000-00-00 00:00:00'),
(109, 'NGN', 'Nigerian Naira', '0000-00-00 00:00:00', '0000-00-00 00:00:00'),
(110, 'KPW', 'North Korean Won', '0000-00-00 00:00:00', '0000-00-00 00:00:00'),
(111, 'NOK', 'Norwegian Krone', '0000-00-00 00:00:00', '0000-00-00 00:00:00'),
(112, 'OMR', 'Omani Rial', '0000-00-00 00:00:00', '0000-00-00 00:00:00'),
(113, 'PKR', 'Pakistani Rupee', '0000-00-00 00:00:00', '0000-00-00 00:00:00'),
(114, 'PAB', 'Panamanian Balboa', '0000-00-00 00:00:00', '0000-00-00 00:00:00'),
(115, 'PGK', 'Papua New Guinean Kina', '0000-00-00 00:00:00', '0000-00-00 00:00:00'),
(116, 'PYG', 'Paraguayan Guarani', '0000-00-00 00:00:00', '0000-00-00 00:00:00'),
(117, 'PEN', 'Peruvian Nuevo Sol', '0000-00-00 00:00:00', '0000-00-00 00:00:00'),
(118, 'PHP', 'Philippine Peso', '0000-00-00 00:00:00', '0000-00-00 00:00:00'),
(119, 'PLN', 'Polish Zloty', '0000-00-00 00:00:00', '0000-00-00 00:00:00'),
(120, 'QAR', 'Qatari Rial', '0000-00-00 00:00:00', '0000-00-00 00:00:00'),
(121, 'RON', 'Romanian Leu', '0000-00-00 00:00:00', '0000-00-00 00:00:00'),
(122, 'RUB', 'Russian Ruble', '0000-00-00 00:00:00', '0000-00-00 00:00:00'),
(123, 'RWF', 'Rwandan Franc', '0000-00-00 00:00:00', '0000-00-00 00:00:00'),
(124, 'SVC', 'Salvadoran ColÃ³n', '0000-00-00 00:00:00', '0000-00-00 00:00:00'),
(125, 'WST', 'Samoan Tala', '0000-00-00 00:00:00', '0000-00-00 00:00:00'),
(126, 'SAR', 'Saudi Riyal', '0000-00-00 00:00:00', '0000-00-00 00:00:00'),
(127, 'RSD', 'Serbian Dinar', '0000-00-00 00:00:00', '0000-00-00 00:00:00'),
(128, 'SCR', 'Seychellois Rupee', '0000-00-00 00:00:00', '0000-00-00 00:00:00'),
(129, 'SLL', 'Sierra Leonean Leone', '0000-00-00 00:00:00', '0000-00-00 00:00:00'),
(130, 'SGD', 'Singapore Dollar', '0000-00-00 00:00:00', '0000-00-00 00:00:00'),
(131, 'SKK', 'Slovak Koruna', '0000-00-00 00:00:00', '0000-00-00 00:00:00'),
(132, 'SBD', 'Solomon Islands Dollar', '0000-00-00 00:00:00', '0000-00-00 00:00:00'),
(133, 'SOS', 'Somali Shilling', '0000-00-00 00:00:00', '0000-00-00 00:00:00'),
(134, 'ZAR', 'South African Rand', '0000-00-00 00:00:00', '0000-00-00 00:00:00'),
(135, 'KRW', 'South Korean Won', '0000-00-00 00:00:00', '0000-00-00 00:00:00'),
(136, 'XDR', 'Special Drawing Rights', '0000-00-00 00:00:00', '0000-00-00 00:00:00'),
(137, 'LKR', 'Sri Lankan Rupee', '0000-00-00 00:00:00', '0000-00-00 00:00:00'),
(138, 'SHP', 'St. Helena Pound', '0000-00-00 00:00:00', '0000-00-00 00:00:00'),
(139, 'SDG', 'Sudanese Pound', '0000-00-00 00:00:00', '0000-00-00 00:00:00'),
(140, 'SRD', 'Surinamese Dollar', '0000-00-00 00:00:00', '0000-00-00 00:00:00'),
(141, 'SZL', 'Swazi Lilangeni', '0000-00-00 00:00:00', '0000-00-00 00:00:00'),
(142, 'SEK', 'Swedish Krona', '0000-00-00 00:00:00', '0000-00-00 00:00:00'),
(143, 'CHF', 'Swiss Franc', '0000-00-00 00:00:00', '0000-00-00 00:00:00'),
(144, 'SYP', 'Syrian Pound', '0000-00-00 00:00:00', '0000-00-00 00:00:00'),
(145, 'STD', 'São Tomé and Príncipe Dobra', '0000-00-00 00:00:00', '0000-00-00 00:00:00'),
(146, 'TJS', 'Tajikistani Somoni', '0000-00-00 00:00:00', '0000-00-00 00:00:00'),
(147, 'TZS', 'Tanzanian Shilling', '0000-00-00 00:00:00', '0000-00-00 00:00:00'),
(148, 'THB', 'Thai Baht', '0000-00-00 00:00:00', '0000-00-00 00:00:00'),
(149, 'TOP', 'Tongan pa\'anga', '0000-00-00 00:00:00', '0000-00-00 00:00:00'),
(150, 'TTD', 'Trinidad & Tobago Dollar', '0000-00-00 00:00:00', '0000-00-00 00:00:00'),
(151, 'TND', 'Tunisian Dinar', '0000-00-00 00:00:00', '0000-00-00 00:00:00'),
(152, 'TRY', 'Turkish Lira', '0000-00-00 00:00:00', '0000-00-00 00:00:00'),
(153, 'TMT', 'Turkmenistani Manat', '0000-00-00 00:00:00', '0000-00-00 00:00:00'),
(154, 'UGX', 'Ugandan Shilling', '0000-00-00 00:00:00', '0000-00-00 00:00:00'),
(155, 'UAH', 'Ukrainian Hryvnia', '0000-00-00 00:00:00', '0000-00-00 00:00:00'),
(156, 'AED', 'United Arab Emirates Dirham', '0000-00-00 00:00:00', '0000-00-00 00:00:00'),
(157, 'UYU', 'Uruguayan Peso', '0000-00-00 00:00:00', '0000-00-00 00:00:00'),
(158, 'USD', 'US Dollar', '0000-00-00 00:00:00', '0000-00-00 00:00:00'),
(159, 'UZS', 'Uzbekistan Som', '0000-00-00 00:00:00', '0000-00-00 00:00:00'),
(160, 'VUV', 'Vanuatu Vatu', '0000-00-00 00:00:00', '0000-00-00 00:00:00'),
(161, 'VEF', 'Venezuelan BolÃ­var', '0000-00-00 00:00:00', '0000-00-00 00:00:00'),
(162, 'VND', 'Vietnamese Dong', '0000-00-00 00:00:00', '0000-00-00 00:00:00'),
(163, 'YER', 'Yemeni Rial', '0000-00-00 00:00:00', '0000-00-00 00:00:00'),
(164, 'ZMK', 'Zambian Kwacha', '0000-00-00 00:00:00', '0000-00-00 00:00:00');

-- --------------------------------------------------------

--
-- Table structure for table `currency_countries`
--

CREATE TABLE `currency_countries` (
  `id` int(10) UNSIGNED NOT NULL,
  `name` varchar(255) NOT NULL,
  `code` varchar(2) NOT NULL,
  `created_at` timestamp NOT NULL DEFAULT current_timestamp() ON UPDATE current_timestamp(),
  `updated_at` timestamp NOT NULL DEFAULT '0000-00-00 00:00:00'
) ENGINE=InnoDB DEFAULT CHARSET=utf8 COLLATE=utf8_bin;

--
-- Dumping data for table `currency_countries`
--

INSERT INTO `currency_countries` (`id`, `name`, `code`, `created_at`, `updated_at`) VALUES
(1, 'Andorra', 'AD', '0000-00-00 00:00:00', '0000-00-00 00:00:00'),
(2, 'Afghanistan', 'AF', '0000-00-00 00:00:00', '0000-00-00 00:00:00'),
(3, 'Åland Islands', 'AX', '0000-00-00 00:00:00', '0000-00-00 00:00:00'),
(4, 'Albania', 'AL', '0000-00-00 00:00:00', '0000-00-00 00:00:00'),
(5, 'Algeria', 'DZ', '0000-00-00 00:00:00', '0000-00-00 00:00:00'),
(6, 'American Samoa', 'AS', '0000-00-00 00:00:00', '0000-00-00 00:00:00'),
(7, 'Angola', 'AO', '0000-00-00 00:00:00', '0000-00-00 00:00:00'),
(8, 'Anguilla', 'AI', '0000-00-00 00:00:00', '0000-00-00 00:00:00'),
(9, 'Antarctica', 'AQ', '0000-00-00 00:00:00', '0000-00-00 00:00:00'),
(10, 'Antigua and Barbuda', 'AG', '0000-00-00 00:00:00', '0000-00-00 00:00:00'),
(11, 'Argentina', 'AR', '0000-00-00 00:00:00', '0000-00-00 00:00:00'),
(12, 'Armenia', 'AM', '0000-00-00 00:00:00', '0000-00-00 00:00:00'),
(13, 'Aruba', 'AW', '0000-00-00 00:00:00', '0000-00-00 00:00:00'),
(14, 'Australia', 'AU', '0000-00-00 00:00:00', '0000-00-00 00:00:00'),
(15, 'Austria', 'AT', '0000-00-00 00:00:00', '0000-00-00 00:00:00'),
(16, 'Azerbaijan', 'AZ', '0000-00-00 00:00:00', '0000-00-00 00:00:00'),
(17, 'Bahamas', 'BS', '0000-00-00 00:00:00', '0000-00-00 00:00:00'),
(18, 'Bahrain', 'BH', '0000-00-00 00:00:00', '0000-00-00 00:00:00'),
(19, 'Bangladesh', 'BD', '0000-00-00 00:00:00', '0000-00-00 00:00:00'),
(20, 'Barbados', 'BB', '0000-00-00 00:00:00', '0000-00-00 00:00:00'),
(21, 'Belarus', 'BY', '0000-00-00 00:00:00', '0000-00-00 00:00:00'),
(22, 'Belgium', 'BE', '0000-00-00 00:00:00', '0000-00-00 00:00:00'),
(23, 'Belize', 'BZ', '0000-00-00 00:00:00', '0000-00-00 00:00:00'),
(24, 'Benin', 'BJ', '0000-00-00 00:00:00', '0000-00-00 00:00:00'),
(25, 'Bermuda', 'BM', '0000-00-00 00:00:00', '0000-00-00 00:00:00'),
(26, 'Bhutan', 'BT', '0000-00-00 00:00:00', '0000-00-00 00:00:00'),
(27, 'Bolivia (Plurinational State of)', 'BO', '0000-00-00 00:00:00', '0000-00-00 00:00:00'),
(28, 'Bonaire, Sint Eustatius and Saba', 'BQ', '0000-00-00 00:00:00', '0000-00-00 00:00:00'),
(29, 'Bosnia and Herzegovina', 'BA', '0000-00-00 00:00:00', '0000-00-00 00:00:00'),
(30, 'Botswana', 'BW', '0000-00-00 00:00:00', '0000-00-00 00:00:00'),
(31, 'Bouvet Island', 'BV', '0000-00-00 00:00:00', '0000-00-00 00:00:00'),
(32, 'Brazil', 'BR', '0000-00-00 00:00:00', '0000-00-00 00:00:00'),
(33, 'British Indian Ocean Territory', 'IO', '0000-00-00 00:00:00', '0000-00-00 00:00:00'),
(34, 'Brunei Darussalam', 'BN', '0000-00-00 00:00:00', '0000-00-00 00:00:00'),
(35, 'Bulgaria', 'BG', '0000-00-00 00:00:00', '0000-00-00 00:00:00'),
(36, 'Burkina Faso', 'BF', '0000-00-00 00:00:00', '0000-00-00 00:00:00'),
(37, 'Burundi', 'BI', '0000-00-00 00:00:00', '0000-00-00 00:00:00'),
(38, 'Cabo Verde', 'CV', '0000-00-00 00:00:00', '0000-00-00 00:00:00'),
(39, 'Cambodia', 'KH', '0000-00-00 00:00:00', '0000-00-00 00:00:00'),
(40, 'Cameroon', 'CM', '0000-00-00 00:00:00', '0000-00-00 00:00:00'),
(41, 'Canada', 'CA', '0000-00-00 00:00:00', '0000-00-00 00:00:00'),
(42, 'Cayman Islands', 'KY', '0000-00-00 00:00:00', '0000-00-00 00:00:00'),
(43, 'Central African Republic', 'CF', '0000-00-00 00:00:00', '0000-00-00 00:00:00'),
(44, 'Chad', 'TD', '0000-00-00 00:00:00', '0000-00-00 00:00:00'),
(45, 'Chile', 'CL', '0000-00-00 00:00:00', '0000-00-00 00:00:00'),
(46, 'China', 'CN', '0000-00-00 00:00:00', '0000-00-00 00:00:00'),
(47, 'Christmas Island', 'CX', '0000-00-00 00:00:00', '0000-00-00 00:00:00'),
(48, 'Cocos (Keeling) Islands', 'CC', '0000-00-00 00:00:00', '0000-00-00 00:00:00'),
(49, 'Colombia', 'CO', '0000-00-00 00:00:00', '0000-00-00 00:00:00'),
(50, 'Comoros', 'KM', '0000-00-00 00:00:00', '0000-00-00 00:00:00'),
(51, 'Congo', 'CG', '0000-00-00 00:00:00', '0000-00-00 00:00:00'),
(52, 'Congo (Democratic Republic of the)', 'CD', '0000-00-00 00:00:00', '0000-00-00 00:00:00'),
(53, 'Cook Islands', 'CK', '0000-00-00 00:00:00', '0000-00-00 00:00:00'),
(54, 'Costa Rica', 'CR', '0000-00-00 00:00:00', '0000-00-00 00:00:00'),
(55, 'Côte d\'Ivoire', 'CI', '0000-00-00 00:00:00', '0000-00-00 00:00:00'),
(56, 'Croatia', 'HR', '0000-00-00 00:00:00', '0000-00-00 00:00:00'),
(57, 'Cuba', 'CU', '0000-00-00 00:00:00', '0000-00-00 00:00:00'),
(58, 'Curaçao', 'CW', '0000-00-00 00:00:00', '0000-00-00 00:00:00'),
(59, 'Cyprus', 'CY', '0000-00-00 00:00:00', '0000-00-00 00:00:00'),
(60, 'Czech Republic', 'CZ', '0000-00-00 00:00:00', '0000-00-00 00:00:00'),
(61, 'Denmark', 'DK', '0000-00-00 00:00:00', '0000-00-00 00:00:00'),
(62, 'Djibouti', 'DJ', '0000-00-00 00:00:00', '0000-00-00 00:00:00'),
(63, 'Dominica', 'DM', '0000-00-00 00:00:00', '0000-00-00 00:00:00'),
(64, 'Dominican Republic', 'DO', '0000-00-00 00:00:00', '0000-00-00 00:00:00'),
(65, 'Ecuador', 'EC', '0000-00-00 00:00:00', '0000-00-00 00:00:00'),
(66, 'Egypt', 'EG', '0000-00-00 00:00:00', '0000-00-00 00:00:00'),
(67, 'El Salvador', 'SV', '0000-00-00 00:00:00', '0000-00-00 00:00:00'),
(68, 'Equatorial Guinea', 'GQ', '0000-00-00 00:00:00', '0000-00-00 00:00:00'),
(69, 'Eritrea', 'ER', '0000-00-00 00:00:00', '0000-00-00 00:00:00'),
(70, 'Estonia', 'EE', '0000-00-00 00:00:00', '0000-00-00 00:00:00'),
(71, 'Ethiopia', 'ET', '0000-00-00 00:00:00', '0000-00-00 00:00:00'),
(72, 'Falkland Islands (Malvinas)', 'FK', '0000-00-00 00:00:00', '0000-00-00 00:00:00'),
(73, 'Faroe Islands', 'FO', '0000-00-00 00:00:00', '0000-00-00 00:00:00'),
(74, 'Fiji', 'FJ', '0000-00-00 00:00:00', '0000-00-00 00:00:00'),
(75, 'Finland', 'FI', '0000-00-00 00:00:00', '0000-00-00 00:00:00'),
(76, 'France', 'FR', '0000-00-00 00:00:00', '0000-00-00 00:00:00'),
(77, 'French Guiana', 'GF', '0000-00-00 00:00:00', '0000-00-00 00:00:00'),
(78, 'French Polynesia', 'PF', '0000-00-00 00:00:00', '0000-00-00 00:00:00'),
(79, 'French Southern Territories', 'TF', '0000-00-00 00:00:00', '0000-00-00 00:00:00'),
(80, 'Gabon', 'GA', '0000-00-00 00:00:00', '0000-00-00 00:00:00'),
(81, 'Gambia', 'GM', '0000-00-00 00:00:00', '0000-00-00 00:00:00'),
(82, 'Georgia', 'GE', '0000-00-00 00:00:00', '0000-00-00 00:00:00'),
(83, 'Germany', 'DE', '0000-00-00 00:00:00', '0000-00-00 00:00:00'),
(84, 'Ghana', 'GH', '0000-00-00 00:00:00', '0000-00-00 00:00:00'),
(85, 'Gibraltar', 'GI', '0000-00-00 00:00:00', '0000-00-00 00:00:00'),
(86, 'Greece', 'GR', '0000-00-00 00:00:00', '0000-00-00 00:00:00'),
(87, 'Greenland', 'GL', '0000-00-00 00:00:00', '0000-00-00 00:00:00'),
(88, 'Grenada', 'GD', '0000-00-00 00:00:00', '0000-00-00 00:00:00'),
(89, 'Guadeloupe', 'GP', '0000-00-00 00:00:00', '0000-00-00 00:00:00'),
(90, 'Guam', 'GU', '0000-00-00 00:00:00', '0000-00-00 00:00:00'),
(91, 'Guatemala', 'GT', '0000-00-00 00:00:00', '0000-00-00 00:00:00'),
(92, 'Guernsey', 'GG', '0000-00-00 00:00:00', '0000-00-00 00:00:00'),
(93, 'Guinea', 'GN', '0000-00-00 00:00:00', '0000-00-00 00:00:00'),
(94, 'Guinea-Bissau', 'GW', '0000-00-00 00:00:00', '0000-00-00 00:00:00'),
(95, 'Guyana', 'GY', '0000-00-00 00:00:00', '0000-00-00 00:00:00'),
(96, 'Haiti', 'HT', '0000-00-00 00:00:00', '0000-00-00 00:00:00'),
(97, 'Heard Island and McDonald Islands', 'HM', '0000-00-00 00:00:00', '0000-00-00 00:00:00'),
(98, 'Holy See', 'VA', '0000-00-00 00:00:00', '0000-00-00 00:00:00'),
(99, 'Honduras', 'HN', '0000-00-00 00:00:00', '0000-00-00 00:00:00'),
(100, 'Hong Kong', 'HK', '0000-00-00 00:00:00', '0000-00-00 00:00:00'),
(101, 'Hungary', 'HU', '0000-00-00 00:00:00', '0000-00-00 00:00:00'),
(102, 'Iceland', 'IS', '0000-00-00 00:00:00', '0000-00-00 00:00:00'),
(103, 'India', 'IN', '0000-00-00 00:00:00', '0000-00-00 00:00:00'),
(104, 'Indonesia', 'ID', '0000-00-00 00:00:00', '0000-00-00 00:00:00'),
(105, 'Iran (Islamic Republic of)', 'IR', '0000-00-00 00:00:00', '0000-00-00 00:00:00'),
(106, 'Iraq', 'IQ', '0000-00-00 00:00:00', '0000-00-00 00:00:00'),
(107, 'Ireland', 'IE', '0000-00-00 00:00:00', '0000-00-00 00:00:00'),
(108, 'Isle of Man', 'IM', '0000-00-00 00:00:00', '0000-00-00 00:00:00'),
(109, 'Israel', 'IL', '0000-00-00 00:00:00', '0000-00-00 00:00:00'),
(110, 'Italy', 'IT', '0000-00-00 00:00:00', '0000-00-00 00:00:00'),
(111, 'Jamaica', 'JM', '0000-00-00 00:00:00', '0000-00-00 00:00:00'),
(112, 'Japan', 'JP', '0000-00-00 00:00:00', '0000-00-00 00:00:00'),
(113, 'Jersey', 'JE', '0000-00-00 00:00:00', '0000-00-00 00:00:00'),
(114, 'Jordan', 'JO', '0000-00-00 00:00:00', '0000-00-00 00:00:00'),
(115, 'Kazakhstan', 'KZ', '0000-00-00 00:00:00', '0000-00-00 00:00:00'),
(116, 'Kenya', 'KE', '0000-00-00 00:00:00', '0000-00-00 00:00:00'),
(117, 'Kiribati', 'KI', '0000-00-00 00:00:00', '0000-00-00 00:00:00'),
(118, 'Korea (Democratic People\'s Republic of)', 'KP', '0000-00-00 00:00:00', '0000-00-00 00:00:00'),
(119, 'Korea (Republic of)', 'KR', '0000-00-00 00:00:00', '0000-00-00 00:00:00'),
(120, 'Kuwait', 'KW', '0000-00-00 00:00:00', '0000-00-00 00:00:00'),
(121, 'Kyrgyzstan', 'KG', '0000-00-00 00:00:00', '0000-00-00 00:00:00'),
(122, 'Lao People\'s Democratic Republic', 'LA', '0000-00-00 00:00:00', '0000-00-00 00:00:00'),
(123, 'Latvia', 'LV', '0000-00-00 00:00:00', '0000-00-00 00:00:00'),
(124, 'Lebanon', 'LB', '0000-00-00 00:00:00', '0000-00-00 00:00:00'),
(125, 'Lesotho', 'LS', '0000-00-00 00:00:00', '0000-00-00 00:00:00'),
(126, 'Liberia', 'LR', '0000-00-00 00:00:00', '0000-00-00 00:00:00'),
(127, 'Libya', 'LY', '0000-00-00 00:00:00', '0000-00-00 00:00:00'),
(128, 'Liechtenstein', 'LI', '0000-00-00 00:00:00', '0000-00-00 00:00:00'),
(129, 'Lithuania', 'LT', '0000-00-00 00:00:00', '0000-00-00 00:00:00'),
(130, 'Luxembourg', 'LU', '0000-00-00 00:00:00', '0000-00-00 00:00:00'),
(131, 'Macao', 'MO', '0000-00-00 00:00:00', '0000-00-00 00:00:00'),
(132, 'Macedonia (the former Yugoslav Republic of)', 'MK', '0000-00-00 00:00:00', '0000-00-00 00:00:00'),
(133, 'Madagascar', 'MG', '0000-00-00 00:00:00', '0000-00-00 00:00:00'),
(134, 'Malawi', 'MW', '0000-00-00 00:00:00', '0000-00-00 00:00:00'),
(135, 'Malaysia', 'MY', '0000-00-00 00:00:00', '0000-00-00 00:00:00'),
(136, 'Maldives', 'MV', '0000-00-00 00:00:00', '0000-00-00 00:00:00'),
(137, 'Mali', 'ML', '0000-00-00 00:00:00', '0000-00-00 00:00:00'),
(138, 'Malta', 'MT', '0000-00-00 00:00:00', '0000-00-00 00:00:00'),
(139, 'Marshall Islands', 'MH', '0000-00-00 00:00:00', '0000-00-00 00:00:00'),
(140, 'Martinique', 'MQ', '0000-00-00 00:00:00', '0000-00-00 00:00:00'),
(141, 'Mauritania', 'MR', '0000-00-00 00:00:00', '0000-00-00 00:00:00'),
(142, 'Mauritius', 'MU', '0000-00-00 00:00:00', '0000-00-00 00:00:00'),
(143, 'Mayotte', 'YT', '0000-00-00 00:00:00', '0000-00-00 00:00:00'),
(144, 'Mexico', 'MX', '0000-00-00 00:00:00', '0000-00-00 00:00:00'),
(145, 'Micronesia (Federated States of)', 'FM', '0000-00-00 00:00:00', '0000-00-00 00:00:00'),
(146, 'Moldova (Republic of)', 'MD', '0000-00-00 00:00:00', '0000-00-00 00:00:00'),
(147, 'Monaco', 'MC', '0000-00-00 00:00:00', '0000-00-00 00:00:00'),
(148, 'Mongolia', 'MN', '0000-00-00 00:00:00', '0000-00-00 00:00:00'),
(149, 'Montenegro', 'ME', '0000-00-00 00:00:00', '0000-00-00 00:00:00'),
(150, 'Montserrat', 'MS', '0000-00-00 00:00:00', '0000-00-00 00:00:00'),
(151, 'Morocco', 'MA', '0000-00-00 00:00:00', '0000-00-00 00:00:00'),
(152, 'Mozambique', 'MZ', '0000-00-00 00:00:00', '0000-00-00 00:00:00'),
(153, 'Myanmar', 'MM', '0000-00-00 00:00:00', '0000-00-00 00:00:00'),
(154, 'Namibia', 'NA', '0000-00-00 00:00:00', '0000-00-00 00:00:00'),
(155, 'Nauru', 'NR', '0000-00-00 00:00:00', '0000-00-00 00:00:00'),
(156, 'Nepal', 'NP', '0000-00-00 00:00:00', '0000-00-00 00:00:00'),
(157, 'Netherlands', 'NL', '0000-00-00 00:00:00', '0000-00-00 00:00:00'),
(158, 'New Caledonia', 'NC', '0000-00-00 00:00:00', '0000-00-00 00:00:00'),
(159, 'New Zealand', 'NZ', '0000-00-00 00:00:00', '0000-00-00 00:00:00'),
(160, 'Nicaragua', 'NI', '0000-00-00 00:00:00', '0000-00-00 00:00:00'),
(161, 'Niger', 'NE', '0000-00-00 00:00:00', '0000-00-00 00:00:00'),
(162, 'Nigeria', 'NG', '0000-00-00 00:00:00', '0000-00-00 00:00:00'),
(163, 'Niue', 'NU', '0000-00-00 00:00:00', '0000-00-00 00:00:00'),
(164, 'Norfolk Island', 'NF', '0000-00-00 00:00:00', '0000-00-00 00:00:00'),
(165, 'Northern Mariana Islands', 'MP', '0000-00-00 00:00:00', '0000-00-00 00:00:00'),
(166, 'Norway', 'NO', '0000-00-00 00:00:00', '0000-00-00 00:00:00'),
(167, 'Oman', 'OM', '0000-00-00 00:00:00', '0000-00-00 00:00:00'),
(168, 'Pakistan', 'PK', '0000-00-00 00:00:00', '0000-00-00 00:00:00'),
(169, 'Palau', 'PW', '0000-00-00 00:00:00', '0000-00-00 00:00:00'),
(170, 'Palestine, State of', 'PS', '0000-00-00 00:00:00', '0000-00-00 00:00:00'),
(171, 'Panama', 'PA', '0000-00-00 00:00:00', '0000-00-00 00:00:00'),
(172, 'Papua New Guinea', 'PG', '0000-00-00 00:00:00', '0000-00-00 00:00:00'),
(173, 'Paraguay', 'PY', '0000-00-00 00:00:00', '0000-00-00 00:00:00'),
(174, 'Peru', 'PE', '0000-00-00 00:00:00', '0000-00-00 00:00:00'),
(175, 'Philippines', 'PH', '0000-00-00 00:00:00', '0000-00-00 00:00:00'),
(176, 'Pitcairn', 'PN', '0000-00-00 00:00:00', '0000-00-00 00:00:00'),
(177, 'Poland', 'PL', '0000-00-00 00:00:00', '0000-00-00 00:00:00'),
(178, 'Portugal', 'PT', '0000-00-00 00:00:00', '0000-00-00 00:00:00'),
(179, 'Puerto Rico', 'PR', '0000-00-00 00:00:00', '0000-00-00 00:00:00'),
(180, 'Qatar', 'QA', '0000-00-00 00:00:00', '0000-00-00 00:00:00'),
(181, 'Réunion', 'RE', '0000-00-00 00:00:00', '0000-00-00 00:00:00'),
(182, 'Romania', 'RO', '0000-00-00 00:00:00', '0000-00-00 00:00:00'),
(183, 'Russian Federation', 'RU', '0000-00-00 00:00:00', '0000-00-00 00:00:00'),
(184, 'Rwanda', 'RW', '0000-00-00 00:00:00', '0000-00-00 00:00:00'),
(185, 'Saint Barthélemy', 'BL', '0000-00-00 00:00:00', '0000-00-00 00:00:00'),
(186, 'Saint Helena, Ascension and Tristan da Cunha', 'SH', '0000-00-00 00:00:00', '0000-00-00 00:00:00'),
(187, 'Saint Kitts and Nevis', 'KN', '0000-00-00 00:00:00', '0000-00-00 00:00:00'),
(188, 'Saint Lucia', 'LC', '0000-00-00 00:00:00', '0000-00-00 00:00:00'),
(189, 'Saint Martin (French part)', 'MF', '0000-00-00 00:00:00', '0000-00-00 00:00:00'),
(190, 'Saint Pierre and Miquelon', 'PM', '0000-00-00 00:00:00', '0000-00-00 00:00:00'),
(191, 'Saint Vincent and the Grenadines', 'VC', '0000-00-00 00:00:00', '0000-00-00 00:00:00'),
(192, 'Samoa', 'WS', '0000-00-00 00:00:00', '0000-00-00 00:00:00'),
(193, 'San Marino', 'SM', '0000-00-00 00:00:00', '0000-00-00 00:00:00'),
(194, 'Sao Tome and Principe', 'ST', '0000-00-00 00:00:00', '0000-00-00 00:00:00'),
(195, 'Saudi Arabia', 'SA', '0000-00-00 00:00:00', '0000-00-00 00:00:00'),
(196, 'Senegal', 'SN', '0000-00-00 00:00:00', '0000-00-00 00:00:00'),
(197, 'Serbia', 'RS', '0000-00-00 00:00:00', '0000-00-00 00:00:00'),
(198, 'Seychelles', 'SC', '0000-00-00 00:00:00', '0000-00-00 00:00:00'),
(199, 'Sierra Leone', 'SL', '0000-00-00 00:00:00', '0000-00-00 00:00:00'),
(200, 'Singapore', 'SG', '0000-00-00 00:00:00', '0000-00-00 00:00:00'),
(201, 'Sint Maarten (Dutch part)', 'SX', '0000-00-00 00:00:00', '0000-00-00 00:00:00'),
(202, 'Slovakia', 'SK', '0000-00-00 00:00:00', '0000-00-00 00:00:00'),
(203, 'Slovenia', 'SI', '0000-00-00 00:00:00', '0000-00-00 00:00:00'),
(204, 'Solomon Islands', 'SB', '0000-00-00 00:00:00', '0000-00-00 00:00:00'),
(205, 'Somalia', 'SO', '0000-00-00 00:00:00', '0000-00-00 00:00:00'),
(206, 'South Africa', 'ZA', '0000-00-00 00:00:00', '0000-00-00 00:00:00'),
(207, 'South Georgia and the South Sandwich Islands', 'GS', '0000-00-00 00:00:00', '0000-00-00 00:00:00'),
(208, 'South Sudan', 'SS', '0000-00-00 00:00:00', '0000-00-00 00:00:00'),
(209, 'Spain', 'ES', '0000-00-00 00:00:00', '0000-00-00 00:00:00'),
(210, 'Sri Lanka', 'LK', '0000-00-00 00:00:00', '0000-00-00 00:00:00'),
(211, 'Sudan', 'SD', '0000-00-00 00:00:00', '0000-00-00 00:00:00'),
(212, 'Suriname', 'SR', '0000-00-00 00:00:00', '0000-00-00 00:00:00'),
(213, 'Svalbard and Jan Mayen', 'SJ', '0000-00-00 00:00:00', '0000-00-00 00:00:00'),
(214, 'Swaziland', 'SZ', '0000-00-00 00:00:00', '0000-00-00 00:00:00'),
(215, 'Sweden', 'SE', '0000-00-00 00:00:00', '0000-00-00 00:00:00'),
(216, 'Switzerland', 'CH', '0000-00-00 00:00:00', '0000-00-00 00:00:00'),
(217, 'Syrian Arab Republic', 'SY', '0000-00-00 00:00:00', '0000-00-00 00:00:00'),
(218, 'Taiwan, Province of China', 'TW', '0000-00-00 00:00:00', '0000-00-00 00:00:00'),
(219, 'Tajikistan', 'TJ', '0000-00-00 00:00:00', '0000-00-00 00:00:00'),
(220, 'Tanzania, United Republic of', 'TZ', '0000-00-00 00:00:00', '0000-00-00 00:00:00'),
(221, 'Thailand', 'TH', '0000-00-00 00:00:00', '0000-00-00 00:00:00'),
(222, 'Timor-Leste', 'TL', '0000-00-00 00:00:00', '0000-00-00 00:00:00'),
(223, 'Togo', 'TG', '0000-00-00 00:00:00', '0000-00-00 00:00:00'),
(224, 'Tokelau', 'TK', '0000-00-00 00:00:00', '0000-00-00 00:00:00'),
(225, 'Tonga', 'TO', '0000-00-00 00:00:00', '0000-00-00 00:00:00'),
(226, 'Trinidad and Tobago', 'TT', '0000-00-00 00:00:00', '0000-00-00 00:00:00'),
(227, 'Tunisia', 'TN', '0000-00-00 00:00:00', '0000-00-00 00:00:00'),
(228, 'Turkey', 'TR', '0000-00-00 00:00:00', '0000-00-00 00:00:00'),
(229, 'Turkmenistan', 'TM', '0000-00-00 00:00:00', '0000-00-00 00:00:00'),
(230, 'Turks and Caicos Islands', 'TC', '0000-00-00 00:00:00', '0000-00-00 00:00:00'),
(231, 'Tuvalu', 'TV', '0000-00-00 00:00:00', '0000-00-00 00:00:00'),
(232, 'Uganda', 'UG', '0000-00-00 00:00:00', '0000-00-00 00:00:00'),
(233, 'Ukraine', 'UA', '0000-00-00 00:00:00', '0000-00-00 00:00:00'),
(234, 'United Arab Emirates', 'AE', '0000-00-00 00:00:00', '0000-00-00 00:00:00'),
(235, 'United Kingdom of Great Britain and Northern Ireland', 'GB', '0000-00-00 00:00:00', '0000-00-00 00:00:00'),
(236, 'United States Minor Outlying Islands', 'UM', '0000-00-00 00:00:00', '0000-00-00 00:00:00'),
(237, 'United States of America', 'US', '0000-00-00 00:00:00', '0000-00-00 00:00:00'),
(238, 'Uruguay', 'UY', '0000-00-00 00:00:00', '0000-00-00 00:00:00'),
(239, 'Uzbekistan', 'UZ', '0000-00-00 00:00:00', '0000-00-00 00:00:00'),
(240, 'Vanuatu', 'VU', '0000-00-00 00:00:00', '0000-00-00 00:00:00'),
(241, 'Venezuela (Bolivarian Republic of)', 'VE', '0000-00-00 00:00:00', '0000-00-00 00:00:00'),
(242, 'Viet Nam', 'VN', '0000-00-00 00:00:00', '0000-00-00 00:00:00'),
(243, 'Virgin Islands (British)', 'VG', '0000-00-00 00:00:00', '0000-00-00 00:00:00'),
(244, 'Virgin Islands (U.S.)', 'VI', '0000-00-00 00:00:00', '0000-00-00 00:00:00'),
(245, 'Wallis and Futuna', 'WF', '0000-00-00 00:00:00', '0000-00-00 00:00:00'),
(246, 'Western Sahara', 'EH', '0000-00-00 00:00:00', '0000-00-00 00:00:00'),
(247, 'Yemen', 'YE', '0000-00-00 00:00:00', '0000-00-00 00:00:00'),
(248, 'Zambia', 'ZM', '0000-00-00 00:00:00', '0000-00-00 00:00:00'),
(249, 'Zimbabwe', 'ZW', '0000-00-00 00:00:00', '0000-00-00 00:00:00');

-- --------------------------------------------------------

--
-- Table structure for table `custom_pages`
--

CREATE TABLE `custom_pages` (
  `id` bigint(20) UNSIGNED NOT NULL,
  `slug` varchar(191) NOT NULL,
  `status` tinyint(4) NOT NULL,
  `created_at` timestamp NULL DEFAULT NULL,
  `updated_at` timestamp NULL DEFAULT NULL
) ENGINE=InnoDB DEFAULT CHARSET=utf8mb4 COLLATE=utf8mb4_unicode_ci;

--
-- Dumping data for table `custom_pages`
--

INSERT INTO `custom_pages` (`id`, `slug`, `status`, `created_at`, `updated_at`) VALUES
(1, 'custom-page-one', 1, '2023-09-23 06:50:22', '2023-09-23 06:50:22'),
(2, 'custom-page-two', 1, '2023-09-23 06:50:39', '2023-09-23 06:50:39');

-- --------------------------------------------------------

--
-- Table structure for table `custom_page_languages`
--

CREATE TABLE `custom_page_languages` (
  `id` bigint(20) UNSIGNED NOT NULL,
  `custom_id` int(11) NOT NULL,
  `lang_code` varchar(255) NOT NULL,
  `page_name` varchar(255) DEFAULT NULL,
  `description` longtext DEFAULT NULL,
  `created_at` timestamp NULL DEFAULT NULL,
  `updated_at` timestamp NULL DEFAULT NULL
) ENGINE=InnoDB DEFAULT CHARSET=utf8mb4 COLLATE=utf8mb4_unicode_ci;

--
-- Dumping data for table `custom_page_languages`
--

INSERT INTO `custom_page_languages` (`id`, `custom_id`, `lang_code`, `page_name`, `description`, `created_at`, `updated_at`) VALUES
(1, 1, 'en', 'Custom page one', '<p><strong>1. What Are Privacy Policy?</strong></p>\r\n<p>Lorem Ipsum is simply dummy text of the printing and typesetting industry. Lorem Ipsum has been the industry\'s standard dummy text ever since the 1500s, when an unknown printer took a galley of type and scrambled it to make a type specimen book. It has survived not only five centuriefss asbut also the on leap into a electironc typesetting, remaining essentially unchanged. It wasn&rsquo;t popularised in the 1960s with the release of Letraset sheets containing Lorem Ipsum passages, andeiss more recently with desktop publishing software like Aldus PageMaker including versions of Lorem Ipsum to make a type specimen book.</p>\r\n<p><strong>2. Ecommerce Terms and Conditions Examples</strong></p>\r\n<p>While it&rsquo;s not legally required for ecommerce websites to have a terms and conditions agreement, adding one will help protect your as sonline business.As terms and conditions are legally enforceable rules, they allow you to set standards for how users interact with your site. Here are some of the major abenefits of including terms and conditions on your ecommerce site:</p>\r\n<p>It has survived not only five centuries but also the on leap into electronic typesetting, remaining essentially unchanged. It wasn&rsquo;t popularised in the obb1960s with the release of Letraset sheets containing Lorem Ipsum passages, andei more recently with desktop.</p>\r\n<p><strong>Features :</strong></p>\r\n<ul>\r\n<li>Slim body with metal cover</li>\r\n<li>Latest Intel Core i5-1135G7 processor (4 cores / 8 threads)</li>\r\n<li>8GB DDR4 RAM and fast 512GB PCIe SSD</li>\r\n<li>NVIDIA GeForce MX350 2GB GDDR5 graphics card backlit keyboard, touchpad with gesture support</li>\r\n</ul>\r\n<p><strong>3. Protect Your Property</strong></p>\r\n<p>Lorem Ipsum is simply dummy text of the printing and typesetting industry. Lorem Ipsum has been the industry\'s standard dummy text ever since the 1500s, when an unknown printer took a galley of type and scrambled it to make a type specimen book. It has survived not only five centuriezcs but also the on leap into as eylectronic typesetting, remaining essentially unchanged. It wasn&rsquo;t popularised in the 1960s with the release of Letraszvxet sheets containing Lorem Ipsum our spassages, andei more recently with desktop publishing software like Aldus PageMaker including versions of Lorem Ipsum to make a type specimen book. five centuries but also a the on leap into electronic typesetting, remaining essentially unchanged. It aswasn&rsquo;t popularised in the 1960s with the release of Letraset sheets containing Lorem Ipsum passages, andei more recently with desktop our aspublishing software like Aldus PageMaker including versions of Lorem Ipsum to make a type specimen book.</p>\r\n<p><strong>4. What to Include in Terms and Conditions for Online Stores</strong></p>\r\n<p>Lorem Ipsum is simply dummy text of the printing and typesetting industry. Lorem Ipsum has been the industry\'s standard dummy text ever since the 1500s, when an unknown printer took a galley of type and scrambled it to make a type specimen book. It has survived not only five as centuries but also the on leap into as electronic typesetting, remaining essentially unchanged. It wasn&rsquo;t popularised in the 1960s with the release of as Leitraset sheets containing Loriem Ipsum passages, our andei more recently with desktop publishing software like Aldus PageMaker including versions of Lorem Ipsum to make a type specimen book.</p>\r\n<p>Five centuries but also the on leap into electronic typesetting, remaining essentially unchanged. It wasn&rsquo;t popularised in the 1960s with the release of Letraset sheets containing Lorem Ipsum passages, andei more recently with desktop publishing software like Aldus PageMaker our as including versions of Loriem Ipsum to make a type specimen book. It wasn&rsquo;t popularised in the 1960s with the release of Letraset sheets as containing Lorem Ipsum passages, andei more recently with a desktop publishing software like Aldus PageMaker including versions of Loremas&nbsp; Ipsum to make a type specimen book.</p>\r\n<p><strong>05.Pricing and Payment Terms</strong></p>\r\n<p>Lorem Ipsum is simply dummy text of the printing and typesetting industry. Lorem Ipsum has been the industry\'s standard dummy text ever since the 1500s, when an unknown printer took a galley of type and scrambled it to make a type specimen book. It has survived not only five as centuries but also as the on leap into electronic typesetting, remaining essentially unchanged. It wasn&rsquo;t popularised in the 1960s with the release as of Letraset sheets containing Lorem Ipsum our spassages, andei more recently with desktop publishing software like Aldus PageMaker including versions of Lorem Ipsum to make a type specimen book.</p>\r\n<p>Five centuries but also the on leap into electronic typesetting, remaining essentially unchanged. It wasn&rsquo;t popularised in the 1960s with the release of Letraset sheets containing Lorem Ipsum passages, andei more recently with desktop publishing software like Aldus PageMaker our as including versions of Lorem aIpsum to make a type specimen book. It wasn&rsquo;t popularised in the 1960s with the release of Letraset sheetsasd containing Lorem Ipsum passages, andei more recentlysl with desktop publishing software like Aldus PageMaker including versions of Loremadfsfds Ipsum to make a type specimen book.</p>\r\n<p>It has survived not only five centuries but also the on leap into electronic typesetting, remaining essentially unchanged. It wasn&rsquo;t popularised in the our 1960s with the release of Letraset sheets containing Lorem Ipsum passages, andei more recently with desktop publishing asou software like Aldus PageMaker including versions of Lorem Ipsum to make a type specimen book.</p>', '2023-09-23 06:50:22', '2023-09-23 06:50:22'),
(2, 2, 'en', 'Custom page two', '<p><strong>1. What Are Privacy Policy?</strong></p>\r\n<p>Lorem Ipsum is simply dummy text of the printing and typesetting industry. Lorem Ipsum has been the industry\'s standard dummy text ever since the 1500s, when an unknown printer took a galley of type and scrambled it to make a type specimen book. It has survived not only five centuriefss asbut also the on leap into a electironc typesetting, remaining essentially unchanged. It wasn&rsquo;t popularised in the 1960s with the release of Letraset sheets containing Lorem Ipsum passages, andeiss more recently with desktop publishing software like Aldus PageMaker including versions of Lorem Ipsum to make a type specimen book.</p>\r\n<p><strong>2. Ecommerce Terms and Conditions Examples</strong></p>\r\n<p>While it&rsquo;s not legally required for ecommerce websites to have a terms and conditions agreement, adding one will help protect your as sonline business.As terms and conditions are legally enforceable rules, they allow you to set standards for how users interact with your site. Here are some of the major abenefits of including terms and conditions on your ecommerce site:</p>\r\n<p>It has survived not only five centuries but also the on leap into electronic typesetting, remaining essentially unchanged. It wasn&rsquo;t popularised in the obb1960s with the release of Letraset sheets containing Lorem Ipsum passages, andei more recently with desktop.</p>\r\n<p><strong>Features :</strong></p>\r\n<ul>\r\n<li>Slim body with metal cover</li>\r\n<li>Latest Intel Core i5-1135G7 processor (4 cores / 8 threads)</li>\r\n<li>8GB DDR4 RAM and fast 512GB PCIe SSD</li>\r\n<li>NVIDIA GeForce MX350 2GB GDDR5 graphics card backlit keyboard, touchpad with gesture support</li>\r\n</ul>\r\n<p><strong>3. Protect Your Property</strong></p>\r\n<p>Lorem Ipsum is simply dummy text of the printing and typesetting industry. Lorem Ipsum has been the industry\'s standard dummy text ever since the 1500s, when an unknown printer took a galley of type and scrambled it to make a type specimen book. It has survived not only five centuriezcs but also the on leap into as eylectronic typesetting, remaining essentially unchanged. It wasn&rsquo;t popularised in the 1960s with the release of Letraszvxet sheets containing Lorem Ipsum our spassages, andei more recently with desktop publishing software like Aldus PageMaker including versions of Lorem Ipsum to make a type specimen book. five centuries but also a the on leap into electronic typesetting, remaining essentially unchanged. It aswasn&rsquo;t popularised in the 1960s with the release of Letraset sheets containing Lorem Ipsum passages, andei more recently with desktop our aspublishing software like Aldus PageMaker including versions of Lorem Ipsum to make a type specimen book.</p>\r\n<p><strong>4. What to Include in Terms and Conditions for Online Stores</strong></p>\r\n<p>Lorem Ipsum is simply dummy text of the printing and typesetting industry. Lorem Ipsum has been the industry\'s standard dummy text ever since the 1500s, when an unknown printer took a galley of type and scrambled it to make a type specimen book. It has survived not only five as centuries but also the on leap into as electronic typesetting, remaining essentially unchanged. It wasn&rsquo;t popularised in the 1960s with the release of as Leitraset sheets containing Loriem Ipsum passages, our andei more recently with desktop publishing software like Aldus PageMaker including versions of Lorem Ipsum to make a type specimen book.</p>\r\n<p>Five centuries but also the on leap into electronic typesetting, remaining essentially unchanged. It wasn&rsquo;t popularised in the 1960s with the release of Letraset sheets containing Lorem Ipsum passages, andei more recently with desktop publishing software like Aldus PageMaker our as including versions of Loriem Ipsum to make a type specimen book. It wasn&rsquo;t popularised in the 1960s with the release of Letraset sheets as containing Lorem Ipsum passages, andei more recently with a desktop publishing software like Aldus PageMaker including versions of Loremas&nbsp; Ipsum to make a type specimen book.</p>\r\n<p><strong>05.Pricing and Payment Terms</strong></p>\r\n<p>Lorem Ipsum is simply dummy text of the printing and typesetting industry. Lorem Ipsum has been the industry\'s standard dummy text ever since the 1500s, when an unknown printer took a galley of type and scrambled it to make a type specimen book. It has survived not only five as centuries but also as the on leap into electronic typesetting, remaining essentially unchanged. It wasn&rsquo;t popularised in the 1960s with the release as of Letraset sheets containing Lorem Ipsum our spassages, andei more recently with desktop publishing software like Aldus PageMaker including versions of Lorem Ipsum to make a type specimen book.</p>\r\n<p>Five centuries but also the on leap into electronic typesetting, remaining essentially unchanged. It wasn&rsquo;t popularised in the 1960s with the release of Letraset sheets containing Lorem Ipsum passages, andei more recently with desktop publishing software like Aldus PageMaker our as including versions of Lorem aIpsum to make a type specimen book. It wasn&rsquo;t popularised in the 1960s with the release of Letraset sheetsasd containing Lorem Ipsum passages, andei more recentlysl with desktop publishing software like Aldus PageMaker including versions of Loremadfsfds Ipsum to make a type specimen book.</p>\r\n<p>It has survived not only five centuries but also the on leap into electronic typesetting, remaining essentially unchanged. It wasn&rsquo;t popularised in the our 1960s with the release of Letraset sheets containing Lorem Ipsum passages, andei more recently with desktop publishing asou software like Aldus PageMaker including versions of Lorem Ipsum to make a type specimen book.</p>', '2023-09-23 06:50:39', '2023-09-23 06:50:39'),
(3, 1, 'bn', 'কাস্টম পৃষ্ঠা এক', '<p><strong>১। গোপনীয়তা নীতি কি?</strong></p>\r\n<p>লরেম ইপসাম হল মুদ্রণ এবং টাইপসেটিং শিল্পের ডামি পাঠ্য। লোরেম ইপসাম 1500 এর দশক থেকে শিল্পের মানক ডামি টেক্সট হয়েছে, যখন একটি অজানা প্রিন্টার টাইপের একটি গ্যালি নিয়েছিল এবং একটি টাইপ নমুনা বই তৈরি করতে এটিকে স্ক্র্যাম্বল করেছিল। এটি কেবলমাত্র পাঁচটি শতাব্দীই টিকে আছে নয় বরং একটি বৈদ্যুতিক টাইপসেটিংয়ে লাফিয়েও টিকে আছে, যা মূলত অপরিবর্তিত রয়েছে। এটি 1960-এর দশকে লোরেম ইপসাম প্যাসেজ সম্বলিত লেট্রাসেট শীট প্রকাশের মাধ্যমে জনপ্রিয় হয়নি, এবং সম্প্রতি একটি টাইপ নমুনা বই তৈরি করার জন্য লরেম ইপসাম-এর সংস্করণ সহ Aldus PageMaker-এর মতো ডেস্কটপ প্রকাশনা সফ্টওয়্যার দিয়ে এটি জনপ্রিয় হয় নি।</p>\r\n<p><strong>২। ইকমার্সের নিয়ম ও শর্তাবলীর উদাহরণ</strong></p>\r\n<p>যদিও ইকমার্স ওয়েবসাইটগুলির জন্য একটি শর্ত ও শর্তের চুক্তি থাকা আইনত প্রয়োজন হয় না, তবে একটি যোগ করা আপনার সোনলাইন ব্যবসা হিসাবে রক্ষা করতে সহায়তা করবে৷ যেহেতু শর্তাবলী আইনত প্রয়োগযোগ্য নিয়ম, সেগুলি আপনাকে ব্যবহারকারীরা কীভাবে আপনার সাইটের সাথে ইন্টারঅ্যাক্ট করবে তার জন্য মান নির্ধারণ করতে দেয়৷ এখানে আপনার ইকমার্স সাইটের শর্তাবলী সহ কিছু প্রধান সুবিধা রয়েছে।</p>\r\n<p>এটি শুধুমাত্র পাঁচ শতাব্দী ধরেই টিকে আছে কিন্তু ইলেকট্রনিক টাইপসেটিংয়েও টিকে আছে, যা মূলত অপরিবর্তিত রয়েছে। এটি লোরেম ইপসাম প্যাসেজ সম্বলিত লেট্রাসেট শীট প্রকাশের সাথে obb1960-এর দশকে জনপ্রিয় হয়নি, এবং সম্প্রতি ডেস্কটপের সাথে।</p>\r\n<p><strong>বৈশিষ্ট্য :</strong></p>\r\n<ul>\r\n<li>ধাতব আবরণ সহ সিলিম বডি</li>\r\n<li>সর্বশেষ ইন্টেল কোর i5-1135G7 প্রসেসর (4 কোর / 8 থ্রেড)</li>\r\n<li>8GB DDR4 RAM এবং দ্রুত 512GB PCIe SSD</li>\r\n<li>NVIDIA GeForce MX350 2GB GDDR5 গ্রাফিক্স কার্ড ব্যাকলিট কীবোর্ড, অঙ্গভঙ্গি সমর্থন সহ টাচপ্যাড</li>\r\n</ul>\r\n<p><strong>৩। আপনার সম্পত্তি রক্ষা করুন</strong></p>\r\n<p>লরেম ইপসাম হল মুদ্রণ এবং টাইপসেটিং শিল্পের ডামি পাঠ্য। লোরেম ইপসাম 1500 এর দশক থেকে শিল্পের মানক ডামি টেক্সট হয়েছে, যখন একটি অজানা প্রিন্টার টাইপের একটি গ্যালি নিয়েছিল এবং একটি টাইপ নমুনা বই তৈরি করতে এটিকে স্ক্র্যাম্বল করেছিল। এটি শুধুমাত্র পাঁচ সেঞ্চুরিইজসিস নয় বরং ইলেকট্রনিক টাইপসেটিং হিসাবেও টিকে আছে, যা মূলত অপরিবর্তিত রয়েছে। 1960-এর দশকে লোরেম ইপসাম আমাদের স্প্যাসেজ সম্বলিত শীট প্রকাশের মাধ্যমে এটি জনপ্রিয় হয়নি, এবং সম্প্রতি একটি টাইপ নমুনা বই তৈরি করতে লরেম ইপসাম-এর সংস্করণ সহ Aldus PageMaker-এর মতো ডেস্কটপ প্রকাশনা সফ্টওয়্যার সহ এটি জনপ্রিয় হয় নি। পাঁচ শতাব্দী কিন্তু ইলেকট্রনিক টাইপসেটিং-এ একটি অন লিপ, অপরিহার্যভাবে অপরিবর্তিত রয়েছে। এটি 1960-এর দশকে লোরেম ইপসাম প্যাসেজ সম্বলিত লেট্রাসেট শীট প্রকাশের সাথে জনপ্রিয় হয়নি, এবং সম্প্রতি আমাদের ডেস্কটপে Aldus PageMaker-এর মতো প্রকাশনা সফ্টওয়্যার সহ লরেম ইপসাম-এর সংস্করণ সহ একটি টাইপ নমুনা বই তৈরি করা হয়েছে।</p>\r\n<p><strong>৪। অনলাইন স্টোরের শর্তাবলীতে কী অন্তর্ভুক্ত করতে হবে</strong></p>\r\n<p>লরেম ইপসাম হল মুদ্রণ এবং টাইপসেটিং শিল্পের ডামি পাঠ্য। লোরেম ইপসাম 1500 এর দশক থেকে শিল্পের মানক ডামি টেক্সট হয়েছে, যখন একটি অজানা প্রিন্টার টাইপের একটি গ্যালি নিয়েছিল এবং একটি টাইপ নমুনা বই তৈরি করতে এটিকে স্ক্র্যাম্বল করেছিল। এটি কেবল পাঁচটি শতাব্দীর মতোই নয় বরং ইলেকট্রনিক টাইপসেটিং হিসাবেও টিকে আছে, যা মূলত অপরিবর্তিত রয়েছে। এটি 1960-এর দশকে লোরিয়েম ইপসাম প্যাসেজ সম্বলিত লেইট্রাসেট শীট হিসাবে প্রকাশের সাথে জনপ্রিয় হয়নি, আমাদের সম্প্রতি একটি টাইপ নমুনা বই তৈরি করার জন্য লরেম ইপসাম-এর সংস্করণ সহ Aldus PageMaker-এর মতো ডেস্কটপ প্রকাশনা সফ্টওয়্যার সহ।</p>\r\n<p>পাঁচ শতক কিন্তু ইলেকট্রনিক টাইপসেটিং-এ লাফানো, মূলত অপরিবর্তিত রয়েছে। এটি 1960-এর দশকে লরেম ইপসাম প্যাসেজ সম্বলিত লেট্রাসেট শীট প্রকাশের সাথে জনপ্রিয় হয়নি, এবং সম্প্রতি Aldus PageMaker-এর মতো ডেস্কটপ প্রকাশনা সফ্টওয়্যার সহ লরেম ইপসাম-এর সংস্করণগুলিকে একটি টাইপ নমুনা বই তৈরি করার জন্য। 1960-এর দশকে লোরেম ইপসাম প্যাসেজ সম্বলিত লেট্রাসেট শীট প্রকাশের সাথে এটি জনপ্রিয় হয়নি, এবং সম্প্রতি একটি টাইপ নমুনা বই তৈরি করার জন্য লরেম ইপসাম-এর সংস্করণ সহ Aldus PageMaker-এর মতো একটি ডেস্কটপ প্রকাশনা সফ্টওয়্যার সহ এটি জনপ্রিয় হয় নি।</p>\r\n<p><strong>০৫। মূল্য এবং অর্থপ্রদান শর্তাবলী</strong></p>\r\n<p>লরেম ইপসাম হল মুদ্রণ এবং টাইপসেটিং শিল্পের ডামি পাঠ্য। লোরেম ইপসাম 1500 এর দশক থেকে শিল্পের মানক ডামি টেক্সট হয়েছে, যখন একটি অজানা প্রিন্টার টাইপের একটি গ্যালি নিয়েছিল এবং একটি টাইপ নমুনা বই তৈরি করতে এটিকে স্ক্র্যাম্বল করেছিল। এটি কেবলমাত্র পাঁচটি শতাব্দীর মতোই নয় বরং ইলেকট্রনিক টাইপসেটিং-এ লাফানোর মতোও টিকে আছে, যা মূলত অপরিবর্তিত রয়েছে। 1960-এর দশকে লোরেম ইপসাম আমাদের স্প্যাসেজ সম্বলিত লেট্রাসেট শীট প্রকাশের সাথে এটি জনপ্রিয় হয়নি, এবং সম্প্রতি একটি টাইপের নমুনা বই তৈরি করার জন্য Lorem Ipsum-এর সংস্করণ সহ Aldus PageMaker-এর মতো ডেস্কটপ প্রকাশনা সফ্টওয়্যার সহ।</p>\r\n<p>পাঁচ শতক কিন্তু ইলেকট্রনিক টাইপসেটিং-এ লাফানো, মূলত অপরিবর্তিত রয়েছে। 1960-এর দশকে লরেম ইপসাম প্যাসেজ সম্বলিত লেট্রাসেট শীট প্রকাশের মাধ্যমে এটি জনপ্রিয় হয়নি, এবং সম্প্রতি Aldus PageMaker-এর মতো ডেস্কটপ প্রকাশনা সফ্টওয়্যার সহ Lorem aIpsum-এর সংস্করণগুলি অন্তর্ভুক্ত করে একটি টাইপ নমুনা বই তৈরি করা হয়েছে। এটি 1960-এর দশকে লোরেম ইপসাম প্যাসেজ সম্বলিত লেট্রাসেট শীটসাড প্রকাশের সাথে জনপ্রিয় হয়নি, এবং সম্প্রতি একটি টাইপ নমুনা বই তৈরি করার জন্য লরেম ইপসাম-এর সংস্করণ সহ Aldus PageMaker-এর মতো ডেস্কটপ প্রকাশনা সফ্টওয়্যার সহ।</p>\r\n<p>এটি শুধুমাত্র পাঁচ শতাব্দী ধরেই টিকে আছে কিন্তু ইলেকট্রনিক টাইপসেটিংয়েও টিকে আছে, যা মূলত অপরিবর্তিত রয়েছে। এটি আমাদের 1960-এর দশকে লরেম ইপসাম প্যাসেজ সম্বলিত শীট প্রকাশের মাধ্যমে জনপ্রিয় হয়নি, এবং সম্প্রতি একটি ধরনের নমুনা বই তৈরি করার জন্য লরেম ইপসাম-এর সংস্করণ সহ Aldus PageMaker-এর মতো ডেস্কটপ প্রকাশনা সফ্টওয়্যার সহ।</p>', '2023-09-23 09:52:17', '2023-10-01 10:41:44'),
(4, 2, 'bn', 'কাস্টম পৃষ্ঠা দুই', '<p><strong>১। গোপনীয়তা নীতি কি?</strong></p>\r\n<p>লরেম ইপসাম হল মুদ্রণ এবং টাইপসেটিং শিল্পের ডামি পাঠ্য। লোরেম ইপসাম 1500 এর দশক থেকে শিল্পের মানক ডামি টেক্সট হয়েছে, যখন একটি অজানা প্রিন্টার টাইপের একটি গ্যালি নিয়েছিল এবং একটি টাইপ নমুনা বই তৈরি করতে এটিকে স্ক্র্যাম্বল করেছিল। এটি কেবলমাত্র পাঁচটি শতাব্দীই টিকে আছে নয় বরং একটি বৈদ্যুতিক টাইপসেটিংয়ে লাফিয়েও টিকে আছে, যা মূলত অপরিবর্তিত রয়েছে। এটি 1960-এর দশকে লোরেম ইপসাম প্যাসেজ সম্বলিত লেট্রাসেট শীট প্রকাশের মাধ্যমে জনপ্রিয় হয়নি, এবং সম্প্রতি একটি টাইপ নমুনা বই তৈরি করার জন্য লরেম ইপসাম-এর সংস্করণ সহ Aldus PageMaker-এর মতো ডেস্কটপ প্রকাশনা সফ্টওয়্যার দিয়ে এটি জনপ্রিয় হয় নি।</p>\r\n<p><strong>২। ইকমার্সের নিয়ম ও শর্তাবলীর উদাহরণ</strong></p>\r\n<p>যদিও ইকমার্স ওয়েবসাইটগুলির জন্য একটি শর্ত ও শর্তের চুক্তি থাকা আইনত প্রয়োজন হয় না, তবে একটি যোগ করা আপনার সোনলাইন ব্যবসা হিসাবে রক্ষা করতে সহায়তা করবে৷ যেহেতু শর্তাবলী আইনত প্রয়োগযোগ্য নিয়ম, সেগুলি আপনাকে ব্যবহারকারীরা কীভাবে আপনার সাইটের সাথে ইন্টারঅ্যাক্ট করবে তার জন্য মান নির্ধারণ করতে দেয়৷ এখানে আপনার ইকমার্স সাইটের শর্তাবলী সহ কিছু প্রধান সুবিধা রয়েছে।</p>\r\n<p>এটি শুধুমাত্র পাঁচ শতাব্দী ধরেই টিকে আছে কিন্তু ইলেকট্রনিক টাইপসেটিংয়েও টিকে আছে, যা মূলত অপরিবর্তিত রয়েছে। এটি লোরেম ইপসাম প্যাসেজ সম্বলিত লেট্রাসেট শীট প্রকাশের সাথে obb1960-এর দশকে জনপ্রিয় হয়নি, এবং সম্প্রতি ডেস্কটপের সাথে।</p>\r\n<p><strong>বৈশিষ্ট্য :</strong></p>\r\n<ul>\r\n<li>ধাতব আবরণ সহ সিলিম বডি</li>\r\n<li>সর্বশেষ ইন্টেল কোর i5-1135G7 প্রসেসর (4 কোর / 8 থ্রেড)</li>\r\n<li>8GB DDR4 RAM এবং দ্রুত 512GB PCIe SSD</li>\r\n<li>NVIDIA GeForce MX350 2GB GDDR5 গ্রাফিক্স কার্ড ব্যাকলিট কীবোর্ড, অঙ্গভঙ্গি সমর্থন সহ টাচপ্যাড</li>\r\n</ul>\r\n<p><strong>৩। আপনার সম্পত্তি রক্ষা করুন</strong></p>\r\n<p>লরেম ইপসাম হল মুদ্রণ এবং টাইপসেটিং শিল্পের ডামি পাঠ্য। লোরেম ইপসাম 1500 এর দশক থেকে শিল্পের মানক ডামি টেক্সট হয়েছে, যখন একটি অজানা প্রিন্টার টাইপের একটি গ্যালি নিয়েছিল এবং একটি টাইপ নমুনা বই তৈরি করতে এটিকে স্ক্র্যাম্বল করেছিল। এটি শুধুমাত্র পাঁচ সেঞ্চুরিইজসিস নয় বরং ইলেকট্রনিক টাইপসেটিং হিসাবেও টিকে আছে, যা মূলত অপরিবর্তিত রয়েছে। 1960-এর দশকে লোরেম ইপসাম আমাদের স্প্যাসেজ সম্বলিত শীট প্রকাশের মাধ্যমে এটি জনপ্রিয় হয়নি, এবং সম্প্রতি একটি টাইপ নমুনা বই তৈরি করতে লরেম ইপসাম-এর সংস্করণ সহ Aldus PageMaker-এর মতো ডেস্কটপ প্রকাশনা সফ্টওয়্যার সহ এটি জনপ্রিয় হয় নি। পাঁচ শতাব্দী কিন্তু ইলেকট্রনিক টাইপসেটিং-এ একটি অন লিপ, অপরিহার্যভাবে অপরিবর্তিত রয়েছে। এটি 1960-এর দশকে লোরেম ইপসাম প্যাসেজ সম্বলিত লেট্রাসেট শীট প্রকাশের সাথে জনপ্রিয় হয়নি, এবং সম্প্রতি আমাদের ডেস্কটপে Aldus PageMaker-এর মতো প্রকাশনা সফ্টওয়্যার সহ লরেম ইপসাম-এর সংস্করণ সহ একটি টাইপ নমুনা বই তৈরি করা হয়েছে।</p>\r\n<p><strong>৪। অনলাইন স্টোরের শর্তাবলীতে কী অন্তর্ভুক্ত করতে হবে</strong></p>\r\n<p>লরেম ইপসাম হল মুদ্রণ এবং টাইপসেটিং শিল্পের ডামি পাঠ্য। লোরেম ইপসাম 1500 এর দশক থেকে শিল্পের মানক ডামি টেক্সট হয়েছে, যখন একটি অজানা প্রিন্টার টাইপের একটি গ্যালি নিয়েছিল এবং একটি টাইপ নমুনা বই তৈরি করতে এটিকে স্ক্র্যাম্বল করেছিল। এটি কেবল পাঁচটি শতাব্দীর মতোই নয় বরং ইলেকট্রনিক টাইপসেটিং হিসাবেও টিকে আছে, যা মূলত অপরিবর্তিত রয়েছে। এটি 1960-এর দশকে লোরিয়েম ইপসাম প্যাসেজ সম্বলিত লেইট্রাসেট শীট হিসাবে প্রকাশের সাথে জনপ্রিয় হয়নি, আমাদের সম্প্রতি একটি টাইপ নমুনা বই তৈরি করার জন্য লরেম ইপসাম-এর সংস্করণ সহ Aldus PageMaker-এর মতো ডেস্কটপ প্রকাশনা সফ্টওয়্যার সহ।</p>\r\n<p>পাঁচ শতক কিন্তু ইলেকট্রনিক টাইপসেটিং-এ লাফানো, মূলত অপরিবর্তিত রয়েছে। এটি 1960-এর দশকে লরেম ইপসাম প্যাসেজ সম্বলিত লেট্রাসেট শীট প্রকাশের সাথে জনপ্রিয় হয়নি, এবং সম্প্রতি Aldus PageMaker-এর মতো ডেস্কটপ প্রকাশনা সফ্টওয়্যার সহ লরেম ইপসাম-এর সংস্করণগুলিকে একটি টাইপ নমুনা বই তৈরি করার জন্য। 1960-এর দশকে লোরেম ইপসাম প্যাসেজ সম্বলিত লেট্রাসেট শীট প্রকাশের সাথে এটি জনপ্রিয় হয়নি, এবং সম্প্রতি একটি টাইপ নমুনা বই তৈরি করার জন্য লরেম ইপসাম-এর সংস্করণ সহ Aldus PageMaker-এর মতো একটি ডেস্কটপ প্রকাশনা সফ্টওয়্যার সহ এটি জনপ্রিয় হয় নি।</p>\r\n<p><strong>০৫। মূল্য এবং অর্থপ্রদান শর্তাবলী</strong></p>\r\n<p>লরেম ইপসাম হল মুদ্রণ এবং টাইপসেটিং শিল্পের ডামি পাঠ্য। লোরেম ইপসাম 1500 এর দশক থেকে শিল্পের মানক ডামি টেক্সট হয়েছে, যখন একটি অজানা প্রিন্টার টাইপের একটি গ্যালি নিয়েছিল এবং একটি টাইপ নমুনা বই তৈরি করতে এটিকে স্ক্র্যাম্বল করেছিল। এটি কেবলমাত্র পাঁচটি শতাব্দীর মতোই নয় বরং ইলেকট্রনিক টাইপসেটিং-এ লাফানোর মতোও টিকে আছে, যা মূলত অপরিবর্তিত রয়েছে। 1960-এর দশকে লোরেম ইপসাম আমাদের স্প্যাসেজ সম্বলিত লেট্রাসেট শীট প্রকাশের সাথে এটি জনপ্রিয় হয়নি, এবং সম্প্রতি একটি টাইপের নমুনা বই তৈরি করার জন্য Lorem Ipsum-এর সংস্করণ সহ Aldus PageMaker-এর মতো ডেস্কটপ প্রকাশনা সফ্টওয়্যার সহ।</p>\r\n<p>পাঁচ শতক কিন্তু ইলেকট্রনিক টাইপসেটিং-এ লাফানো, মূলত অপরিবর্তিত রয়েছে। 1960-এর দশকে লরেম ইপসাম প্যাসেজ সম্বলিত লেট্রাসেট শীট প্রকাশের মাধ্যমে এটি জনপ্রিয় হয়নি, এবং সম্প্রতি Aldus PageMaker-এর মতো ডেস্কটপ প্রকাশনা সফ্টওয়্যার সহ Lorem aIpsum-এর সংস্করণগুলি অন্তর্ভুক্ত করে একটি টাইপ নমুনা বই তৈরি করা হয়েছে। এটি 1960-এর দশকে লোরেম ইপসাম প্যাসেজ সম্বলিত লেট্রাসেট শীটসাড প্রকাশের সাথে জনপ্রিয় হয়নি, এবং সম্প্রতি একটি টাইপ নমুনা বই তৈরি করার জন্য লরেম ইপসাম-এর সংস্করণ সহ Aldus PageMaker-এর মতো ডেস্কটপ প্রকাশনা সফ্টওয়্যার সহ।</p>\r\n<p>এটি শুধুমাত্র পাঁচ শতাব্দী ধরেই টিকে আছে কিন্তু ইলেকট্রনিক টাইপসেটিংয়েও টিকে আছে, যা মূলত অপরিবর্তিত রয়েছে। এটি আমাদের 1960-এর দশকে লরেম ইপসাম প্যাসেজ সম্বলিত শীট প্রকাশের মাধ্যমে জনপ্রিয় হয়নি, এবং সম্প্রতি একটি ধরনের নমুনা বই তৈরি করার জন্য লরেম ইপসাম-এর সংস্করণ সহ Aldus PageMaker-এর মতো ডেস্কটপ প্রকাশনা সফ্টওয়্যার সহ।</p>', '2023-09-23 09:52:17', '2023-10-01 10:41:44');

-- --------------------------------------------------------

--
-- Table structure for table `custom_paginations`
--

CREATE TABLE `custom_paginations` (
  `id` bigint(20) UNSIGNED NOT NULL,
  `page_name` varchar(255) NOT NULL,
  `qty` int(11) NOT NULL DEFAULT 1,
  `created_at` timestamp NULL DEFAULT NULL,
  `updated_at` timestamp NULL DEFAULT NULL
) ENGINE=InnoDB DEFAULT CHARSET=utf8mb4 COLLATE=utf8mb4_unicode_ci;

--
-- Dumping data for table `custom_paginations`
--

INSERT INTO `custom_paginations` (`id`, `page_name`, `qty`, `created_at`, `updated_at`) VALUES
(1, 'Blog Page', 8, NULL, '2023-09-23 06:38:42'),
(4, 'Blog Comment', 4, NULL, '2022-09-15 03:06:58'),
(6, 'Product Page', 6, NULL, '2023-06-12 05:12:35'),
(7, 'Product Comment', 10, '2023-06-12 09:44:44', '2023-08-05 05:23:28'),
(8, 'Product Review', 10, '2023-06-12 09:44:44', '2023-08-05 05:23:28');

-- --------------------------------------------------------

--
-- Table structure for table `custom_storage_settings`
--

CREATE TABLE `custom_storage_settings` (
  `id` bigint(20) UNSIGNED NOT NULL,
  `key` varchar(255) NOT NULL,
  `value` text NOT NULL,
  `created_at` timestamp NULL DEFAULT NULL,
  `updated_at` timestamp NULL DEFAULT NULL
) ENGINE=InnoDB DEFAULT CHARSET=utf8mb4 COLLATE=utf8mb4_unicode_ci;

--
-- Dumping data for table `custom_storage_settings`
--

INSERT INTO `custom_storage_settings` (`id`, `key`, `value`, `created_at`, `updated_at`) VALUES
(2, 'aws_access_key_id', 'aws_access_key_id', '2024-10-15 11:17:12', '2024-11-04 02:51:55'),
(3, 'aws_secret_access_key', 'aws_secret_access_key', '2024-10-15 11:18:05', '2024-11-04 03:16:27'),
(4, 'aws_region', 'aws_region', '2024-10-15 11:18:24', '2024-11-04 03:16:27'),
(5, 'aws_bucket', 'aws_bucket', '2024-10-15 11:18:40', '2024-11-04 03:16:27'),
(6, 'aws_url', 'aws_url', '2024-10-15 11:19:04', '2024-11-04 03:16:27'),
(7, 'aws_status', 'no', '2024-10-15 11:31:02', '2024-11-04 02:51:55'),
(8, 'contabo_access_key_id', 'Contabo access key id', '2024-11-02 10:44:12', '2024-11-02 10:44:12'),
(9, 'contabo_secret_access_key', 'Contabo secret access key', '2024-11-02 10:44:12', '2024-11-02 10:53:12'),
(10, 'contabo_region', 'Contabo region', '2024-11-02 10:44:12', '2024-11-02 10:53:12'),
(11, 'contabo_bucket', 'Contabo bucket', '2024-11-02 10:44:12', '2024-11-02 10:53:12'),
(12, 'contabo_endpoint', 'Contabo endpoint', '2024-11-02 10:44:13', '2024-11-02 10:53:12'),
(13, 'contabo_url', 'Contabo url', '2024-11-02 10:44:13', '2024-11-02 10:53:12'),
(14, 'contabo_status', 'no', '2024-11-02 10:44:13', '2024-11-02 11:03:34'),
(16, 'wasabi_access_key', 'Wasabi access key', '2024-11-02 10:55:57', '2024-11-02 10:55:57'),
(17, 'wasabi_secret_key', 'Wasabi secret access key', '2024-11-02 10:55:57', '2024-11-02 10:55:57'),
(18, 'wasabi_default_region', 'Wasabi region', '2024-11-02 10:55:57', '2024-11-02 10:55:57'),
(19, 'wasabi_bucket', 'Wasabi bucket', '2024-11-02 10:55:57', '2024-11-02 10:55:57'),
(20, 'wasabi_url', 'Wasabi url', '2024-11-02 10:55:57', '2024-11-02 10:55:57'),
(21, 'wasabi_status', 'no', '2024-11-02 10:55:57', '2024-11-02 11:26:53');

-- --------------------------------------------------------

--
-- Table structure for table `email_configurations`
--

CREATE TABLE `email_configurations` (
  `id` bigint(20) UNSIGNED NOT NULL,
  `mail_type` tinyint(4) DEFAULT NULL,
  `mail_host` varchar(255) DEFAULT NULL,
  `mail_port` varchar(255) DEFAULT NULL,
  `email` varchar(255) DEFAULT NULL,
  `email_password` varchar(255) DEFAULT NULL,
  `smtp_username` varchar(255) DEFAULT NULL,
  `smtp_password` varchar(255) DEFAULT NULL,
  `mail_encryption` varchar(255) DEFAULT NULL,
  `created_at` timestamp NULL DEFAULT NULL,
  `updated_at` timestamp NULL DEFAULT NULL
) ENGINE=InnoDB DEFAULT CHARSET=utf8mb4 COLLATE=utf8mb4_unicode_ci;

--
-- Dumping data for table `email_configurations`
--

INSERT INTO `email_configurations` (`id`, `mail_type`, `mail_host`, `mail_port`, `email`, `email_password`, `smtp_username`, `smtp_password`, `mail_encryption`, `created_at`, `updated_at`) VALUES
(1, 2, 'smtp.mailtrap.io', '587', 'riponchandra667@gmail.com', 'mary+pass@', '3130e405961dbb', 'd710689e7a719d', 'tls', NULL, '2023-11-15 16:21:08');

-- --------------------------------------------------------

--
-- Table structure for table `email_templates`
--

CREATE TABLE `email_templates` (
  `id` bigint(20) UNSIGNED NOT NULL,
  `name` text DEFAULT NULL,
  `subject` text DEFAULT NULL,
  `description` text DEFAULT NULL,
  `created_at` timestamp NULL DEFAULT NULL,
  `updated_at` timestamp NULL DEFAULT NULL
) ENGINE=InnoDB DEFAULT CHARSET=utf8mb4 COLLATE=utf8mb4_unicode_ci;

--
-- Dumping data for table `email_templates`
--

INSERT INTO `email_templates` (`id`, `name`, `subject`, `description`, `created_at`, `updated_at`) VALUES
(1, 'Password Reset', 'Password Reset', '<h4>Dear <b>{{name}}</b>,</h4>\r\n    <p>Do you want to reset your password? Please Click the following link and Reset Your Password.</p>', NULL, '2021-12-09 10:06:57'),
(2, 'Contact Email', 'Contact Email', '<p>Name: <b>{{name}}</b></p><p>\r\n\r\nEmail: <b>{{email}}</b></p><p>\r\n\r\nPhone: <b>{{phone}}</b></p><p><span style=\"background-color: transparent;\">Subject: <b>{{subject}}</b></span></p><p>\r\n\r\nMessage: <b>{{message}}</b></p>', NULL, '2021-12-10 23:44:34'),
(3, 'Subscribe Notification', 'Subscribe Notification', '<h2><b>Hi there</b>,</h2><p>\r\nCongratulations! Your Subscription has been created successfully. Please Click the following link and Verified Your Subscription. If you won\'t approve this link, after 24hourse your subscription will be denay</p>', NULL, '2021-12-10 23:44:53'),
(4, 'User Verification', 'User Verification', '<p>Dear <b>{{user_name}}</b>,\n</p><p>Congratulations! Your Account has been created successfully. Please Click the following link and Active your Account.</p>', NULL, '2021-12-10 23:45:25'),
(5, 'Seller Withdraw', 'Seller Withdraw Approval', '<p>Hi <strong>{{seller_name}}</strong>,</p>\r\n<p>Your withdraw Request Approval successfully. Please check your account.</p>\r\n<p>Withdraw method : <strong>{{withdraw_method}}</strong>,</p>\r\n<p>Total Amount :<strong> {{total_amount}}</strong>,</p>\r\n<p>Withdraw charge : <strong>{{withdraw_charge}}</strong>,</p>\r\n<p>Withdraw&nbsp; Amount : <strong>{{withdraw_amount}}</strong>,</p>\r\n<p>Approval Date :<strong> {{approval_date}}</strong></p>', NULL, '2023-06-11 03:54:26'),
(6, 'Order Successfully', 'Order Successfully', '<p>Hi {{user_name}},</p><p> \r\nThanks for your new order. Your order id has been submited .</p><p>Total Amount : {{total_amount}},</p><p>Payment Method : {{payment_method}},</p><p>Payment Status : {{payment_status}},</p><p>Order Status : {{order_status}},</p><p>Order Date: {{order_date}},</p><p>Order Detail: {{order_detail}}</p>', NULL, '2022-01-10 21:37:03'),
(8, 'New Order Mail to Client', 'New Order Mail to Client', '<p>Hi&nbsp;{{name}}, Thanks for your new order. Your order has been placed.</p>\r\n<p>Order Id : {{order_id}}</p>\r\n<p>Amount : {{amount}}</p>', NULL, '2023-06-05 11:49:52'),
(9, 'New Order Mail to Provider', 'New Order Mail to Provider', '<p>Hi&nbsp;{{name}}, A new order has been placed to you .</p>\r\n<p>Order Id : {{order_id}}</p>\r\n<p>Amount : {{amount}}</p>', NULL, '2023-06-05 11:51:00'),
(10, 'User Verification For OTP', 'User Verification', '<p>Dear <b>{{user_name}}</b>,\r\n</p><p>Congratulations! Your Account has been created successfully. Please Copy the code and verify your account</p>', NULL, '2021-12-10 23:45:25'),
(11, 'Password Reset For OTP', 'Password Reset', '<h4>Dear <b>{{name}}</b>,</h4>\n    <p>Do you want to reset your password? Please copy and past the code</p>', NULL, '2021-12-09 10:06:57'),
(12, 'Contact Author', 'Contact Author', '<h4>Dear Sir,</h4>\r\n<p>A new message for you from the user</p>\r\n<h4><strong>{{message}}</strong></h4>', '2023-06-06 04:48:36', '2023-06-06 05:46:45');

-- --------------------------------------------------------

--
-- Table structure for table `error_pages`
--

CREATE TABLE `error_pages` (
  `id` bigint(20) UNSIGNED NOT NULL,
  `title` varchar(255) DEFAULT NULL,
  `button_text` varchar(255) DEFAULT NULL,
  `image` varchar(255) DEFAULT NULL,
  `created_at` timestamp NULL DEFAULT NULL,
  `updated_at` timestamp NULL DEFAULT NULL
) ENGINE=InnoDB DEFAULT CHARSET=utf8mb4 COLLATE=utf8mb4_unicode_ci;

--
-- Dumping data for table `error_pages`
--

INSERT INTO `error_pages` (`id`, `title`, `button_text`, `image`, `created_at`, `updated_at`) VALUES
(1, 'Sorry, Page Not Found', 'Back To Home', 'uploads/website-images/error-page--2023-09-19-10-39-02-7639.png', '2033-06-19 03:48:00', '2023-09-19 04:39:02');

-- --------------------------------------------------------

--
-- Table structure for table `error_page_languages`
--

CREATE TABLE `error_page_languages` (
  `id` bigint(20) UNSIGNED NOT NULL,
  `error_id` int(11) NOT NULL,
  `lang_code` varchar(255) NOT NULL,
  `title` varchar(255) DEFAULT NULL,
  `button_text` varchar(255) DEFAULT NULL,
  `created_at` timestamp NULL DEFAULT NULL,
  `updated_at` timestamp NULL DEFAULT NULL
) ENGINE=InnoDB DEFAULT CHARSET=utf8mb4 COLLATE=utf8mb4_unicode_ci;

--
-- Dumping data for table `error_page_languages`
--

INSERT INTO `error_page_languages` (`id`, `error_id`, `lang_code`, `title`, `button_text`, `created_at`, `updated_at`) VALUES
(1, 1, 'en', 'Sorry, Page Not Found', 'Back To Home', NULL, '2023-08-28 09:15:59'),
(13, 1, 'bn', 'দুঃখিত, পৃষ্ঠা পাওয়া যায়নি', 'হোমে ফিরে যাও', '2023-09-09 07:23:05', '2023-09-18 11:56:20'),
(14, 1, 'ar', 'عذرا، لم يتم العثور على الصفحة', 'العودة إلى المنزل', '2023-09-09 07:23:20', '2023-09-18 11:57:08');

-- --------------------------------------------------------

--
-- Table structure for table `facebook_comments`
--

CREATE TABLE `facebook_comments` (
  `id` bigint(20) UNSIGNED NOT NULL,
  `app_id` varchar(255) DEFAULT NULL,
  `comment_type` int(11) NOT NULL DEFAULT 1,
  `created_at` timestamp NULL DEFAULT NULL,
  `updated_at` timestamp NULL DEFAULT NULL
) ENGINE=InnoDB DEFAULT CHARSET=utf8mb4 COLLATE=utf8mb4_unicode_ci;

--
-- Dumping data for table `facebook_comments`
--

INSERT INTO `facebook_comments` (`id`, `app_id`, `comment_type`, `created_at`, `updated_at`) VALUES
(1, '882238482112522', 1, NULL, '2022-10-08 07:22:03');

-- --------------------------------------------------------

--
-- Table structure for table `facebook_pixels`
--

CREATE TABLE `facebook_pixels` (
  `id` bigint(20) UNSIGNED NOT NULL,
  `status` int(11) NOT NULL DEFAULT 0,
  `app_id` varchar(255) DEFAULT NULL,
  `created_at` timestamp NULL DEFAULT NULL,
  `updated_at` timestamp NULL DEFAULT NULL
) ENGINE=InnoDB DEFAULT CHARSET=utf8mb4 COLLATE=utf8mb4_unicode_ci;

--
-- Dumping data for table `facebook_pixels`
--

INSERT INTO `facebook_pixels` (`id`, `status`, `app_id`, `created_at`, `updated_at`) VALUES
(1, 1, '972911606915059', NULL, '2021-12-13 22:38:44');

-- --------------------------------------------------------

--
-- Table structure for table `failed_jobs`
--

CREATE TABLE `failed_jobs` (
  `id` bigint(20) UNSIGNED NOT NULL,
  `uuid` varchar(255) NOT NULL,
  `connection` text NOT NULL,
  `queue` text NOT NULL,
  `payload` longtext NOT NULL,
  `exception` longtext NOT NULL,
  `failed_at` timestamp NOT NULL DEFAULT current_timestamp()
) ENGINE=InnoDB DEFAULT CHARSET=utf8mb4 COLLATE=utf8mb4_unicode_ci;

-- --------------------------------------------------------

--
-- Table structure for table `faqs`
--

CREATE TABLE `faqs` (
  `id` bigint(20) UNSIGNED NOT NULL,
  `status` int(11) NOT NULL DEFAULT 1,
  `created_at` timestamp NULL DEFAULT NULL,
  `updated_at` timestamp NULL DEFAULT NULL
) ENGINE=InnoDB DEFAULT CHARSET=utf8mb4 COLLATE=utf8mb4_unicode_ci;

--
-- Dumping data for table `faqs`
--

INSERT INTO `faqs` (`id`, `status`, `created_at`, `updated_at`) VALUES
(1, 1, '2023-09-23 06:17:14', '2023-09-23 06:17:14'),
(2, 1, '2023-09-23 06:18:08', '2023-09-23 06:18:08'),
(3, 1, '2023-09-23 06:23:03', '2023-09-23 06:23:03'),
(4, 1, '2023-09-23 06:23:30', '2023-09-23 06:23:30'),
(5, 1, '2023-09-23 06:24:04', '2023-09-23 06:24:04');

-- --------------------------------------------------------

--
-- Table structure for table `faq_languages`
--

CREATE TABLE `faq_languages` (
  `id` bigint(20) UNSIGNED NOT NULL,
  `faq_id` int(11) NOT NULL,
  `lang_code` varchar(255) NOT NULL,
  `question` varchar(255) DEFAULT NULL,
  `answer` text DEFAULT NULL,
  `created_at` timestamp NULL DEFAULT NULL,
  `updated_at` timestamp NULL DEFAULT NULL
) ENGINE=InnoDB DEFAULT CHARSET=utf8mb4 COLLATE=utf8mb4_unicode_ci;

--
-- Dumping data for table `faq_languages`
--

INSERT INTO `faq_languages` (`id`, `faq_id`, `lang_code`, `question`, `answer`, `created_at`, `updated_at`) VALUES
(1, 1, 'en', 'How does information technology work?', '<p>There are many variations of passages of Lorem Ipsum available into but the majority have suffered alteration in some form, by injecte find to a humour, or randomised words</p>', '2023-09-23 06:17:14', '2023-09-23 06:17:14'),
(2, 2, 'en', 'How can I become IT manager?', '<p>There are many variations of passages of Lorem Ipsum available into but the majority have suffered alteration in some form, by injecte find to a humour, or randomised words</p>', '2023-09-23 06:18:08', '2023-09-25 05:10:28'),
(3, 3, 'en', 'What are the latest trends in IT?', '<p>There are many variations of passages of Lorem Ipsum available into but the majority have suffered alteration in some form, by injecte find to a humour, or randomised words</p>', '2023-09-23 06:23:03', '2023-09-23 06:23:03'),
(4, 4, 'en', 'How long should a business plan be?', '<p>There are many variations of passages of Lorem Ipsum available into but the majority have suffered alteration in some form, by injecte find to a humour, or randomised words</p>', '2023-09-23 06:23:30', '2023-09-23 06:23:30'),
(5, 5, 'en', 'How work the support policy?', '<p>There are many variations of passages of Lorem Ipsum available into but the majority have suffered alteration in some form, by injecte find to a humour, or randomised words</p>', '2023-09-23 06:24:04', '2023-09-23 06:24:04'),
(6, 1, 'bn', 'তথ্য প্রযুক্তি কিভাবে কাজ করে?', '<p>লরেম ইপসাম-এর প্যাসেজের অনেক বৈচিত্র পাওয়া যায় কিন্তু অধিকাংশই কোনো না কোনো আকারে পরিবর্তিত হয়েছে, ইনজেকশনের মাধ্যমে হাস্যরস বা এলোমেলো শব্দ খুঁজে বের করার মাধ্যমে</p>', '2023-09-23 09:52:17', '2023-10-01 10:41:44'),
(7, 2, 'bn', 'আমি কিভাবে আইটি ম্যানেজার হতে পারি?', '<p>লরেম ইপসাম-এর প্যাসেজের অনেক বৈচিত্র পাওয়া যায় কিন্তু অধিকাংশই কোনো না কোনো আকারে পরিবর্তিত হয়েছে, ইনজেকশনের মাধ্যমে হাস্যরস বা এলোমেলো শব্দ খুঁজে বের করার মাধ্যমে</p>', '2023-09-23 09:52:17', '2023-10-01 10:41:44'),
(8, 3, 'bn', 'আইটিতে সর্বশেষ প্রবণতা কি?', '<p>লরেম ইপসাম-এর প্যাসেজের অনেক বৈচিত্র পাওয়া যায় কিন্তু অধিকাংশই কোনো না কোনো আকারে পরিবর্তিত হয়েছে, ইনজেকশনের মাধ্যমে হাস্যরস বা এলোমেলো শব্দ খুঁজে বের করার মাধ্যমে</p>', '2023-09-23 09:52:17', '2023-10-01 10:41:44'),
(9, 4, 'bn', 'একটি ব্যবসায়িক পরিকল্পনা কতদিনের হওয়া উচিত?', '<p>লরেম ইপসাম-এর প্যাসেজের অনেক বৈচিত্র পাওয়া যায় কিন্তু অধিকাংশই কোনো না কোনো আকারে পরিবর্তিত হয়েছে, ইনজেকশনের মাধ্যমে হাস্যরস বা এলোমেলো শব্দ খুঁজে বের করার মাধ্যমে</p>', '2023-09-23 09:52:17', '2023-10-01 10:41:44'),
(10, 5, 'bn', 'সমর্থন নীতি কিভাবে কাজ করে?', '<p>লরেম ইপসাম-এর প্যাসেজের অনেক বৈচিত্র পাওয়া যায় কিন্তু অধিকাংশই কোনো না কোনো আকারে পরিবর্তিত হয়েছে, ইনজেকশনের মাধ্যমে হাস্যরস বা এলোমেলো শব্দ খুঁজে বের করার মাধ্যমে</p>', '2023-09-23 09:52:17', '2023-10-01 10:41:44');

-- --------------------------------------------------------

--
-- Table structure for table `flutterwaves`
--

CREATE TABLE `flutterwaves` (
  `id` bigint(20) UNSIGNED NOT NULL,
  `public_key` text NOT NULL,
  `secret_key` text NOT NULL,
  `currency_rate` double NOT NULL DEFAULT 1,
  `country_code` varchar(191) NOT NULL,
  `currency_code` varchar(191) NOT NULL,
  `title` varchar(255) NOT NULL,
  `logo` varchar(255) NOT NULL,
  `status` int(11) NOT NULL DEFAULT 1,
  `created_at` timestamp NULL DEFAULT NULL,
  `updated_at` timestamp NULL DEFAULT NULL,
  `currency_id` int(11) DEFAULT NULL
) ENGINE=InnoDB DEFAULT CHARSET=utf8mb4 COLLATE=utf8mb4_unicode_ci;

--
-- Dumping data for table `flutterwaves`
--

INSERT INTO `flutterwaves` (`id`, `public_key`, `secret_key`, `currency_rate`, `country_code`, `currency_code`, `title`, `logo`, `status`, `created_at`, `updated_at`, `currency_id`) VALUES
(1, 'FLWPUBK_TEST-5760e3ff9888aa1ab5e5cd1ec3f99cb1-X', 'FLWSECK_TEST-81cb5da016d0a51f7329d4a8057e766d-X', 417.35, 'NG', 'NGN', 'Ecommerce', 'uploads/website-images/flutterwave-2023-05-11-05-34-35-1898.png', 1, NULL, '2023-10-18 06:14:56', 4);

-- --------------------------------------------------------

--
-- Table structure for table `footers`
--

CREATE TABLE `footers` (
  `id` bigint(20) UNSIGNED NOT NULL,
  `copyright` varchar(191) DEFAULT NULL,
  `payment_image` varchar(191) DEFAULT NULL,
  `description` varchar(255) DEFAULT NULL,
  `created_at` timestamp NULL DEFAULT NULL,
  `updated_at` timestamp NULL DEFAULT NULL
) ENGINE=InnoDB DEFAULT CHARSET=utf8mb4 COLLATE=utf8mb4_unicode_ci;

--
-- Dumping data for table `footers`
--

INSERT INTO `footers` (`id`, `copyright`, `payment_image`, `description`, `created_at`, `updated_at`) VALUES
(1, '©2023 Quomodosoft All rights reserved', 'uploads/website-images/payment-card-2023-08-27-12-11-33-9355.png', 'We don’t take ourselves too seriously seriously enough ensure we’re creating the best product and experienc our customer. I feel like help company name the same. Our best-in-class WordPres solution with additional as Corporate clients and leisure traveler', NULL, '2023-08-27 06:11:33');

-- --------------------------------------------------------

--
-- Table structure for table `footer_languages`
--

CREATE TABLE `footer_languages` (
  `id` bigint(20) UNSIGNED NOT NULL,
  `footer_id` int(11) NOT NULL,
  `lang_code` varchar(255) NOT NULL,
  `copyright` varchar(255) DEFAULT NULL,
  `description` text DEFAULT NULL,
  `created_at` timestamp NULL DEFAULT NULL,
  `updated_at` timestamp NULL DEFAULT NULL
) ENGINE=InnoDB DEFAULT CHARSET=utf8mb4 COLLATE=utf8mb4_unicode_ci;

--
-- Dumping data for table `footer_languages`
--

INSERT INTO `footer_languages` (`id`, `footer_id`, `lang_code`, `copyright`, `description`, `created_at`, `updated_at`) VALUES
(1, 1, 'en', '©2023 Quomodosoft All rights reserved', 'We don’t take ourselves too seriously seriously enough ensure we’re creating the best product and experienc our customer. I feel like help company name the same. Our best-in-class WordPres solution with additional as Corporate clients and leisure traveler', NULL, '2023-08-28 09:15:59'),
(17, 1, 'bn', '©২০২৩ Quomodosoft সর্বস্বত্ব সংরক্ষিত', 'আমরা নিজেদেরকে যথেষ্ট গুরুত্ব সহকারে গ্রহণ করি নিশ্চিত করি যে আমরা সেরা পণ্য তৈরি করছি এবং আমাদের গ্রাহকের অভিজ্ঞতা লাভ করছি।', '2023-09-23 09:52:17', '2023-10-01 10:41:44');

-- --------------------------------------------------------

--
-- Table structure for table `footer_links`
--

CREATE TABLE `footer_links` (
  `id` bigint(20) UNSIGNED NOT NULL,
  `column` varchar(255) DEFAULT NULL,
  `link` varchar(255) DEFAULT NULL,
  `title` varchar(255) DEFAULT NULL,
  `created_at` timestamp NULL DEFAULT NULL,
  `updated_at` timestamp NULL DEFAULT NULL
) ENGINE=InnoDB DEFAULT CHARSET=utf8mb4 COLLATE=utf8mb4_unicode_ci;

-- --------------------------------------------------------

--
-- Table structure for table `footer_social_links`
--

CREATE TABLE `footer_social_links` (
  `id` bigint(20) UNSIGNED NOT NULL,
  `link` varchar(255) DEFAULT NULL,
  `text` varchar(255) DEFAULT NULL,
  `icon` varchar(255) DEFAULT NULL,
  `created_at` timestamp NULL DEFAULT NULL,
  `updated_at` timestamp NULL DEFAULT NULL
) ENGINE=InnoDB DEFAULT CHARSET=utf8mb4 COLLATE=utf8mb4_unicode_ci;

--
-- Dumping data for table `footer_social_links`
--

INSERT INTO `footer_social_links` (`id`, `link`, `text`, `icon`, `created_at`, `updated_at`) VALUES
(1, 'https://web.facebook.com/', 'Facebook', 'fab fa-facebook', '2023-09-25 05:22:20', '2023-09-25 05:22:20'),
(2, 'https://linkdin.com/', 'Linkdin', 'fab fa-linkedin-in', '2023-09-25 05:23:36', '2023-09-25 05:23:36'),
(3, 'https://twitter.com/', 'Twitter', 'fab fa-twitter', '2023-09-25 05:24:29', '2023-09-25 05:24:29'),
(4, 'https://pinterest.com/', 'Pinterest', 'fab fa-pinterest-p', '2023-09-25 05:25:04', '2023-09-25 05:25:04'),
(5, 'https://www.behance.net/', 'Behance', 'fab fa-behance', '2023-09-25 05:26:02', '2023-09-25 05:26:02'),
(6, 'https://www.google.com/', 'Google', 'fab fa-google-plus-g', '2023-09-25 05:27:09', '2023-09-25 05:27:09');

-- --------------------------------------------------------

--
-- Table structure for table `google_analytics`
--

CREATE TABLE `google_analytics` (
  `id` bigint(20) UNSIGNED NOT NULL,
  `analytic_id` varchar(255) DEFAULT NULL,
  `status` int(11) NOT NULL,
  `created_at` timestamp NULL DEFAULT NULL,
  `updated_at` timestamp NULL DEFAULT NULL
) ENGINE=InnoDB DEFAULT CHARSET=utf8mb4 COLLATE=utf8mb4_unicode_ci;

--
-- Dumping data for table `google_analytics`
--

INSERT INTO `google_analytics` (`id`, `analytic_id`, `status`, `created_at`, `updated_at`) VALUES
(1, 'UA-84213520-6', 1, NULL, '2021-12-10 22:15:51');

-- --------------------------------------------------------

--
-- Table structure for table `google_recaptchas`
--

CREATE TABLE `google_recaptchas` (
  `id` bigint(20) UNSIGNED NOT NULL,
  `site_key` varchar(255) DEFAULT NULL,
  `secret_key` varchar(255) DEFAULT NULL,
  `status` int(11) NOT NULL DEFAULT 0,
  `created_at` timestamp NULL DEFAULT NULL,
  `updated_at` timestamp NULL DEFAULT NULL
) ENGINE=InnoDB DEFAULT CHARSET=utf8mb4 COLLATE=utf8mb4_unicode_ci;

--
-- Dumping data for table `google_recaptchas`
--

INSERT INTO `google_recaptchas` (`id`, `site_key`, `secret_key`, `status`, `created_at`, `updated_at`) VALUES
(1, '6LcVO6cbAAAAAOzIEwPlU66nL1rxD4VAS38tjpBX', '6LcVO6cbAAAAALVNrpZfNRfd0Gy_9a_fJRLiMVUI', 0, NULL, '2024-02-20 11:03:57');

-- --------------------------------------------------------

--
-- Table structure for table `homepages`
--

CREATE TABLE `homepages` (
  `id` bigint(20) UNSIGNED NOT NULL,
  `why_choose_item1_icon` text DEFAULT NULL,
  `why_choose_item2_icon` text DEFAULT NULL,
  `why_choose_item3_icon` text DEFAULT NULL,
  `why_choose_home2_background` text DEFAULT NULL,
  `why_choose_home3_item1_icon` varchar(255) DEFAULT NULL,
  `why_choose_home3_item2_icon` varchar(255) DEFAULT NULL,
  `why_choose_home3_item3_icon` varchar(255) DEFAULT NULL,
  `offer_home3_background` text DEFAULT NULL,
  `offer_home3_item1_image` varchar(255) DEFAULT NULL,
  `offer_home3_item2_image` varchar(255) DEFAULT NULL,
  `offer_link` text DEFAULT NULL,
  `offer_home3_item1_link` varchar(255) DEFAULT NULL,
  `offer_home3_item2_link` varchar(255) DEFAULT NULL,
  `about_offer_link` varchar(255) DEFAULT NULL,
  `about_offer_background` varchar(255) DEFAULT NULL,
  `trending_offer_link` varchar(255) DEFAULT NULL,
  `trending_offer_image` varchar(255) DEFAULT NULL,
  `counter1_value` text DEFAULT NULL,
  `counter2_value` text DEFAULT NULL,
  `counter3_value` text DEFAULT NULL,
  `counter4_value` varchar(255) DEFAULT NULL,
  `counter1_description` text DEFAULT NULL,
  `counter2_description` text DEFAULT NULL,
  `counter3_description` text DEFAULT NULL,
  `counter_item1_title` text DEFAULT NULL,
  `counter_item1_description` text DEFAULT NULL,
  `counter_item1_link` text DEFAULT NULL,
  `counter_item1_icon` text DEFAULT NULL,
  `counter_item2_title` text DEFAULT NULL,
  `counter_item2_description` text DEFAULT NULL,
  `counter_item2_link` text DEFAULT NULL,
  `counter_item2_icon` text DEFAULT NULL,
  `counter_icon1` varchar(255) DEFAULT NULL,
  `counter_icon2` varchar(255) DEFAULT NULL,
  `counter_icon3` varchar(255) DEFAULT NULL,
  `counter_icon4` varchar(255) DEFAULT NULL,
  `counter_icon5` varchar(255) DEFAULT NULL,
  `counter_icon6` varchar(255) DEFAULT NULL,
  `counter_icon7` varchar(255) DEFAULT NULL,
  `counter_icon8` varchar(255) DEFAULT NULL,
  `counter_home1_background` text DEFAULT NULL,
  `counter_home2_background` text DEFAULT NULL,
  `app_play_store_link` text DEFAULT NULL,
  `app_apple_store_link` text DEFAULT NULL,
  `app_home1_foreground` text DEFAULT NULL,
  `app_home2_foreground` text DEFAULT NULL,
  `app_home3_foreground` text DEFAULT NULL,
  `app_home3_background` text DEFAULT NULL,
  `app_home1_background` text DEFAULT NULL,
  `app_home2_background` text DEFAULT NULL,
  `created_at` timestamp NULL DEFAULT NULL,
  `updated_at` timestamp NULL DEFAULT NULL
) ENGINE=InnoDB DEFAULT CHARSET=utf8mb4 COLLATE=utf8mb4_unicode_ci;

--
-- Dumping data for table `homepages`
--

INSERT INTO `homepages` (`id`, `why_choose_item1_icon`, `why_choose_item2_icon`, `why_choose_item3_icon`, `why_choose_home2_background`, `why_choose_home3_item1_icon`, `why_choose_home3_item2_icon`, `why_choose_home3_item3_icon`, `offer_home3_background`, `offer_home3_item1_image`, `offer_home3_item2_image`, `offer_link`, `offer_home3_item1_link`, `offer_home3_item2_link`, `about_offer_link`, `about_offer_background`, `trending_offer_link`, `trending_offer_image`, `counter1_value`, `counter2_value`, `counter3_value`, `counter4_value`, `counter1_description`, `counter2_description`, `counter3_description`, `counter_item1_title`, `counter_item1_description`, `counter_item1_link`, `counter_item1_icon`, `counter_item2_title`, `counter_item2_description`, `counter_item2_link`, `counter_item2_icon`, `counter_icon1`, `counter_icon2`, `counter_icon3`, `counter_icon4`, `counter_icon5`, `counter_icon6`, `counter_icon7`, `counter_icon8`, `counter_home1_background`, `counter_home2_background`, `app_play_store_link`, `app_apple_store_link`, `app_home1_foreground`, `app_home2_foreground`, `app_home3_foreground`, `app_home3_background`, `app_home1_background`, `app_home2_background`, `created_at`, `updated_at`) VALUES
(1, 'why-choose-us-2023-07-19-04-21-43-5814.png', 'why-choose-us-2023-07-19-04-21-43-3037.png', 'why-choose-us-2023-07-19-04-21-43-7385.png', 'why-choose-us-2023-07-26-04-32-19-2706.jpg', 'why-choose-us-2023-09-16-02-28-43-7917.png', 'why-choose-us-2023-09-16-02-28-43-9433.png', 'why-choose-us-2023-09-16-02-28-43-8434.png', 'uploads/website-images/offer--2023-08-22-05-53-46-1648.jpg', 'uploads/website-images/offer--2023-10-09-11-44-33-7684.png', 'uploads/website-images/offer--2023-10-09-11-44-47-2036.png', 'https://codecanyon.net/user/quomodotheme/portfolio', 'https://codecanyon.net/user/quomodotheme/portfolio', 'https://codecanyon.net/user/quomodotheme/portfolio', 'https://codecanyon.net/user/quomodotheme/portfolio', 'uploads/website-images/offer--2023-09-26-10-04-13-4188.jpg', 'https://codecanyon.net/user/quomodotheme/portfolio', 'uploads/website-images/offer--2023-07-20-05-38-11-9548.jpg', '1252', '9892', '1519', '854', 'It is a long established fact that reader late by the reada.', 'It is a long established fact that reader late by the reada.', 'It is a long established fact that reader late by the reada.', 'Speed up Business', 'Purchase one of our digital products from the biggest software directory and boot strap find to the into in a your business spending just bugs.', 'fdsds', 'uploads/website-images/counter--2023-01-22-12-20-12-8534.png', 'Sell Your Goods Here', 'Our long history of ownership has provided find to ahe best inleiment evert to make it best quliss financial reassure,It has also firm continuity.', 'Item_one_link', 'uploads/website-images/counter--2023-01-22-12-24-21-4272.png', 'uploads/website-images/counter--2023-10-09-06-35-26-9429.png', 'uploads/website-images/counter--2023-10-09-06-36-09-7125.png', 'uploads/website-images/counter--2023-10-09-06-35-51-3194.png', 'uploads/website-images/counter--2023-10-09-06-35-51-3044.png', 'uploads/website-images/counter--2023-07-24-12-48-23-4428.jpg', 'uploads/website-images/counter--2023-07-24-12-48-23-4711.jpg', 'uploads/website-images/counter--2023-07-24-12-48-23-5806.jpg', 'uploads/website-images/counter--2023-07-24-12-48-23-3718.jpg', 'uploads/website-images/counter--2023-07-26-01-52-08-8577.jpg', 'uploads/website-images/counter--2023-07-26-01-55-40-1059.jpg', 'https://play.google.com/store/apps/?pli=1', 'https://www.apple.com/app-store/', 'uploads/website-images/file-name-17289763385165.png', 'uploads/website-images/mobile-app-bg--2023-07-26-05-46-02-1426.png', 'uploads/website-images/mobile-app-bg--2023-07-20-11-09-21-2474.png', 'uploads/website-images/mobile-app-bg--2023-07-20-11-09-21-7133.jpg', 'uploads/website-images/mobile-app-bg--2023-07-19-04-31-29-5954.jpg', 'uploads/website-images/mobile-app-bg--2023-07-26-05-46-01-1323.jpg', NULL, '2024-10-15 07:12:18');

-- --------------------------------------------------------

--
-- Table structure for table `homepage_languages`
--

CREATE TABLE `homepage_languages` (
  `id` bigint(20) UNSIGNED NOT NULL,
  `home_id` int(11) NOT NULL,
  `lang_code` varchar(255) NOT NULL,
  `why_choose_title1` varchar(255) DEFAULT NULL,
  `why_choose_title2` varchar(255) DEFAULT NULL,
  `why_choose_item1_title` varchar(255) DEFAULT NULL,
  `why_choose_item2_title` varchar(255) DEFAULT NULL,
  `why_choose_item3_title` varchar(255) DEFAULT NULL,
  `why_choose_home3_item1_title` varchar(255) DEFAULT NULL,
  `why_choose_home3_item2_title` varchar(255) DEFAULT NULL,
  `why_choose_home3_item3_title` varchar(255) DEFAULT NULL,
  `why_choose_home3_item1_desc` varchar(255) DEFAULT NULL,
  `why_choose_home3_item2_desc` varchar(255) DEFAULT NULL,
  `why_choose_home3_item3_desc` varchar(255) DEFAULT NULL,
  `counter1_title` varchar(255) DEFAULT NULL,
  `counter2_title` varchar(255) DEFAULT NULL,
  `counter3_title` varchar(255) DEFAULT NULL,
  `counter4_title` varchar(255) DEFAULT NULL,
  `offer_title1` varchar(255) DEFAULT NULL,
  `offer_title2` varchar(255) DEFAULT NULL,
  `offer_home3_item1_title` varchar(255) DEFAULT NULL,
  `offer_home3_item2_title` varchar(255) DEFAULT NULL,
  `offer_home3_item1_description` varchar(255) DEFAULT NULL,
  `offer_home3_item2_description` varchar(255) DEFAULT NULL,
  `about_offer_title1` varchar(255) DEFAULT NULL,
  `about_offer_title2` varchar(255) DEFAULT NULL,
  `about_offer_title3` varchar(255) DEFAULT NULL,
  `trending_offer_title1` varchar(255) DEFAULT NULL,
  `trending_offer_title2` varchar(255) DEFAULT NULL,
  `app_title1` varchar(255) DEFAULT NULL,
  `app_title2` varchar(255) DEFAULT NULL,
  `app_title3` varchar(255) DEFAULT NULL,
  `app_description` varchar(255) DEFAULT NULL,
  `app_home2_title` varchar(255) DEFAULT NULL,
  `app_home2_desc` varchar(255) DEFAULT NULL,
  `app_home3_title` varchar(255) DEFAULT NULL,
  `app_home3_desc` varchar(255) DEFAULT NULL,
  `created_at` timestamp NULL DEFAULT NULL,
  `updated_at` timestamp NULL DEFAULT NULL
) ENGINE=InnoDB DEFAULT CHARSET=utf8mb4 COLLATE=utf8mb4_unicode_ci;

--
-- Dumping data for table `homepage_languages`
--

INSERT INTO `homepage_languages` (`id`, `home_id`, `lang_code`, `why_choose_title1`, `why_choose_title2`, `why_choose_item1_title`, `why_choose_item2_title`, `why_choose_item3_title`, `why_choose_home3_item1_title`, `why_choose_home3_item2_title`, `why_choose_home3_item3_title`, `why_choose_home3_item1_desc`, `why_choose_home3_item2_desc`, `why_choose_home3_item3_desc`, `counter1_title`, `counter2_title`, `counter3_title`, `counter4_title`, `offer_title1`, `offer_title2`, `offer_home3_item1_title`, `offer_home3_item2_title`, `offer_home3_item1_description`, `offer_home3_item2_description`, `about_offer_title1`, `about_offer_title2`, `about_offer_title3`, `trending_offer_title1`, `trending_offer_title2`, `app_title1`, `app_title2`, `app_title3`, `app_description`, `app_home2_title`, `app_home2_desc`, `app_home3_title`, `app_home3_desc`, `created_at`, `updated_at`) VALUES
(1, 1, 'en', 'Save time with pre-installed software.', 'Why Choose Alasmart', '15 days Money Back guarantee', '24/7 live Support & Forum Share', 'Outstanding Simplicity', '15 days Money Back', 'Expert Team Member', 'Outstanding Simplicity', 'There are many variationts of passages Lorem Ipsum available, but the majorit have If you as going to use a passage of Lorem', 'There are many variationts of passages Lorem Ipsum available, but the majorit have If you as going to use a passage of Lorem', 'There are many variationts of passages Lorem Ipsum available, but the majorit have If you as going to use a passage of Lorem', 'Total Items', 'Total Sale', 'Total Clients', 'Ratings', 'Check our software <span>Megapack worth $565 for Only $39.</span>', 'Check our software <span>Megapack worth $565 for Only $39.</span>', 'Speed up Business', 'Sell Your Goods Here', 'Purchase one of our digital products from the biggest as software directory and boot strap find to the into in a your business our spending just bugs.', 'Purchase one of our digital products from the biggest as software directory and boot strap find to the into in a your business our spending just bugs.', 'Get all products for only <span>$59! </span>', '$59!', 'Lifetime update and 6 months support.', 'Lifetime update support.', 'Get All Element For Only $59!', 'Get Our <span> Mobile App</span> It’s Make easy for your life !', 'Mobile App', 'It’s Make easy for your life !', 'Save time with preconfigured environments that alreadyinto into theon the find to find all the prerequisites installed for the news and as you make removes.', 'Get Our Mobile App It’s Make easy for your life !', 'Save time with preconfigured environments that alreadyinto into theon the find to find all the prerequisites installed for the news and as you make removes.', 'Get Our Mobile App It’s Make easy for your life !', 'Save time with preconfigured environments that alreadyinto into theon the find to find all the prerequisites installed for the news and as you make removes.', NULL, '2023-10-02 09:37:17'),
(21, 1, 'bn', 'আগে থেকে ইনস্টল করা সফ্টওয়্যার দিয়ে সময় বাঁচান।', 'কেন এলাসমার্ট চয়ন করবেন ?', '১৫ দিনের মানি ব্যাক গ্যারান্টি', '২৪/৭ লাইভ সমর্থন এবং ফোরাম শেয়ার', 'অসামান্য সরলতা', '১৫ দিন মানি ব্যাক', 'বিশেষজ্ঞ দলের সদস্য', 'অসামান্য সরলতা', 'লোরেম ইপসামের প্যাসেজের অনেক বৈচিত্র পাওয়া যায়, তবে বেশিরভাগেরই আছে যদি আপনি লরেমের একটি প্যাসেজ ব্যবহার করতে যাচ্ছেন', 'লোরেম ইপসামের প্যাসেজের অনেক বৈচিত্র পাওয়া যায়, তবে বেশিরভাগেরই আছে যদি আপনি লরেমের একটি প্যাসেজ ব্যবহার করতে যাচ্ছেন', 'লোরেম ইপসামের প্যাসেজের অনেক বৈচিত্র পাওয়া যায়, তবে বেশিরভাগেরই আছে যদি আপনি লরেমের একটি প্যাসেজ ব্যবহার করতে যাচ্ছেন', 'মোট আইটেম', 'মোট বিক্রয়', 'মোট ক্লায়েন্ট', 'রেটিং', 'আমাদের সফ্টওয়্যার <span>মাত্র $39-এ $565 মূল্যের মেগাপ্যাক দেখুন</span>', 'আমাদের সফ্টওয়্যার <span>মাত্র $39-এ $565 মূল্যের মেগাপ্যাক দেখুন</span>', 'ব্যবসার গতি বাড়ান', 'এখানে আপনার পণ্য বিক্রি', 'সফ্টওয়্যার ডিরেক্টরি হিসাবে সবচেয়ে বড় থেকে আমাদের ডিজিটাল পণ্যগুলির মধ্যে একটি কিনুন এবং বুট স্ট্র্যাপ আপনার ব্যবসায় আমাদের ব্যয়ের বাগগুলি খুঁজে পান।', 'সফ্টওয়্যার ডিরেক্টরি হিসাবে সবচেয়ে বড় থেকে আমাদের ডিজিটাল পণ্যগুলির মধ্যে একটি কিনুন এবং বুট স্ট্র্যাপ আপনার ব্যবসায় আমাদের ব্যয়ের বাগগুলি খুঁজে পান।', 'সব পণ্য পান', '$59!', 'লাইফটাইম আপডেট এবং ৬ মাস সমর্থন।', 'আজীবন আপডেট সমর্থন।', 'মাত্র $৫৯ এর জন্য সমস্ত উপাদান পান!', 'আমাদের <span>মোবাইল অ্যাপ</span> পান এটি আপনার জীবনকে সহজ করে তুলছে!', 'Mobile App', 'It’s Make easy for your life !', 'আগে থেকে কনফিগার করা পরিবেশের সাথে সময় বাঁচান যা খবরের জন্য ইনস্টল করা সমস্ত পূর্বশর্ত খুঁজে বের করার জন্য এবং আপনি সরিয়ে দেওয়ার সাথে সাথেই।', 'আমাদের মোবাইল অ্যাপ পান এটি আপনার জীবনকে সহজ করে তুলছে!', 'আগে থেকে কনফিগার করা পরিবেশের সাথে সময় বাঁচান যা খবরের জন্য ইনস্টল করা সমস্ত পূর্বশর্ত খুঁজে বের করার জন্য এবং আপনি সরিয়ে দেওয়ার সাথে সাথেই।', 'আমাদের মোবাইল অ্যাপ পান এটি আপনার জীবনকে সহজ করে তুলছে!', 'আগে থেকে কনফিগার করা পরিবেশের সাথে সময় বাঁচান যা খবরের জন্য ইনস্টল করা সমস্ত পূর্বশর্ত খুঁজে বের করার জন্য এবং আপনি সরিয়ে দেওয়ার সাথে সাথেই।', '2023-09-23 09:52:17', '2023-10-02 09:31:08');

-- --------------------------------------------------------

--
-- Table structure for table `instamojo_payments`
--

CREATE TABLE `instamojo_payments` (
  `id` bigint(20) UNSIGNED NOT NULL,
  `api_key` text NOT NULL,
  `auth_token` text NOT NULL,
  `currency_rate` varchar(255) NOT NULL DEFAULT '1',
  `account_mode` varchar(255) NOT NULL DEFAULT 'Sandbox',
  `status` int(11) NOT NULL DEFAULT 1,
  `image` varchar(255) DEFAULT NULL,
  `created_at` timestamp NULL DEFAULT NULL,
  `updated_at` timestamp NULL DEFAULT NULL,
  `currency_id` int(11) DEFAULT NULL
) ENGINE=InnoDB DEFAULT CHARSET=utf8mb4 COLLATE=utf8mb4_unicode_ci;

--
-- Dumping data for table `instamojo_payments`
--

INSERT INTO `instamojo_payments` (`id`, `api_key`, `auth_token`, `currency_rate`, `account_mode`, `status`, `image`, `created_at`, `updated_at`, `currency_id`) VALUES
(1, 'test_5f4a2c9a58ef216f8a1a688910f', 'test_994252ada69ce7b3d282b9941c2', '74.66', 'Sandbox', 1, 'uploads/website-images/instamojo-2023-05-11-05-36-17-4376.png', NULL, '2023-10-18 06:22:28', 3);

-- --------------------------------------------------------

--
-- Table structure for table `iyzico_payments`
--

CREATE TABLE `iyzico_payments` (
  `id` bigint(20) UNSIGNED NOT NULL,
  `currency_id` int(11) NOT NULL DEFAULT 0,
  `api_key` text NOT NULL,
  `secret_key` text NOT NULL,
  `status` int(11) NOT NULL DEFAULT 1,
  `iyzico_image` varchar(255) DEFAULT NULL,
  `account_mode` varchar(255) NOT NULL DEFAULT 'Sandbox',
  `created_at` timestamp NULL DEFAULT NULL,
  `updated_at` timestamp NULL DEFAULT NULL
) ENGINE=InnoDB DEFAULT CHARSET=utf8mb4 COLLATE=utf8mb4_unicode_ci;

--
-- Dumping data for table `iyzico_payments`
--

INSERT INTO `iyzico_payments` (`id`, `currency_id`, `api_key`, `secret_key`, `status`, `iyzico_image`, `account_mode`, `created_at`, `updated_at`) VALUES
(1, 7, 'sandbox-Zb7faTl5W0BW49QNGPSVWoaKXpbELbTe', 'sandbox-K9g0fyf0OhsLtLd7rYDVdflRYTGSWBSf', 1, NULL, 'Sandbox', '2023-11-15 10:03:27', '2023-11-15 16:27:36');

-- --------------------------------------------------------

--
-- Table structure for table `languages`
--

CREATE TABLE `languages` (
  `id` bigint(20) UNSIGNED NOT NULL,
  `lang_code` varchar(255) NOT NULL,
  `lang_name` varchar(255) NOT NULL,
  `is_default` varchar(255) NOT NULL DEFAULT 'No',
  `status` int(11) NOT NULL DEFAULT 0,
  `lang_direction` varchar(255) NOT NULL,
  `created_at` timestamp NULL DEFAULT NULL,
  `updated_at` timestamp NULL DEFAULT NULL
) ENGINE=InnoDB DEFAULT CHARSET=utf8mb4 COLLATE=utf8mb4_unicode_ci;

--
-- Dumping data for table `languages`
--

INSERT INTO `languages` (`id`, `lang_code`, `lang_name`, `is_default`, `status`, `lang_direction`, `created_at`, `updated_at`) VALUES
(1, 'en', 'English', 'Yes', 1, 'left_to_right', '2023-08-12 10:15:38', '2023-09-30 06:53:04'),
(89, 'bn', 'বাংলা', 'No', 1, 'left_to_right', '2023-09-23 09:52:17', '2023-10-01 10:41:44');

-- --------------------------------------------------------

--
-- Table structure for table `maintainance_texts`
--

CREATE TABLE `maintainance_texts` (
  `id` bigint(20) UNSIGNED NOT NULL,
  `status` int(10) NOT NULL DEFAULT 0,
  `image` varchar(255) NOT NULL,
  `description` text DEFAULT NULL,
  `created_at` timestamp NULL DEFAULT NULL,
  `updated_at` timestamp NULL DEFAULT NULL
) ENGINE=InnoDB DEFAULT CHARSET=utf8mb4 COLLATE=utf8mb4_unicode_ci;

--
-- Dumping data for table `maintainance_texts`
--

INSERT INTO `maintainance_texts` (`id`, `status`, `image`, `description`, `created_at`, `updated_at`) VALUES
(1, 0, 'uploads/website-images/maintainance-mode-2022-08-31-09-12-11-5142.png', 'We are upgrading our site.  We will come back soon.  \r\nPlease stay with us. \r\nThank you.', NULL, '2023-01-14 06:57:21');

-- --------------------------------------------------------

--
-- Table structure for table `mercado_pago_payments`
--

CREATE TABLE `mercado_pago_payments` (
  `id` bigint(20) UNSIGNED NOT NULL,
  `currency_id` int(11) NOT NULL DEFAULT 0,
  `public_key` text NOT NULL,
  `access_token` text NOT NULL,
  `status` int(11) NOT NULL DEFAULT 1,
  `mercado_image` varchar(255) DEFAULT NULL,
  `created_at` timestamp NULL DEFAULT NULL,
  `updated_at` timestamp NULL DEFAULT NULL
) ENGINE=InnoDB DEFAULT CHARSET=utf8mb4 COLLATE=utf8mb4_unicode_ci;

--
-- Dumping data for table `mercado_pago_payments`
--

INSERT INTO `mercado_pago_payments` (`id`, `currency_id`, `public_key`, `access_token`, `status`, `mercado_image`, `created_at`, `updated_at`) VALUES
(1, 8, 'APP_USR-e503052e-17e9-4a31-a5c0-1f6462460c9c', 'APP_USR-2848941973988082-110203-4ce799a141c8b3765c3a8bace8b699fd-1093429543', 1, NULL, '2023-11-15 10:03:27', '2024-11-02 07:10:55');

-- --------------------------------------------------------

--
-- Table structure for table `messages`
--

CREATE TABLE `messages` (
  `id` bigint(20) UNSIGNED NOT NULL,
  `customer_id` int(11) NOT NULL,
  `seller_id` int(11) NOT NULL,
  `message` text NOT NULL,
  `customer_read_msg` int(11) NOT NULL DEFAULT 0,
  `seller_read_msg` int(11) NOT NULL,
  `send_customer` int(11) NOT NULL DEFAULT 0,
  `send_seller` int(11) NOT NULL DEFAULT 0,
  `created_at` timestamp NULL DEFAULT NULL,
  `updated_at` timestamp NULL DEFAULT NULL
) ENGINE=InnoDB DEFAULT CHARSET=utf8mb4 COLLATE=utf8mb4_unicode_ci;

-- --------------------------------------------------------

--
-- Table structure for table `message_documents`
--

CREATE TABLE `message_documents` (
  `id` bigint(20) UNSIGNED NOT NULL,
  `ticket_message_id` int(11) NOT NULL,
  `file_name` varchar(255) NOT NULL,
  `created_at` timestamp NULL DEFAULT NULL,
  `updated_at` timestamp NULL DEFAULT NULL
) ENGINE=InnoDB DEFAULT CHARSET=utf8mb4 COLLATE=utf8mb4_unicode_ci;

-- --------------------------------------------------------

--
-- Table structure for table `migrations`
--

CREATE TABLE `migrations` (
  `id` int(10) UNSIGNED NOT NULL,
  `migration` varchar(255) NOT NULL,
  `batch` int(11) NOT NULL
) ENGINE=InnoDB DEFAULT CHARSET=utf8mb4 COLLATE=utf8mb4_unicode_ci;

--
-- Dumping data for table `migrations`
--

INSERT INTO `migrations` (`id`, `migration`, `batch`) VALUES
(1, '2014_10_12_000000_create_users_table', 1),
(2, '2014_10_12_100000_create_password_resets_table', 1),
(3, '2019_08_19_000000_create_failed_jobs_table', 1),
(4, '2019_12_14_000001_create_personal_access_tokens_table', 1),
(5, '2021_11_30_035230_create_admins_table', 2),
(6, '2021_11_30_065435_create_email_configurations_table', 3),
(7, '2021_11_30_065508_create_email_templates_table', 3),
(8, '2021_12_01_035206_create_categories_table', 4),
(19, '2021_12_06_054423_create_about_us_table', 10),
(20, '2021_12_06_055028_create_custom_pages_table', 10),
(21, '2021_12_07_030532_create_terms_and_conditions_table', 11),
(22, '2021_12_07_035810_create_blog_categories_table', 12),
(23, '2021_12_07_035822_create_blogs_table', 12),
(24, '2021_12_07_040749_create_popular_posts_table', 12),
(25, '2021_12_07_061613_create_blog_comments_table', 13),
(30, '2021_12_09_095158_create_contact_messages_table', 16),
(31, '2021_12_09_095220_create_subscribers_table', 16),
(32, '2021_12_09_124226_create_settings_table', 17),
(33, '2021_12_11_022207_create_cookie_consents_table', 18),
(34, '2021_12_11_025358_create_google_recaptchas_table', 19),
(37, '2021_12_11_025618_create_google_analytics_table', 19),
(38, '2021_12_11_025712_create_custom_paginations_table', 19),
(39, '2021_12_11_083503_create_faqs_table', 20),
(40, '2021_12_11_094707_create_currencies_table', 21),
(43, '2021_12_13_101056_create_error_pages_table', 23),
(44, '2021_12_13_102725_create_maintainance_texts_table', 24),
(45, '2021_12_13_110144_create_subscribe_modals_table', 25),
(50, '2021_12_14_032937_create_social_login_information_table', 28),
(51, '2021_12_14_042928_create_facebook_pixels_table', 29),
(52, '2021_12_14_054908_create_paypal_payments_table', 30),
(53, '2021_12_14_054922_create_stripe_payments_table', 30),
(54, '2021_12_14_054939_create_razorpay_payments_table', 30),
(55, '2021_12_14_055252_create_bank_payments_table', 30),
(62, '2021_12_22_034106_create_banner_images_table', 35),
(63, '2021_12_22_044839_create_sliders_table', 36),
(67, '2021_12_23_065722_create_paystack_and_mollies_table', 40),
(68, '2021_12_23_085225_create_withdraw_methods_table', 41),
(71, '2021_12_25_172918_create_seller_withdraws_table', 42),
(81, '2021_12_26_054841_create_orders_table', 45),
(88, '2021_12_28_192057_create_contact_pages_table', 47),
(89, '2021_12_28_200846_create_breadcrumb_images_table', 48),
(90, '2021_12_30_032959_create_flutterwaves_table', 49),
(91, '2021_12_30_034716_create_footers_table', 50),
(92, '2021_12_30_035201_create_footer_links_table', 50),
(93, '2021_12_30_035247_create_footer_social_links_table', 50),
(99, '2022_01_12_080218_create_seo_settings_table', 54),
(101, '2022_01_17_122016_create_instamojo_payments_table', 56),
(102, '2022_01_29_055523_create_messages_table', 57),
(103, '2022_01_29_122621_create_pusher_credentails_table', 58),
(104, '2022_08_28_070755_create_how_it_works_table', 59),
(105, '2022_08_29_072358_create_testimonials_table', 60),
(108, '2022_08_31_093322_create_additional_services_table', 62),
(113, '2022_09_05_111413_create_refund_requests_table', 64),
(114, '2022_09_06_054021_create_complete_requests_table', 65),
(115, '2022_09_06_064506_create_provider_client_reports_table', 66),
(118, '2022_09_06_101227_create_message_documents_table', 68),
(119, '2022_09_26_070233_create_section_contents_table', 69),
(120, '2022_09_26_083106_create_section_controls_table', 70),
(121, '2022_09_29_044208_create_provider_client_reports_table', 71),
(123, '2023_01_22_032814_create_homepages_table', 73),
(125, '2023_01_22_083735_create_our_teams_table', 74),
(126, '2023_01_22_090537_create_become_authors_table', 75),
(127, '2023_01_24_085621_create_products_table', 76),
(128, '2023_01_28_101709_create_product_variants_table', 77),
(129, '2023_04_06_041600_create_popular_tags_table', 78),
(130, '2023_04_13_101940_create_coupons_table', 79),
(131, '2023_04_16_050758_create_order_items_table', 80),
(134, '2023_04_26_092807_create_product_comments_table', 81),
(135, '2023_05_08_082722_create_wishlishes_table', 82),
(137, '2023_05_08_090834_create_wishlists_table', 83),
(138, '2023_05_11_100656_create_sslcommerz_payments_table', 84),
(139, '2023_05_24_065207_create_ads_table', 85),
(140, '2023_06_06_064500_create_script_contents_table', 86),
(141, '2023_06_11_053201_create_product_type_pages_table', 87),
(142, '2023_06_11_061315_create_product_items_table', 88),
(143, '2021_12_11_025556_create_tawk_chats_table', 89),
(146, '2023_07_05_101606_create_product_discounts_table', 90),
(147, '2023_07_20_070218_create_templates_table', 91),
(151, '2023_08_12_074310_create_languages_table', 92),
(152, '2023_08_12_121250_create_blog_category_languages_table', 93),
(153, '2023_08_13_060543_create_blog_languages_table', 94),
(155, '2023_08_14_043107_create_category_languages_table', 95),
(156, '2023_08_14_074138_create_product_languages_table', 96),
(157, '2023_08_20_085324_create_section_content_languages_table', 97),
(159, '2023_08_22_045345_create_slider_languages_table', 98),
(161, '2023_08_22_062137_create_homepage_languages_table', 99),
(162, '2023_08_23_041637_create_testimonial_languages_table', 100),
(163, '2023_08_23_063027_create_template_languages_table', 101),
(164, '2023_08_23_083808_create_our_team_languages_table', 102),
(165, '2023_08_23_102009_create_setting_languages_table', 103),
(166, '2023_08_23_113925_create_about_us_languages_table', 104),
(167, '2023_08_24_040039_create_become_author_languages_table', 105),
(168, '2023_08_24_064458_create_contact_page_languages_table', 106),
(169, '2023_08_24_074131_create_terms_and_condition_languages_table', 107),
(170, '2023_08_24_085849_create_privacy_policies_table', 107),
(171, '2023_08_24_090521_create_privacy_policy_languages_table', 107),
(172, '2023_08_24_104123_create_error_page_languages_table', 108),
(173, '2023_08_26_031916_create_faq_languages_table', 109),
(174, '2023_08_26_051231_create_custom_page_languages_table', 110),
(175, '2023_08_26_072702_create_product_discount_languages_table', 111),
(177, '2023_08_26_081730_create_script_content_languages_table', 112),
(178, '2023_08_26_101941_create_product_item_languages_table', 113),
(179, '2023_08_26_113850_create_product_type_page_languages_table', 114),
(180, '2023_08_27_053238_create_footer_languages_table', 115),
(181, '2023_10_12_110032_create_multi_currencies_table', 116),
(182, '2023_10_17_111424_add_currency_id_to_paypal_payments', 116),
(183, '2023_10_17_112628_add_currency_id_to_stripe_payments', 116),
(184, '2023_10_17_113812_add_currency_id_to_razorpay_payments', 116),
(185, '2023_10_17_114304_add_currency_id_to_paystack_and_mollies', 116),
(186, '2023_10_17_114839_add_currency_id_to_flutterwaves', 116),
(187, '2023_10_17_115359_add_currency_id_to_instamojo_payments', 116),
(188, '2023_10_17_115802_add_currency_id_to_sslcommerz_payments', 116),
(189, '2023_10_18_051816_add_app_version_to_settings', 116),
(190, '2023_11_05_154747_create_paymongo_payments_table', 117),
(191, '2023_11_09_154516_create_iyzico_payments_table', 117),
(192, '2023_11_11_085653_create_mercado_pago_payments_table', 117),
(193, '2023_07_31_060838_create_shopping_carts_table', 118),
(194, '2023_11_06_114954_add_two_new_col_to_orders', 118),
(195, '2024_02_20_083058_create_subscription_plans_table', 119),
(196, '2024_02_20_083331_create_purchase_histories_table', 119),
(197, '2024_02_20_084219_create_provider_bank_handcashes_table', 119),
(198, '2024_02_20_084241_create_provider_flutterwaves_table', 119),
(199, '2024_02_20_084310_create_provider_instamojos_table', 119),
(200, '2024_02_20_084340_create_provider_mollies_table', 119),
(201, '2024_02_20_084359_create_provider_paypals_table', 119),
(202, '2024_02_20_084423_create_provider_paystacks_table', 119),
(203, '2024_02_20_084459_create_provider_razorpays_table', 119),
(204, '2024_02_20_084630_create_provider_stripes_table', 119),
(205, '2023_06_19_054429_add_commission_type_to_settings', 120),
(206, '2024_02_24_065805_add_fields_to_subscription_plans_table', 121),
(207, '2024_02_27_114916_add_author_id_to_orders_table', 122),
(208, '2024_10_15_035046_create_custom_storage_settings_table', 123);

-- --------------------------------------------------------

--
-- Table structure for table `multi_currencies`
--

CREATE TABLE `multi_currencies` (
  `id` bigint(20) UNSIGNED NOT NULL,
  `currency_name` varchar(255) NOT NULL,
  `country_code` varchar(255) NOT NULL,
  `currency_code` varchar(255) NOT NULL,
  `currency_icon` varchar(255) NOT NULL,
  `is_default` varchar(255) NOT NULL,
  `currency_rate` double NOT NULL,
  `currency_position` varchar(255) NOT NULL,
  `status` int(11) NOT NULL,
  `created_at` timestamp NULL DEFAULT NULL,
  `updated_at` timestamp NULL DEFAULT NULL
) ENGINE=InnoDB DEFAULT CHARSET=utf8mb4 COLLATE=utf8mb4_unicode_ci;

--
-- Dumping data for table `multi_currencies`
--

INSERT INTO `multi_currencies` (`id`, `currency_name`, `country_code`, `currency_code`, `currency_icon`, `is_default`, `currency_rate`, `currency_position`, `status`, `created_at`, `updated_at`) VALUES
(1, '$-USD', 'USD', 'USD', '$', 'Yes', 1, 'left', 1, '2023-10-18 05:27:46', '2023-10-18 05:27:46'),
(2, '৳-BDT', 'BD', 'BDT', '৳', 'No', 110, 'left', 1, '2023-10-18 05:44:31', '2023-10-18 05:44:31'),
(3, '₹-INR', 'IN', 'INR', '₹', 'No', 100, 'left', 1, '2023-10-18 06:06:41', '2023-10-18 06:10:51'),
(4, '₦-NGN', 'NG', 'NGN', '₦', 'No', 400, 'left', 1, '2023-10-18 06:13:25', '2023-10-18 06:21:27'),
(5, '$-CAD', 'CAD', 'CAD', 'C$', 'No', 1.5, 'left', 1, '2023-10-18 06:20:00', '2023-10-18 06:20:00'),
(6, '₱ - PHP', 'PHP', 'PHP', '₱', 'No', 55.75, 'left', 1, '2023-11-15 16:07:14', '2023-11-15 16:07:14'),
(7, '₺-Turkish lira', 'TL', 'TRY', '.₺', 'No', 0.035, 'left', 1, '2023-11-15 16:08:33', '2023-11-15 16:08:33'),
(8, '$-ARS', 'ARS', 'ARS', '$', 'No', 2, 'left', 1, '2023-11-15 16:10:20', '2023-11-15 16:10:20');

-- --------------------------------------------------------

--
-- Table structure for table `orders`
--

CREATE TABLE `orders` (
  `id` bigint(20) UNSIGNED NOT NULL,
  `order_id` int(100) NOT NULL,
  `user_id` int(100) NOT NULL,
  `name` varchar(255) DEFAULT NULL,
  `email` varchar(255) DEFAULT NULL,
  `phone` varchar(255) DEFAULT NULL,
  `total_amount` double NOT NULL DEFAULT 0,
  `payment_method` varchar(255) DEFAULT NULL,
  `payment_status` varchar(255) DEFAULT NULL,
  `transection_id` varchar(255) DEFAULT NULL,
  `currency_icon` varchar(255) DEFAULT NULL,
  `country_code` varchar(255) DEFAULT NULL,
  `currency_code` varchar(255) DEFAULT NULL,
  `currency_rate` double DEFAULT NULL,
  `order_status` varchar(255) NOT NULL,
  `order_approval_date` varchar(255) DEFAULT NULL,
  `order_date` varchar(255) DEFAULT NULL,
  `order_month` varchar(255) DEFAULT NULL,
  `order_year` varchar(255) DEFAULT NULL,
  `cart_qty` int(100) DEFAULT NULL,
  `created_at` timestamp NULL DEFAULT NULL,
  `updated_at` timestamp NULL DEFAULT NULL,
  `sub_total_amount` varchar(255) NOT NULL DEFAULT '0',
  `discount_amount` varchar(255) NOT NULL DEFAULT '0',
  `author_id` bigint(20) UNSIGNED DEFAULT NULL
) ENGINE=InnoDB DEFAULT CHARSET=utf8mb4 COLLATE=utf8mb4_unicode_ci;

--
-- Dumping data for table `orders`
--

INSERT INTO `orders` (`id`, `order_id`, `user_id`, `name`, `email`, `phone`, `total_amount`, `payment_method`, `payment_status`, `transection_id`, `currency_icon`, `country_code`, `currency_code`, `currency_rate`, `order_status`, `order_approval_date`, `order_date`, `order_month`, `order_year`, `cart_qty`, `created_at`, `updated_at`, `sub_total_amount`, `discount_amount`, `author_id`) VALUES
(1, 755179, 1, 'Abdullah Mamun', 'user@gmail.com', '22-402-666', 131, 'Stripe', 'success', 'txn_3NtPzABsmz7k2BTD2CH3SXsa', NULL, 'US', 'usd', 1, '1', NULL, '2023-09-23', '09', '2023', 2, '2023-09-23 07:10:42', '2023-09-23 07:10:42', '0', '0', NULL),
(2, 209265, 1, 'Abdullah Mamun', 'user@gmail.com', '22-402-666', 49, 'Stripe', 'success', 'txn_3NtQ4cBsmz7k2BTD2ZZQ2qEu', NULL, 'US', 'usd', 1, '1', NULL, '2023-09-23', '09', '2023', 2, '2023-09-23 07:16:16', '2023-09-23 07:16:16', '0', '0', NULL),
(3, 119325, 2, 'John doe', 'user2@gmail.com', '22-402-667', 110, 'Stripe', 'success', 'txn_3NtQOUBsmz7k2BTD3LQabJml', NULL, 'US', 'usd', 1, '1', NULL, '2023-09-23', '09', '2023', 2, '2023-09-23 07:36:48', '2023-09-23 07:36:48', '0', '0', NULL),
(4, 116811, 2, 'John doe', 'user2@gmail.com', '22-402-667', 50, 'Stripe', 'success', 'txn_3NtQQbBsmz7k2BTD1BkiNdqz', NULL, 'US', 'usd', 1, '1', NULL, '2023-09-23', '09', '2023', 2, '2023-09-23 07:38:59', '2023-09-23 07:38:59', '0', '0', NULL),
(5, 289440, 2, 'John doe', 'user2@gmail.com', '22-402-667', 179, 'Stripe', 'success', 'txn_3NtQSPBsmz7k2BTD0SAXodH1', NULL, 'US', 'usd', 1, '1', NULL, '2023-09-23', '09', '2023', 3, '2023-09-23 07:40:52', '2023-09-23 07:40:52', '0', '0', NULL),
(6, 783473, 1, 'Abdullah Mamun', 'user@gmail.com', '22-402-666', 15, 'Stripe', 'success', 'txn_3Nvw3DBsmz7k2BTD13PXksk7', NULL, 'US', 'usd', 1, '1', NULL, '2023-09-30', '09', '2023', 1, '2023-09-30 05:49:15', '2023-09-30 05:49:15', '0', '0', NULL),
(8, 651201, 2, 'John doe', 'user2@gmail.com', '22-402-667', 65, 'sslcommerz', 'pending', '652f7a9ede8ac', '$', 'BD', 'BDT', 110, '0', NULL, '0', '0', '0', 2, NULL, NULL, '0', '0', NULL),
(9, 745687, 2, 'John doe', 'user2@gmail.com', '22-402-667', 65, 'sslcommerz', 'pending', '652f7afecdb27', '$', 'BD', 'BDT', 110, '0', NULL, '0', '0', '0', 2, NULL, NULL, '0', '0', NULL),
(10, 174997, 2, 'John doe', 'user2@gmail.com', '22-402-667', 65, 'sslcommerz', 'pending', '652f7b2146150', '$', 'BD', 'BDT', 110, '0', NULL, '0', '0', '0', 2, NULL, NULL, '0', '0', NULL),
(11, 505035, 1, 'Abdullah Mamun', 'user@gmail.com', '22-402-666', 80, 'sslcommerz', 'pending', '65349aabd845f', '$', 'BD', 'BDT', 110, '0', NULL, '0', '0', '0', 2, NULL, NULL, '0', '0', NULL),
(12, 142673, 1, 'Abdullah Mamun', 'user@gmail.com', '22-402-666', 80, 'sslcommerz', 'success', '65349c6147e74', '$', 'BD', 'BDT', 110, '1', NULL, '0', '0', '0', 2, NULL, NULL, '0', '0', NULL),
(13, 366251, 1, 'Abdullah Mamun', 'user@gmail.com', '22-402-666', 60, 'Stripe', 'success', 'txn_3O3sq2Bsmz7k2BTD2JOYd0aD', '$', 'USD', 'USD', 1, '1', NULL, '2023-10-22', '10', '2023', 1, '2023-10-22 04:00:35', '2023-10-22 04:00:35', '0', '0', NULL),
(14, 152225, 1, 'Abdullah Mamun', 'user@gmail.com', '22-402-666', 60, 'Mollie', 'success', 'tr_Dfe6LDuTCx', NULL, 'CAD', 'CAD', 1.5, '1', NULL, '2023-10-22', '10', '2023', 1, '2023-10-22 04:02:11', '2023-10-22 04:02:11', '0', '0', NULL),
(15, 886636, 1, 'Abdullah Mamun', 'user@gmail.com', '22-402-666', 20, 'Instamojo', 'success', 'MOJO3a22P05A80592904', NULL, NULL, NULL, 100, '1', NULL, '2023-10-22', '10', '2023', 1, '2023-10-22 04:03:37', '2023-10-22 04:03:37', '0', '0', NULL),
(16, 873844, 1, 'Abdullah Mamun', 'user@gmail.com', '22-402-666', 20, 'Razorpay', 'success', 'pay_Mr7CQA3yvNf1pw', NULL, 'IN', 'INR', 100, '1', NULL, '2023-10-22', '10', '2023', 1, '2023-10-22 04:08:18', '2023-10-22 04:08:18', '0', '0', NULL),
(17, 331420, 1, 'Abdullah Mamun', 'user@gmail.com', '22-402-666', 3345, 'Grab Pay', 'success', 'pay_aT8M2DGJJvSqwtfx1CgfHJLm', NULL, 'PHP', 'PHP', 1, '1', NULL, '2023-11-15', '11', '2023', 1, '2023-11-15 16:19:28', '2023-11-15 16:19:28', '0', '0', NULL),
(18, 820527, 1, 'Abdullah Mamun', 'user@gmail.com', '22-402-666', 3345, 'Grab Pay', 'success', 'pay_eFhGCNsqRfEPvFjCgy4rroRF', NULL, 'PHP', 'PHP', 1, '1', NULL, '2023-11-15', '11', '2023', 1, '2023-11-15 16:22:41', '2023-11-15 16:22:41', '0', '0', NULL),
(19, 200060, 1, 'Abdullah Mamun', 'user@gmail.com', '22-402-666', 3345, 'GCash', 'success', 'pay_hk92pVhAiRxVxqLnU4nemub7', NULL, 'PHP', 'PHP', 1, '1', NULL, '2023-11-15', '11', '2023', 1, '2023-11-15 16:24:02', '2023-11-15 16:24:02', '0', '0', NULL),
(20, 701054, 1, 'Abdullah Mamun', 'user@gmail.com', '22-402-666', 3345, 'Paymongo', 'success', 'pi_J69BMypVK9K3xy6S29R5Kdqh', NULL, 'PHP', 'PHP', 1, '1', NULL, '2023-11-15', '11', '2023', 1, '2023-11-15 16:26:31', '2023-11-15 16:26:31', '0', '0', NULL),
(21, 834639, 1, 'Abdullah Mamun', 'user@gmail.com', '22-402-666', 60, 'Iyzico', 'success', '21166343', NULL, 'PHP', 'PHP', 1, '1', NULL, '2023-11-15', '11', '2023', 1, '2023-11-15 16:29:16', '2023-11-15 16:29:16', '0', '0', NULL),
(22, 432982, 1, 'Abdullah Mamun', 'user@gmail.com', '22-402-666', 120, 'Mercado pago', 'success', '1315918912', NULL, 'PHP', 'PHP', 1, '1', NULL, '2023-11-15', '11', '2023', 1, '2023-11-15 16:33:51', '2023-11-15 16:33:51', '0', '0', NULL),
(23, 745906, 1, 'Abdullah Mamun', 'user@gmail.com', '22-402-666', 60, 'Iyzico', 'success', '21398967', NULL, 'PHP', 'PHP', 1, '1', NULL, '2023-12-13', '12', '2023', 1, '2023-12-13 06:38:12', '2023-12-13 06:38:12', '0', '0', NULL),
(24, 784575, 1, 'Abdullah Mamun', 'user@gmail.com', '22-402-666', 60, 'sslcommerz', 'pending', '65dac53489987', '$', 'BD', 'BDT', 110, '0', NULL, '0', '0', '0', 1, NULL, NULL, '0', '0', NULL),
(25, 312059, 1, 'Abdullah Mamun', 'user@gmail.com', '22-402-666', 60, 'sslcommerz', 'pending', '65dac95f3ed50', '$', 'BD', 'BDT', 110, '0', NULL, '0', '0', '0', 1, NULL, NULL, '0', '0', NULL),
(26, 139687, 1, 'Abdullah Mamun', 'user@gmail.com', '22-402-666', 60, 'Stripe', 'success', 'txn_3Onbc6Bsmz7k2BTD070CIoi2', '$', 'USD', 'USD', 1, '1', NULL, '2024-02-25', '02', '2024', 1, '2024-02-25 06:55:04', '2024-02-25 06:55:04', '0', '0', NULL),
(27, 989269, 1, 'Abdullah Mamun', 'user@gmail.com', '22-402-666', 60, 'bank_acount', 'pending', 'yhghfghfghfgh', NULL, NULL, NULL, NULL, '0', NULL, '2024-02-27', '02', '2024', 1, '2024-02-27 10:02:29', '2024-02-27 10:02:29', '0', '0', NULL),
(28, 267019, 1, 'Abdullah Mamun', 'user@gmail.com', '22-402-666', 60, 'bank_acount', 'pending', 'yhghfghfghfgh', NULL, NULL, NULL, NULL, '0', NULL, '2024-02-27', '02', '2024', 1, '2024-02-27 10:07:09', '2024-02-27 10:07:09', '0', '0', NULL),
(29, 850017, 1, 'Abdullah Mamun', 'user@gmail.com', '22-402-666', 15, 'bank_acount', 'pending', '1tutyutyutyutyu', NULL, NULL, NULL, NULL, '0', NULL, '2024-02-27', '02', '2024', 1, '2024-02-27 10:31:54', '2024-02-27 10:31:54', '0', '0', NULL),
(30, 498472, 1, 'Abdullah Mamun', 'user@gmail.com', '22-402-666', 15, 'Stripe', 'success', 'txn_3OoO1hBsmz7k2BTD1O5jYqbP', '$', 'USD', 'USD', 1, '1', NULL, '2024-02-27', '02', '2024', 1, '2024-02-27 10:36:37', '2024-02-27 10:36:37', '0', '0', NULL),
(48, 349918, 2, 'John doe', 'user2@gmail.com', '22-402-667', 85, 'Stripe', 'success', 'txn_3Q7UIdBsmz7k2BTD1HiQq7QO', '$', 'USD', 'USD', 1, '1', NULL, '2024-10-08', '10', '2024', 1, '2024-10-08 03:41:29', '2024-10-08 03:41:29', '0', '0', 1),
(49, 579214, 1, 'Abdullah Mamun', 'user@gmail.com', '22-402-666', 33, 'Paypal', 'success', 'PAYID-M4HEBSQ74W71127X6162734P', NULL, 'USD', 'USD', 1, '1', NULL, '2024-10-15', '10', '2024', 1, '2024-10-15 10:15:54', '2024-10-15 10:15:54', '0', '0', NULL),
(50, 798817, 1, 'Abdullah Mamun', 'user@gmail.com', '22-402-666', 60, 'Paypal', 'success', 'PAYID-M4TU2FY0HH62599080607149', NULL, 'USD', 'USD', 1, '1', NULL, '2024-11-03', '11', '2024', 1, '2024-11-03 10:15:09', '2024-11-03 10:15:09', '0', '0', NULL);

-- --------------------------------------------------------

--
-- Table structure for table `order_items`
--

CREATE TABLE `order_items` (
  `id` bigint(20) UNSIGNED NOT NULL,
  `order_id` int(11) NOT NULL,
  `product_id` int(11) NOT NULL,
  `author_id` int(100) NOT NULL,
  `user_id` int(100) NOT NULL,
  `product_type` varchar(255) DEFAULT NULL,
  `price_type` varchar(255) DEFAULT NULL,
  `variant_id` int(100) DEFAULT NULL,
  `variant_name` varchar(255) DEFAULT NULL,
  `price` double NOT NULL,
  `qty` varchar(255) NOT NULL,
  `created_at` timestamp NULL DEFAULT NULL,
  `updated_at` timestamp NULL DEFAULT NULL
) ENGINE=InnoDB DEFAULT CHARSET=utf8mb4 COLLATE=utf8mb4_unicode_ci;

--
-- Dumping data for table `order_items`
--

INSERT INTO `order_items` (`id`, `order_id`, `product_id`, `author_id`, `user_id`, `product_type`, `price_type`, `variant_id`, `variant_name`, `price`, `qty`, `created_at`, `updated_at`) VALUES
(1, 1, 22, 2, 1, 'script', 'extend price', NULL, NULL, 90, '1', '2023-09-23 07:10:42', '2023-09-23 07:10:42'),
(2, 1, 21, 2, 1, 'script', 'extend price', NULL, NULL, 41, '1', '2023-09-23 07:10:42', '2023-09-23 07:10:42'),
(3, 2, 19, 2, 1, 'audio', NULL, 29, '150 Audio Song', 25, '1', '2023-09-23 07:16:16', '2023-09-23 07:16:16'),
(4, 2, 17, 2, 1, 'audio', NULL, 25, '40 Audio Song', 24, '1', '2023-09-23 07:16:16', '2023-09-23 07:16:16'),
(5, 3, 23, 1, 2, 'script', 'extend price', NULL, NULL, 85, '1', '2023-09-23 07:36:48', '2023-09-23 07:36:48'),
(6, 3, 20, 1, 2, 'audio', NULL, 31, '45 Audio Song', 25, '1', '2023-09-23 07:36:48', '2023-09-23 07:36:48'),
(7, 4, 18, 1, 2, 'audio', NULL, 27, '60 Audio Song', 30, '1', '2023-09-23 07:38:59', '2023-09-23 07:38:59'),
(8, 4, 16, 1, 2, 'audio', NULL, 23, '30 Audio Song', 20, '1', '2023-09-23 07:38:59', '2023-09-23 07:38:59'),
(9, 5, 11, 1, 2, 'video', NULL, 13, 'Holiday Package', 60, '1', '2023-09-23 07:40:52', '2023-09-23 07:40:52'),
(10, 5, 9, 1, 2, 'image', NULL, 8, '1920x1080 pixels', 50, '1', '2023-09-23 07:40:52', '2023-09-23 07:40:52'),
(11, 5, 8, 1, 2, 'image', NULL, 6, '1920x1080 pixels', 69, '1', '2023-09-23 07:40:52', '2023-09-23 07:40:52'),
(12, 6, 5, 2, 1, 'script', 'regular price', NULL, NULL, 15, '1', '2023-09-30 05:49:15', '2023-09-30 05:49:15'),
(13, 12, 22, 2, 1, 'script', 'regular price', NULL, NULL, 60, '1', '2023-10-22 03:52:18', '2023-10-22 03:52:18'),
(14, 12, 17, 2, 1, 'audio', NULL, 24, '30 Audio Song', 20, '1', '2023-10-22 03:52:18', '2023-10-22 03:52:18'),
(15, 13, 22, 2, 1, 'script', 'regular price', NULL, NULL, 60, '1', '2023-10-22 04:00:35', '2023-10-22 04:00:35'),
(16, 14, 22, 2, 1, 'script', 'regular price', NULL, NULL, 60, '1', '2023-10-22 04:02:11', '2023-10-22 04:02:11'),
(17, 15, 19, 2, 1, 'audio', NULL, 28, '100 Audio Song', 20, '1', '2023-10-22 04:03:37', '2023-10-22 04:03:37'),
(18, 16, 17, 2, 1, 'audio', NULL, 24, '30 Audio Song', 20, '1', '2023-10-22 04:08:18', '2023-10-22 04:08:18'),
(19, 17, 22, 2, 1, 'script', 'regular price', NULL, NULL, 60, '1', '2023-11-15 16:19:28', '2023-11-15 16:19:28'),
(20, 18, 22, 2, 1, 'script', 'regular price', NULL, NULL, 60, '1', '2023-11-15 16:22:41', '2023-11-15 16:22:41'),
(21, 19, 22, 2, 1, 'script', 'regular price', NULL, NULL, 60, '1', '2023-11-15 16:24:02', '2023-11-15 16:24:02'),
(22, 20, 22, 2, 1, 'script', 'regular price', NULL, NULL, 60, '1', '2023-11-15 16:26:31', '2023-11-15 16:26:31'),
(23, 21, 22, 2, 1, 'script', 'regular price', NULL, NULL, 60, '1', '2023-11-15 16:29:16', '2023-11-15 16:29:16'),
(24, 22, 22, 2, 1, 'script', 'regular price', NULL, NULL, 60, '1', '2023-11-15 16:33:51', '2023-11-15 16:33:51'),
(25, 23, 22, 2, 1, 'script', 'regular price', NULL, NULL, 60, '1', '2023-12-13 06:38:12', '2023-12-13 06:38:12'),
(26, 26, 22, 2, 1, 'script', 'regular price', NULL, NULL, 60, '1', '2024-02-25 06:55:04', '2024-02-25 06:55:04'),
(27, 27, 22, 2, 1, 'script', 'regular price', NULL, NULL, 60, '1', '2024-02-27 10:02:29', '2024-02-27 10:02:29'),
(28, 28, 22, 2, 1, 'script', 'regular price', NULL, NULL, 60, '1', '2024-02-27 10:07:09', '2024-02-27 10:07:09'),
(29, 29, 3, 2, 1, 'script', 'regular price', NULL, NULL, 15, '1', '2024-02-27 10:31:54', '2024-02-27 10:31:54'),
(30, 30, 3, 2, 1, 'script', 'regular price', NULL, NULL, 15, '1', '2024-02-27 10:36:37', '2024-02-27 10:36:37'),
(49, 48, 23, 1, 2, 'script', 'extend price', NULL, NULL, 85, '1', '2024-10-08 03:41:29', '2024-10-08 03:41:29'),
(50, 49, 21, 2, 1, 'script', 'regular price', NULL, NULL, 33, '1', '2024-10-15 10:15:54', '2024-10-15 10:15:54'),
(51, 50, 22, 2, 1, 'script', 'regular price', NULL, NULL, 60, '1', '2024-11-03 10:15:09', '2024-11-03 10:15:09');

-- --------------------------------------------------------

--
-- Table structure for table `our_teams`
--

CREATE TABLE `our_teams` (
  `id` bigint(20) UNSIGNED NOT NULL,
  `image` varchar(255) NOT NULL,
  `facebook` varchar(255) DEFAULT NULL,
  `twitter` varchar(255) DEFAULT NULL,
  `linkedin` varchar(255) DEFAULT NULL,
  `instagram` varchar(255) DEFAULT NULL,
  `status` int(11) NOT NULL,
  `created_at` timestamp NULL DEFAULT NULL,
  `updated_at` timestamp NULL DEFAULT NULL
) ENGINE=InnoDB DEFAULT CHARSET=utf8mb4 COLLATE=utf8mb4_unicode_ci;

--
-- Dumping data for table `our_teams`
--

INSERT INTO `our_teams` (`id`, `image`, `facebook`, `twitter`, `linkedin`, `instagram`, `status`, `created_at`, `updated_at`) VALUES
(1, 'uploads/custom-images/abdur-rohman-20230923120706.jpg', 'https://facebook.com', 'https://twitter.com', 'https://linkedin.com', 'https://instagram.com', 1, '2023-09-23 06:07:06', '2023-10-01 11:11:18'),
(2, 'uploads/custom-images/shinzing-pang-20230923120754.jpg', 'https://facebook.com', 'https://twitter.com', 'https://linkedin.com', 'https://instagram.com', 1, '2023-09-23 06:07:55', '2023-10-01 11:11:01'),
(3, 'uploads/custom-images/abu-siddik-ak-20230923120849.jpg', 'https://facebook.com', 'https://twitter.com', 'https://linkedin.com', 'https://instagram.com', 1, '2023-09-23 06:08:49', '2023-10-01 11:11:32'),
(4, 'uploads/custom-images/ragantan-jhon-20230923120938.jpg', 'https://facebook.com', 'https://twitter.com', 'https://linkedin.com', 'https://instagram.com', 1, '2023-09-23 06:09:38', '2023-10-01 11:11:45');

-- --------------------------------------------------------

--
-- Table structure for table `our_team_languages`
--

CREATE TABLE `our_team_languages` (
  `id` bigint(20) UNSIGNED NOT NULL,
  `team_id` int(11) NOT NULL,
  `lang_code` varchar(255) NOT NULL,
  `name` varchar(255) NOT NULL,
  `designation` varchar(255) NOT NULL,
  `created_at` timestamp NULL DEFAULT NULL,
  `updated_at` timestamp NULL DEFAULT NULL
) ENGINE=InnoDB DEFAULT CHARSET=utf8mb4 COLLATE=utf8mb4_unicode_ci;

--
-- Dumping data for table `our_team_languages`
--

INSERT INTO `our_team_languages` (`id`, `team_id`, `lang_code`, `name`, `designation`, `created_at`, `updated_at`) VALUES
(1, 1, 'en', 'Abdur Rohman', 'CEO & Founder', '2023-09-23 06:07:06', '2023-09-23 06:07:06'),
(2, 2, 'en', 'Shinzing Pang', 'Web Developer', '2023-09-23 06:07:55', '2023-09-23 06:07:55'),
(3, 3, 'en', 'Abu Siddik AK', 'UIUX Designer', '2023-09-23 06:08:49', '2023-09-23 06:08:49'),
(4, 4, 'en', 'Ragantan Jhon', 'Wp Developer', '2023-09-23 06:09:38', '2023-09-23 06:09:38'),
(5, 1, 'bn', 'আবদুর রহমান', 'সিইও & ফাউন্ডার', '2023-09-23 09:52:17', '2023-10-01 10:41:44'),
(6, 2, 'bn', 'শিনজিঙ পাং', 'ওয়েব ডেভেলপার', '2023-09-23 09:52:17', '2023-10-01 10:41:44'),
(7, 3, 'bn', 'আবু সিদ্দিক এ.কে', 'UIUX ডিজাইনার', '2023-09-23 09:52:17', '2023-10-01 10:41:44'),
(8, 4, 'bn', 'রাগানটান জোন', 'Wp ডেভেলপার', '2023-09-23 09:52:17', '2023-10-01 10:41:44');

-- --------------------------------------------------------

--
-- Table structure for table `partners`
--

CREATE TABLE `partners` (
  `id` bigint(20) UNSIGNED NOT NULL,
  `link` varchar(255) DEFAULT NULL,
  `logo` varchar(255) DEFAULT NULL,
  `status` int(11) NOT NULL DEFAULT 0,
  `created_at` timestamp NULL DEFAULT NULL,
  `updated_at` timestamp NULL DEFAULT NULL
) ENGINE=InnoDB DEFAULT CHARSET=utf8mb4 COLLATE=utf8mb4_unicode_ci;

--
-- Dumping data for table `partners`
--

INSERT INTO `partners` (`id`, `link`, `logo`, `status`, `created_at`, `updated_at`) VALUES
(1, 'https://codecanyon.net/user/quomodotheme/portfolio', 'uploads/custom-images/our-partner-2023-09-23-11-21-03-8846.png', 1, '2023-09-23 05:21:04', '2023-10-01 09:21:41'),
(2, 'https://codecanyon.net/user/quomodotheme/portfolio', 'uploads/custom-images/our-partner-2023-09-23-11-21-14-6676.png', 1, '2023-09-23 05:21:14', '2023-10-01 09:21:48'),
(3, 'https://codecanyon.net/user/quomodotheme/portfolio', 'uploads/custom-images/our-partner-2023-09-23-11-21-27-5383.png', 1, '2023-09-23 05:21:27', '2023-10-01 09:21:59'),
(4, 'https://codecanyon.net/user/quomodotheme/portfolio', 'uploads/custom-images/our-partner-2023-09-23-11-21-40-4635.png', 1, '2023-09-23 05:21:40', '2023-10-01 09:22:17'),
(5, 'https://codecanyon.net/user/quomodotheme/portfolio', 'uploads/custom-images/our-partner-2023-09-23-11-21-52-5517.png', 1, '2023-09-23 05:21:52', '2023-10-01 09:22:25'),
(6, 'https://codecanyon.net/user/quomodotheme/portfolio', 'uploads/custom-images/our-partner-2023-09-23-11-22-05-5792.png', 1, '2023-09-23 05:22:05', '2023-10-01 09:22:35'),
(7, 'https://codecanyon.net/user/quomodotheme/portfolio', 'uploads/custom-images/our-partner-2023-09-23-11-22-18-7630.png', 1, '2023-09-23 05:22:18', '2023-10-01 09:22:46'),
(8, 'https://codecanyon.net/user/quomodotheme/portfolio', 'uploads/custom-images/our-partner-2023-09-23-11-22-31-4277.png', 1, '2023-09-23 05:22:31', '2023-10-01 09:22:59'),
(9, 'https://codecanyon.net/user/quomodotheme/portfolio', 'uploads/custom-images/our-partner-2023-09-23-11-22-50-5774.png', 1, '2023-09-23 05:22:50', '2023-10-01 09:23:11'),
(10, 'https://codecanyon.net/user/quomodotheme/portfolio', 'uploads/custom-images/our-partner-2023-09-23-11-23-04-3754.png', 1, '2023-09-23 05:23:05', '2023-10-01 09:23:23');

-- --------------------------------------------------------

--
-- Table structure for table `password_resets`
--

CREATE TABLE `password_resets` (
  `email` varchar(255) NOT NULL,
  `token` varchar(255) NOT NULL,
  `created_at` timestamp NULL DEFAULT NULL
) ENGINE=InnoDB DEFAULT CHARSET=utf8mb4 COLLATE=utf8mb4_unicode_ci;

-- --------------------------------------------------------

--
-- Table structure for table `paymongo_payments`
--

CREATE TABLE `paymongo_payments` (
  `id` bigint(20) UNSIGNED NOT NULL,
  `currency_id` int(11) NOT NULL DEFAULT 0,
  `secret_key` text NOT NULL,
  `public_key` text NOT NULL,
  `webhook_sig` text DEFAULT NULL,
  `status` int(11) NOT NULL DEFAULT 1,
  `paymongo_image` varchar(255) DEFAULT NULL,
  `grabpay_image` varchar(255) DEFAULT NULL,
  `gcash_image` varchar(255) DEFAULT NULL,
  `created_at` timestamp NULL DEFAULT NULL,
  `updated_at` timestamp NULL DEFAULT NULL
) ENGINE=InnoDB DEFAULT CHARSET=utf8mb4 COLLATE=utf8mb4_unicode_ci;

--
-- Dumping data for table `paymongo_payments`
--

INSERT INTO `paymongo_payments` (`id`, `currency_id`, `secret_key`, `public_key`, `webhook_sig`, `status`, `paymongo_image`, `grabpay_image`, `gcash_image`, `created_at`, `updated_at`) VALUES
(1, 6, 'sk_test_jDBKcdignnLfJHFAoiKCjr7w', 'pk_test_rnFk6YzY3rzHtsVUh2GHXznv', 'hook_RtrC6XKHLJMzQjNVemY9vTk3', 1, NULL, NULL, NULL, '2023-11-15 10:03:27', '2023-11-15 16:11:06');

-- --------------------------------------------------------

--
-- Table structure for table `paypal_payments`
--

CREATE TABLE `paypal_payments` (
  `id` bigint(20) UNSIGNED NOT NULL,
  `status` int(11) NOT NULL DEFAULT 0,
  `account_mode` varchar(255) DEFAULT NULL,
  `client_id` text DEFAULT NULL,
  `secret_id` text DEFAULT NULL,
  `country_code` varchar(191) NOT NULL,
  `currency_code` varchar(191) NOT NULL,
  `currency_rate` double NOT NULL,
  `image` varchar(255) DEFAULT NULL,
  `created_at` timestamp NULL DEFAULT NULL,
  `updated_at` timestamp NULL DEFAULT NULL,
  `currency_id` int(11) DEFAULT NULL
) ENGINE=InnoDB DEFAULT CHARSET=utf8mb4 COLLATE=utf8mb4_unicode_ci;

--
-- Dumping data for table `paypal_payments`
--

INSERT INTO `paypal_payments` (`id`, `status`, `account_mode`, `client_id`, `secret_id`, `country_code`, `currency_code`, `currency_rate`, `image`, `created_at`, `updated_at`, `currency_id`) VALUES
(1, 1, 'sandbox', 'AWlV5x8Lhj9BRF8-TnawXtbNs-zt69mMVXME1BGJUIoDdrAYz8QIeeTBQp0sc2nIL9E529KJZys32Ipy', 'EEvn1J_oIC6alxb-FoF4t8buKwy4uEWHJ4_Jd_wolaSPRMzFHe6GrMrliZAtawDDuE-WKkCKpWGiz0Yn', 'US', 'USD', 1, 'uploads/website-images/file-name-17289767367017.png', NULL, '2024-10-15 07:18:56', 1);

-- --------------------------------------------------------

--
-- Table structure for table `paystack_and_mollies`
--

CREATE TABLE `paystack_and_mollies` (
  `id` bigint(20) UNSIGNED NOT NULL,
  `mollie_key` varchar(255) DEFAULT NULL,
  `mollie_status` int(11) NOT NULL DEFAULT 0,
  `mollie_currency_rate` double NOT NULL DEFAULT 1,
  `paystack_public_key` varchar(255) DEFAULT NULL,
  `paystack_secret_key` varchar(255) DEFAULT NULL,
  `paystack_currency_rate` double NOT NULL DEFAULT 1,
  `paystack_status` int(11) NOT NULL DEFAULT 0,
  `mollie_country_code` varchar(191) NOT NULL,
  `mollie_currency_code` varchar(191) NOT NULL,
  `paystack_country_code` varchar(191) NOT NULL,
  `paystack_currency_code` varchar(191) NOT NULL,
  `mollie_image` varchar(255) DEFAULT NULL,
  `paystack_image` varchar(255) DEFAULT NULL,
  `created_at` timestamp NULL DEFAULT NULL,
  `updated_at` timestamp NULL DEFAULT NULL,
  `paystack_currency_id` int(11) DEFAULT NULL,
  `mollie_currency_id` int(11) DEFAULT NULL
) ENGINE=InnoDB DEFAULT CHARSET=utf8mb4 COLLATE=utf8mb4_unicode_ci;

--
-- Dumping data for table `paystack_and_mollies`
--

INSERT INTO `paystack_and_mollies` (`id`, `mollie_key`, `mollie_status`, `mollie_currency_rate`, `paystack_public_key`, `paystack_secret_key`, `paystack_currency_rate`, `paystack_status`, `mollie_country_code`, `mollie_currency_code`, `paystack_country_code`, `paystack_currency_code`, `mollie_image`, `paystack_image`, `created_at`, `updated_at`, `paystack_currency_id`, `mollie_currency_id`) VALUES
(1, 'test_4VDJypzqbsjjHpCJyx3vwjVuurqj3R', 1, 1.27, 'pk_test_057dfe5dee14eaf9c3b4573df1e3760c02c06e38', 'sk_test_77cb93329abbdc18104466e694c9f720a7d69c97', 417.35, 1, 'AS', 'CAD', 'NG', 'NGN', 'uploads/website-images/mollie-2023-05-11-05-36-00-2447.png', 'uploads/website-images/paystact-2023-05-11-05-36-37-1884.png', NULL, '2023-10-18 06:22:17', 4, 5);

-- --------------------------------------------------------

--
-- Table structure for table `personal_access_tokens`
--

CREATE TABLE `personal_access_tokens` (
  `id` bigint(20) UNSIGNED NOT NULL,
  `tokenable_type` varchar(255) NOT NULL,
  `tokenable_id` bigint(20) UNSIGNED NOT NULL,
  `name` varchar(255) NOT NULL,
  `token` varchar(64) NOT NULL,
  `abilities` text DEFAULT NULL,
  `last_used_at` timestamp NULL DEFAULT NULL,
  `created_at` timestamp NULL DEFAULT NULL,
  `updated_at` timestamp NULL DEFAULT NULL
) ENGINE=InnoDB DEFAULT CHARSET=utf8mb4 COLLATE=utf8mb4_unicode_ci;

-- --------------------------------------------------------

--
-- Table structure for table `popular_posts`
--

CREATE TABLE `popular_posts` (
  `id` bigint(20) UNSIGNED NOT NULL,
  `blog_id` int(11) NOT NULL,
  `status` int(11) NOT NULL,
  `created_at` timestamp NULL DEFAULT NULL,
  `updated_at` timestamp NULL DEFAULT NULL
) ENGINE=InnoDB DEFAULT CHARSET=utf8mb4 COLLATE=utf8mb4_unicode_ci;

--
-- Dumping data for table `popular_posts`
--

INSERT INTO `popular_posts` (`id`, `blog_id`, `status`, `created_at`, `updated_at`) VALUES
(1, 2, 1, '2023-09-23 06:39:45', '2023-09-23 06:39:45'),
(2, 3, 1, '2023-09-23 06:39:49', '2023-09-23 06:39:49'),
(3, 4, 1, '2023-09-23 06:40:08', '2023-09-23 06:40:08');

-- --------------------------------------------------------

--
-- Table structure for table `popular_tags`
--

CREATE TABLE `popular_tags` (
  `id` bigint(20) UNSIGNED NOT NULL,
  `tag_name` varchar(255) NOT NULL,
  `created_at` timestamp NULL DEFAULT NULL,
  `updated_at` timestamp NULL DEFAULT NULL
) ENGINE=InnoDB DEFAULT CHARSET=utf8mb4 COLLATE=utf8mb4_unicode_ci;

--
-- Dumping data for table `popular_tags`
--

INSERT INTO `popular_tags` (`id`, `tag_name`, `created_at`, `updated_at`) VALUES
(3, 'Generic', '2023-09-23 06:42:13', '2023-09-23 06:42:13'),
(4, 'Idea', '2023-09-23 06:42:24', '2023-09-23 06:42:24'),
(5, 'Business', '2023-09-23 06:42:30', '2023-09-23 06:42:30'),
(6, 'Development', '2023-09-23 06:42:48', '2023-09-23 06:42:48'),
(7, 'Technology', '2023-09-23 06:42:54', '2023-09-23 06:42:54'),
(8, 'Data', '2023-09-23 06:43:11', '2023-09-23 06:43:11'),
(9, 'Creative', '2023-09-23 06:43:16', '2023-09-23 06:43:16'),
(10, 'Agency', '2023-09-23 06:43:22', '2023-09-23 06:43:22');

-- --------------------------------------------------------

--
-- Table structure for table `privacy_policies`
--

CREATE TABLE `privacy_policies` (
  `id` bigint(20) UNSIGNED NOT NULL,
  `created_at` timestamp NULL DEFAULT NULL,
  `updated_at` timestamp NULL DEFAULT NULL
) ENGINE=InnoDB DEFAULT CHARSET=utf8mb4 COLLATE=utf8mb4_unicode_ci;

--
-- Dumping data for table `privacy_policies`
--

INSERT INTO `privacy_policies` (`id`, `created_at`, `updated_at`) VALUES
(1, NULL, NULL);

-- --------------------------------------------------------

--
-- Table structure for table `privacy_policy_languages`
--

CREATE TABLE `privacy_policy_languages` (
  `id` bigint(20) UNSIGNED NOT NULL,
  `privacy_id` int(11) NOT NULL,
  `lang_code` varchar(255) NOT NULL,
  `privacy_policy` longtext DEFAULT NULL,
  `created_at` timestamp NULL DEFAULT NULL,
  `updated_at` timestamp NULL DEFAULT NULL
) ENGINE=InnoDB DEFAULT CHARSET=utf8mb4 COLLATE=utf8mb4_unicode_ci;

--
-- Dumping data for table `privacy_policy_languages`
--

INSERT INTO `privacy_policy_languages` (`id`, `privacy_id`, `lang_code`, `privacy_policy`, `created_at`, `updated_at`) VALUES
(1, 1, 'en', '<h4><strong>1. What Are Privacy Policy?</strong></h4>\r\n<p>Lorem Ipsum is simply dummy text of the printing and typesetting industry. Lorem Ipsum has been the industry\'s standard dummy text ever since the 1500s, when an unknown printer took a galley of type and scrambled it to make a type specimen book. It has survived not only five centuriefss asbut also the on leap into a electironc typesetting, remaining essentially unchanged. It wasn&rsquo;t popularised in the 1960s with the release of Letraset sheets containing Lorem Ipsum passages, andeiss more recently with desktop publishing software like Aldus PageMaker including versions of Lorem Ipsum to make a type specimen book.</p>\r\n<h4><strong>2. Ecommerce Terms and Conditions Examples</strong></h4>\r\n<p>While it&rsquo;s not legally required for ecommerce websites to have a terms and conditions agreement, adding one will help protect your as sonline business.As terms and conditions are legally enforceable rules, they allow you to set standards for how users interact with your site. Here are some of the major abenefits of including terms and conditions on your ecommerce site:</p>\r\n<p>It has survived not only five centuries but also the on leap into electronic typesetting, remaining essentially unchanged. It wasn&rsquo;t popularised in the obb1960s with the release of Letraset sheets containing Lorem Ipsum passages, andei more recently with desktop.</p>\r\n<h4><strong>Features :</strong></h4>\r\n<ul>\r\n<li>Slim body with metal cover</li>\r\n<li>Latest Intel Core i5-1135G7 processor (4 cores / 8 threads)</li>\r\n<li>8GB DDR4 RAM and fast 512GB PCIe SSD</li>\r\n<li>NVIDIA GeForce MX350 2GB GDDR5 graphics card backlit keyboard, touchpad with gesture support</li>\r\n</ul>\r\n<h4><strong>3. Protect Your Property</strong></h4>\r\n<p>Lorem Ipsum is simply dummy text of the printing and typesetting industry. Lorem Ipsum has been the industry\'s standard dummy text ever since the 1500s, when an unknown printer took a galley of type and scrambled it to make a type specimen book. It has survived not only five centuriezcs but also the on leap into as eylectronic typesetting, remaining essentially unchanged. It wasn&rsquo;t popularised in the 1960s with the release of Letraszvxet sheets containing Lorem Ipsum our spassages, andei more recently with desktop publishing software like Aldus PageMaker including versions of Lorem Ipsum to make a type specimen book. five centuries but also a the on leap into electronic typesetting, remaining essentially unchanged. It aswasn&rsquo;t popularised in the 1960s with the release of Letraset sheets containing Lorem Ipsum passages, andei more recently with desktop our aspublishing software like Aldus PageMaker including versions of Lorem Ipsum to make a type specimen book.</p>\r\n<h4><strong>4. What to Include in Terms and Conditions for Online Stores</strong></h4>\r\n<p>Lorem Ipsum is simply dummy text of the printing and typesetting industry. Lorem Ipsum has been the industry\'s standard dummy text ever since the 1500s, when an unknown printer took a galley of type and scrambled it to make a type specimen book. It has survived not only five as centuries but also the on leap into as electronic typesetting, remaining essentially unchanged. It wasn&rsquo;t popularised in the 1960s with the release of as Leitraset sheets containing Loriem Ipsum passages, our andei more recently with desktop publishing software like Aldus PageMaker including versions of Lorem Ipsum to make a type specimen book.</p>\r\n<p>Five centuries but also the on leap into electronic typesetting, remaining essentially unchanged. It wasn&rsquo;t popularised in the 1960s with the release of Letraset sheets containing Lorem Ipsum passages, andei more recently with desktop publishing software like Aldus PageMaker our as including versions of Loriem Ipsum to make a type specimen book. It wasn&rsquo;t popularised in the 1960s with the release of Letraset sheets as containing Lorem Ipsum passages, andei more recently with a desktop publishing software like Aldus PageMaker including versions of Loremas&nbsp; Ipsum to make a type specimen book.</p>\r\n<h4><strong>05.Pricing and Payment Terms</strong></h4>\r\n<p>Lorem Ipsum is simply dummy text of the printing and typesetting industry. Lorem Ipsum has been the industry\'s standard dummy text ever since the 1500s, when an unknown printer took a galley of type and scrambled it to make a type specimen book. It has survived not only five as centuries but also as the on leap into electronic typesetting, remaining essentially unchanged. It wasn&rsquo;t popularised in the 1960s with the release as of Letraset sheets containing Lorem Ipsum our spassages, andei more recently with desktop publishing software like Aldus PageMaker including versions of Lorem Ipsum to make a type specimen book.</p>\r\n<p>Five centuries but also the on leap into electronic typesetting, remaining essentially unchanged. It wasn&rsquo;t popularised in the 1960s with the release of Letraset sheets containing Lorem Ipsum passages, andei more recently with desktop publishing software like Aldus PageMaker our as including versions of Lorem aIpsum to make a type specimen book. It wasn&rsquo;t popularised in the 1960s with the release of Letraset sheetsasd containing Lorem Ipsum passages, andei more recentlysl with desktop publishing software like Aldus PageMaker including versions of Loremadfsfds Ipsum to make a type specimen book.</p>\r\n<p>It has survived not only five centuries but also the on leap into electronic typesetting, remaining essentially unchanged. It wasn&rsquo;t popularised in the our 1960s with the release of Letraset sheets containing Lorem Ipsum passages, andei more recently with desktop publishing asou software like Aldus PageMaker including versions of Lorem Ipsum to make a type specimen book.</p>', NULL, '2023-09-23 06:26:42'),
(18, 1, 'bn', '<p><strong>১। গোপনীয়তা নীতি কি?</strong></p>\r\n<p>লরেম ইপসাম হল মুদ্রণ এবং টাইপসেটিং শিল্পের ডামি পাঠ্য। লোরেম ইপসাম 1500 এর দশক থেকে শিল্পের মানক ডামি টেক্সট হয়েছে, যখন একটি অজানা প্রিন্টার টাইপের একটি গ্যালি নিয়েছিল এবং একটি টাইপ নমুনা বই তৈরি করতে এটিকে স্ক্র্যাম্বল করেছিল। এটি কেবলমাত্র পাঁচটি শতাব্দীই টিকে আছে নয় বরং একটি বৈদ্যুতিক টাইপসেটিংয়ে লাফিয়েও টিকে আছে, যা মূলত অপরিবর্তিত রয়েছে। এটি 1960-এর দশকে লোরেম ইপসাম প্যাসেজ সম্বলিত লেট্রাসেট শীট প্রকাশের মাধ্যমে জনপ্রিয় হয়নি, এবং সম্প্রতি একটি টাইপ নমুনা বই তৈরি করার জন্য লরেম ইপসাম-এর সংস্করণ সহ Aldus PageMaker-এর মতো ডেস্কটপ প্রকাশনা সফ্টওয়্যার দিয়ে এটি জনপ্রিয় হয় নি।</p>\r\n<p><strong>২। ইকমার্সের নিয়ম ও শর্তাবলীর উদাহরণ</strong></p>\r\n<p>যদিও ইকমার্স ওয়েবসাইটগুলির জন্য একটি শর্ত ও শর্তের চুক্তি থাকা আইনত প্রয়োজন হয় না, তবে একটি যোগ করা আপনার সোনলাইন ব্যবসা হিসাবে রক্ষা করতে সহায়তা করবে৷ যেহেতু শর্তাবলী আইনত প্রয়োগযোগ্য নিয়ম, সেগুলি আপনাকে ব্যবহারকারীরা কীভাবে আপনার সাইটের সাথে ইন্টারঅ্যাক্ট করবে তার জন্য মান নির্ধারণ করতে দেয়৷ এখানে আপনার ইকমার্স সাইটের শর্তাবলী সহ কিছু প্রধান সুবিধা রয়েছে।</p>\r\n<p>এটি শুধুমাত্র পাঁচ শতাব্দী ধরেই টিকে আছে কিন্তু ইলেকট্রনিক টাইপসেটিংয়েও টিকে আছে, যা মূলত অপরিবর্তিত রয়েছে। এটি লোরেম ইপসাম প্যাসেজ সম্বলিত লেট্রাসেট শীট প্রকাশের সাথে obb1960-এর দশকে জনপ্রিয় হয়নি, এবং সম্প্রতি ডেস্কটপের সাথে।</p>\r\n<p><strong>বৈশিষ্ট্য :</strong></p>\r\n<ul>\r\n<li>ধাতব আবরণ সহ সিলিম বডি</li>\r\n<li>সর্বশেষ ইন্টেল কোর i5-1135G7 প্রসেসর (4 কোর / 8 থ্রেড)</li>\r\n<li>8GB DDR4 RAM এবং দ্রুত 512GB PCIe SSD</li>\r\n<li>NVIDIA GeForce MX350 2GB GDDR5 গ্রাফিক্স কার্ড ব্যাকলিট কীবোর্ড, অঙ্গভঙ্গি সমর্থন সহ টাচপ্যাড</li>\r\n</ul>\r\n<p><strong>৩। আপনার সম্পত্তি রক্ষা করুন</strong></p>\r\n<p>লরেম ইপসাম হল মুদ্রণ এবং টাইপসেটিং শিল্পের ডামি পাঠ্য। লোরেম ইপসাম 1500 এর দশক থেকে শিল্পের মানক ডামি টেক্সট হয়েছে, যখন একটি অজানা প্রিন্টার টাইপের একটি গ্যালি নিয়েছিল এবং একটি টাইপ নমুনা বই তৈরি করতে এটিকে স্ক্র্যাম্বল করেছিল। এটি শুধুমাত্র পাঁচ সেঞ্চুরিইজসিস নয় বরং ইলেকট্রনিক টাইপসেটিং হিসাবেও টিকে আছে, যা মূলত অপরিবর্তিত রয়েছে। 1960-এর দশকে লোরেম ইপসাম আমাদের স্প্যাসেজ সম্বলিত শীট প্রকাশের মাধ্যমে এটি জনপ্রিয় হয়নি, এবং সম্প্রতি একটি টাইপ নমুনা বই তৈরি করতে লরেম ইপসাম-এর সংস্করণ সহ Aldus PageMaker-এর মতো ডেস্কটপ প্রকাশনা সফ্টওয়্যার সহ এটি জনপ্রিয় হয় নি। পাঁচ শতাব্দী কিন্তু ইলেকট্রনিক টাইপসেটিং-এ একটি অন লিপ, অপরিহার্যভাবে অপরিবর্তিত রয়েছে। এটি 1960-এর দশকে লোরেম ইপসাম প্যাসেজ সম্বলিত লেট্রাসেট শীট প্রকাশের সাথে জনপ্রিয় হয়নি, এবং সম্প্রতি আমাদের ডেস্কটপে Aldus PageMaker-এর মতো প্রকাশনা সফ্টওয়্যার সহ লরেম ইপসাম-এর সংস্করণ সহ একটি টাইপ নমুনা বই তৈরি করা হয়েছে।</p>\r\n<p><strong>৪। অনলাইন স্টোরের শর্তাবলীতে কী অন্তর্ভুক্ত করতে হবে</strong></p>\r\n<p>লরেম ইপসাম হল মুদ্রণ এবং টাইপসেটিং শিল্পের ডামি পাঠ্য। লোরেম ইপসাম 1500 এর দশক থেকে শিল্পের মানক ডামি টেক্সট হয়েছে, যখন একটি অজানা প্রিন্টার টাইপের একটি গ্যালি নিয়েছিল এবং একটি টাইপ নমুনা বই তৈরি করতে এটিকে স্ক্র্যাম্বল করেছিল। এটি কেবল পাঁচটি শতাব্দীর মতোই নয় বরং ইলেকট্রনিক টাইপসেটিং হিসাবেও টিকে আছে, যা মূলত অপরিবর্তিত রয়েছে। এটি 1960-এর দশকে লোরিয়েম ইপসাম প্যাসেজ সম্বলিত লেইট্রাসেট শীট হিসাবে প্রকাশের সাথে জনপ্রিয় হয়নি, আমাদের সম্প্রতি একটি টাইপ নমুনা বই তৈরি করার জন্য লরেম ইপসাম-এর সংস্করণ সহ Aldus PageMaker-এর মতো ডেস্কটপ প্রকাশনা সফ্টওয়্যার সহ।</p>\r\n<p>পাঁচ শতক কিন্তু ইলেকট্রনিক টাইপসেটিং-এ লাফানো, মূলত অপরিবর্তিত রয়েছে। এটি 1960-এর দশকে লরেম ইপসাম প্যাসেজ সম্বলিত লেট্রাসেট শীট প্রকাশের সাথে জনপ্রিয় হয়নি, এবং সম্প্রতি Aldus PageMaker-এর মতো ডেস্কটপ প্রকাশনা সফ্টওয়্যার সহ লরেম ইপসাম-এর সংস্করণগুলিকে একটি টাইপ নমুনা বই তৈরি করার জন্য। 1960-এর দশকে লোরেম ইপসাম প্যাসেজ সম্বলিত লেট্রাসেট শীট প্রকাশের সাথে এটি জনপ্রিয় হয়নি, এবং সম্প্রতি একটি টাইপ নমুনা বই তৈরি করার জন্য লরেম ইপসাম-এর সংস্করণ সহ Aldus PageMaker-এর মতো একটি ডেস্কটপ প্রকাশনা সফ্টওয়্যার সহ এটি জনপ্রিয় হয় নি।</p>\r\n<p><strong>০৫। মূল্য এবং অর্থপ্রদান শর্তাবলী</strong></p>\r\n<p>লরেম ইপসাম হল মুদ্রণ এবং টাইপসেটিং শিল্পের ডামি পাঠ্য। লোরেম ইপসাম 1500 এর দশক থেকে শিল্পের মানক ডামি টেক্সট হয়েছে, যখন একটি অজানা প্রিন্টার টাইপের একটি গ্যালি নিয়েছিল এবং একটি টাইপ নমুনা বই তৈরি করতে এটিকে স্ক্র্যাম্বল করেছিল। এটি কেবলমাত্র পাঁচটি শতাব্দীর মতোই নয় বরং ইলেকট্রনিক টাইপসেটিং-এ লাফানোর মতোও টিকে আছে, যা মূলত অপরিবর্তিত রয়েছে। 1960-এর দশকে লোরেম ইপসাম আমাদের স্প্যাসেজ সম্বলিত লেট্রাসেট শীট প্রকাশের সাথে এটি জনপ্রিয় হয়নি, এবং সম্প্রতি একটি টাইপের নমুনা বই তৈরি করার জন্য Lorem Ipsum-এর সংস্করণ সহ Aldus PageMaker-এর মতো ডেস্কটপ প্রকাশনা সফ্টওয়্যার সহ।</p>\r\n<p>পাঁচ শতক কিন্তু ইলেকট্রনিক টাইপসেটিং-এ লাফানো, মূলত অপরিবর্তিত রয়েছে। 1960-এর দশকে লরেম ইপসাম প্যাসেজ সম্বলিত লেট্রাসেট শীট প্রকাশের মাধ্যমে এটি জনপ্রিয় হয়নি, এবং সম্প্রতি Aldus PageMaker-এর মতো ডেস্কটপ প্রকাশনা সফ্টওয়্যার সহ Lorem aIpsum-এর সংস্করণগুলি অন্তর্ভুক্ত করে একটি টাইপ নমুনা বই তৈরি করা হয়েছে। এটি 1960-এর দশকে লোরেম ইপসাম প্যাসেজ সম্বলিত লেট্রাসেট শীটসাড প্রকাশের সাথে জনপ্রিয় হয়নি, এবং সম্প্রতি একটি টাইপ নমুনা বই তৈরি করার জন্য লরেম ইপসাম-এর সংস্করণ সহ Aldus PageMaker-এর মতো ডেস্কটপ প্রকাশনা সফ্টওয়্যার সহ।</p>\r\n<p>এটি শুধুমাত্র পাঁচ শতাব্দী ধরেই টিকে আছে কিন্তু ইলেকট্রনিক টাইপসেটিংয়েও টিকে আছে, যা মূলত অপরিবর্তিত রয়েছে। এটি আমাদের 1960-এর দশকে লরেম ইপসাম প্যাসেজ সম্বলিত শীট প্রকাশের মাধ্যমে জনপ্রিয় হয়নি, এবং সম্প্রতি একটি ধরনের নমুনা বই তৈরি করার জন্য লরেম ইপসাম-এর সংস্করণ সহ Aldus PageMaker-এর মতো ডেস্কটপ প্রকাশনা সফ্টওয়্যার সহ।</p>', '2023-09-23 09:52:17', '2023-10-01 10:41:44');

-- --------------------------------------------------------

--
-- Table structure for table `products`
--

CREATE TABLE `products` (
  `id` bigint(20) UNSIGNED NOT NULL,
  `author_id` int(11) NOT NULL,
  `category_id` int(11) NOT NULL,
  `product_type` varchar(255) NOT NULL,
  `name` text DEFAULT NULL,
  `slug` text NOT NULL,
  `regular_price` double DEFAULT NULL,
  `extend_price` varchar(255) DEFAULT NULL,
  `preview_link` text DEFAULT NULL,
  `thumbnail_image` text DEFAULT NULL,
  `download_file` text DEFAULT NULL,
  `product_icon` varchar(255) DEFAULT NULL,
  `download_file_type` varchar(255) DEFAULT NULL,
  `download_link` text DEFAULT NULL,
  `description` longtext DEFAULT NULL,
  `release_date` varchar(255) DEFAULT NULL,
  `last_update_date` varchar(255) DEFAULT NULL,
  `used_technology` text DEFAULT NULL,
  `file_type` text DEFAULT NULL,
  `high_resolution` varchar(255) DEFAULT NULL,
  `cross_browser` text DEFAULT NULL,
  `documentation` varchar(255) DEFAULT NULL,
  `layout` varchar(255) DEFAULT NULL,
  `file_size` varchar(255) DEFAULT NULL,
  `tags` text DEFAULT NULL,
  `seo_title` text DEFAULT NULL,
  `seo_description` text DEFAULT NULL,
  `status` int(11) NOT NULL DEFAULT 0,
  `approve_by_admin` int(1) NOT NULL DEFAULT 0,
  `popular_item` int(1) NOT NULL DEFAULT 0,
  `trending_item` int(1) NOT NULL DEFAULT 0,
  `featured_item` int(11) NOT NULL DEFAULT 0,
  `created_at` timestamp NULL DEFAULT NULL,
  `updated_at` timestamp NULL DEFAULT NULL
) ENGINE=InnoDB DEFAULT CHARSET=utf8mb4 COLLATE=utf8mb4_unicode_ci;

--
-- Dumping data for table `products`
--

INSERT INTO `products` (`id`, `author_id`, `category_id`, `product_type`, `name`, `slug`, `regular_price`, `extend_price`, `preview_link`, `thumbnail_image`, `download_file`, `product_icon`, `download_file_type`, `download_link`, `description`, `release_date`, `last_update_date`, `used_technology`, `file_type`, `high_resolution`, `cross_browser`, `documentation`, `layout`, `file_size`, `tags`, `seo_title`, `seo_description`, `status`, `approve_by_admin`, `popular_item`, `trending_item`, `featured_item`, `created_at`, `updated_at`) VALUES
(1, 1, 3, 'script', NULL, 'homeco-real-estate-directory-listing-flutter-app-with-admin-panel', 29, '40', 'https://codecanyon.net/user/quomodotheme/portfolio', 'uploads/custom-images/thumb_image-2023-09-20-02-19-26-3150.png', 'Script-2023-09-20-02-19-26-1071.zip', 'uploads/custom-images/product_icon-2023-09-20-02-19-26-1969.png', NULL, NULL, NULL, NULL, NULL, NULL, NULL, '1', '1', '1', '1', NULL, NULL, NULL, NULL, 1, 0, 1, 1, 1, '2023-09-20 08:19:26', '2023-10-01 09:01:19'),
(2, 1, 4, 'script', NULL, 'shopus-laravel-multivendor-fashion-ecommerce-website-user-app', 20, '30', 'https://codecanyon.net/user/quomodotheme/portfolio', 'uploads/custom-images/thumb_image-2023-09-20-03-44-02-3632.png', 'Script-2023-09-20-03-44-02-5778.zip', 'uploads/custom-images/product_icon-2023-09-20-03-44-02-5128.png', NULL, NULL, NULL, NULL, NULL, NULL, NULL, '1', '1', '1', '1', NULL, NULL, NULL, NULL, 1, 0, 1, 1, 1, '2023-09-20 09:44:02', '2023-10-01 09:00:58'),
(3, 2, 5, 'script', NULL, 'foodbari-flutter-food-order-deliveryman-kitchen-app-ui-kit', 15, '30', 'https://codecanyon.net/user/quomodotheme/portfolio', 'uploads/custom-images/thumb_image-2023-09-20-03-54-34-9915.png', 'Script-2023-09-20-03-54-34-7148.zip', 'uploads/custom-images/product_icon-2023-09-20-03-54-34-1702.png', NULL, NULL, NULL, NULL, NULL, NULL, NULL, '1', '1', '1', '1', NULL, NULL, NULL, NULL, 1, 0, 1, 1, 1, '2023-09-20 09:54:34', '2023-10-01 09:00:41'),
(4, 1, 3, 'script', NULL, 'jqb-job-finding-flutter-app-ui-kit', 25, '36', 'https://codecanyon.net/user/quomodotheme/portfolio', 'uploads/custom-images/thumb_image-2023-09-20-04-15-44-7306.png', 'Script-2023-09-20-04-15-44-2514.zip', 'uploads/custom-images/product_icon-2023-09-20-04-15-44-8113.png', NULL, NULL, NULL, NULL, NULL, NULL, NULL, '1', '1', '1', '1', NULL, NULL, NULL, NULL, 1, 0, 1, 1, 1, '2023-09-20 10:15:44', '2023-10-01 09:00:14'),
(5, 2, 5, 'script', NULL, 'foodbari-flutter-food-restaurant-branchcooking-kitchen-app-ui-kit', 15, '35', 'https://websolutionus.com/', 'uploads/custom-images/thumb_image-2023-09-20-04-34-29-5441.png', 'Script-2023-09-20-04-34-29-3190.zip', 'uploads/custom-images/product_icon-2023-09-20-04-34-29-9527.png', NULL, NULL, NULL, NULL, NULL, NULL, NULL, '1', '1', '1', '1', NULL, NULL, NULL, NULL, 1, 0, 1, 1, 1, '2023-09-20 10:34:29', '2023-09-20 10:34:29'),
(6, 2, 7, 'image', NULL, 'gotour-flutter-app-for-tours-and-travels', 20, NULL, 'https://codecanyon.net/user/quomodotheme/portfolio', 'uploads/custom-images/thumb_image-2023-09-20-04-49-39-3023.png', NULL, 'uploads/custom-images/product_icon-2023-09-20-04-49-39-7590.png', NULL, NULL, NULL, NULL, NULL, NULL, NULL, '1', '1', '1', '1', NULL, NULL, NULL, NULL, 1, 0, 1, 1, 1, '2023-09-20 10:49:39', '2023-10-09 06:00:35'),
(7, 2, 8, 'image', NULL, 'nogo-flutter-nonfungible-token-marketplace-app', 20, NULL, 'https://codecanyon.net/user/quomodotheme/portfolio', 'uploads/custom-images/thumb_image-2023-09-21-09-35-08-1901.png', NULL, 'uploads/custom-images/product_icon-2023-09-21-09-35-09-9554.png', NULL, NULL, NULL, NULL, NULL, NULL, NULL, '1', '1', '1', '1', NULL, NULL, NULL, NULL, 1, 0, 1, 1, 1, '2023-09-21 03:35:09', '2023-10-09 07:17:16'),
(8, 1, 6, 'image', NULL, 'financial-corporation-flutter-money-management-app', 21, NULL, 'https://codecanyon.net/user/quomodotheme/portfolio', 'uploads/custom-images/thumb_image-2023-09-21-09-53-29-5439.png', NULL, 'uploads/custom-images/product_icon-2023-09-21-09-53-29-7647.png', NULL, NULL, NULL, NULL, NULL, NULL, NULL, '1', '1', '1', '1', NULL, NULL, NULL, NULL, 1, 0, 1, 1, 1, '2023-09-21 03:53:29', '2023-10-01 08:59:18'),
(9, 1, 6, 'image', NULL, 'finance-company-laravel-money-management-app', 30, NULL, 'https://codecanyon.net/user/quomodotheme/portfolio', 'uploads/custom-images/thumb_image-2023-09-21-10-54-03-4464.png', NULL, 'uploads/custom-images/product_icon-2023-09-21-10-54-03-4254.png', NULL, NULL, NULL, NULL, NULL, NULL, NULL, '1', '1', '1', '1', NULL, NULL, NULL, NULL, 1, 0, 1, 1, 1, '2023-09-21 04:54:04', '2023-10-01 08:58:58'),
(10, 2, 6, 'image', NULL, 'express-grocery-shop-management-laravel-software', 20, NULL, 'https://codecanyon.net/user/quomodotheme/portfolio', 'uploads/custom-images/thumb_image-2023-09-21-11-08-18-1625.png', NULL, 'uploads/custom-images/product_icon-2023-09-21-11-08-18-7860.png', NULL, NULL, NULL, NULL, NULL, NULL, NULL, '1', '1', '1', '1', NULL, NULL, NULL, NULL, 1, 0, 1, 1, 1, '2023-09-21 05:08:18', '2023-10-01 08:58:42'),
(11, 1, 2, 'video', NULL, 'travel-visa-management-laravel-software', 40, NULL, 'https://codecanyon.net/user/quomodotheme/portfolio', 'uploads/custom-images/thumb_image-2023-09-21-11-37-03-2037.png', NULL, 'uploads/custom-images/product_icon-2023-09-21-11-37-04-1081.png', NULL, NULL, NULL, NULL, NULL, NULL, NULL, '1', '1', '1', '1', NULL, NULL, NULL, NULL, 1, 0, 1, 1, 1, '2023-09-21 05:37:04', '2023-10-01 08:58:23'),
(12, 2, 2, 'video', NULL, 'online-course-purchase-and-sale-management-laravel-app', 19, NULL, 'https://codecanyon.net/user/quomodotheme/portfolio', 'uploads/custom-images/thumb_image-2023-09-21-12-17-28-6169.png', NULL, 'uploads/custom-images/product_icon-2023-09-21-12-17-28-2461.png', NULL, NULL, NULL, NULL, NULL, NULL, NULL, '1', '1', '1', '1', NULL, NULL, NULL, NULL, 1, 0, 1, 1, 1, '2023-09-21 06:17:28', '2023-10-01 08:58:00'),
(13, 1, 8, 'video', NULL, 'construction-service-management-software', 49, NULL, 'https://codecanyon.net/user/quomodotheme/portfolio', 'uploads/custom-images/thumb_image-2023-09-21-12-51-19-3733.png', NULL, 'uploads/custom-images/product_icon-2023-09-21-12-51-19-8840.png', NULL, NULL, NULL, NULL, NULL, NULL, NULL, '1', '1', '1', '1', NULL, NULL, NULL, NULL, 1, 0, 1, 1, 1, '2023-09-21 06:51:19', '2023-10-09 07:14:52'),
(14, 2, 2, 'video', NULL, 'artificial-intelligence-ai-writer-copywriting-laravel-app', 51, NULL, 'https://codecanyon.net/user/quomodotheme/portfolio', 'uploads/custom-images/thumb_image-2023-09-21-01-07-19-8850.png', NULL, 'uploads/custom-images/product_icon-2023-09-21-01-07-19-4646.png', NULL, NULL, NULL, NULL, NULL, NULL, NULL, '1', '1', '1', '1', NULL, NULL, NULL, NULL, 1, 0, 1, 1, 1, '2023-09-21 07:07:19', '2023-10-01 08:57:04'),
(15, 2, 2, 'video', NULL, 'school-management-inventory-laravel-software', 15, NULL, 'https://codecanyon.net/user/quomodotheme/portfolio', 'uploads/custom-images/thumb_image-2023-09-21-01-49-41-2960.png', NULL, 'uploads/custom-images/product_icon-2023-09-21-01-49-41-1636.png', NULL, NULL, NULL, NULL, NULL, NULL, NULL, '1', '1', '1', '1', NULL, NULL, NULL, NULL, 1, 0, 1, 1, 1, '2023-09-21 07:49:41', '2023-10-01 08:56:49'),
(16, 1, 1, 'audio', NULL, 'aabcserv-multivendor-ondemand-service-handyman-marketplace-flutter-seller-app', 19, NULL, 'https://codecanyon.net/user/quomodotheme/portfolio', 'uploads/custom-images/thumb_image-2023-09-21-03-25-54-5346.png', NULL, 'uploads/custom-images/product_icon-2023-09-21-03-25-54-9040.png', NULL, NULL, NULL, NULL, NULL, NULL, NULL, '1', '1', '1', '1', NULL, NULL, NULL, NULL, 1, 0, 1, 1, 1, '2023-09-21 09:25:54', '2023-10-09 07:14:00'),
(17, 2, 1, 'audio', NULL, 'shopo-ecommerce-multivendor-ecommerce-flutter-seller-app', 20, NULL, 'https://codecanyon.net/user/quomodotheme/portfolio', 'uploads/custom-images/thumb_image-2023-09-21-03-45-59-6110.png', NULL, 'uploads/custom-images/product_icon-2023-09-21-03-45-59-7066.png', NULL, NULL, NULL, NULL, NULL, NULL, NULL, '1', '1', '1', '1', NULL, NULL, NULL, NULL, 1, 0, 1, 1, 1, '2023-09-21 09:45:59', '2023-10-01 08:55:45'),
(18, 1, 1, 'audio', NULL, 'minimoll-fashion-ecommerce-flutter-app', 27, NULL, 'https://codecanyon.net/user/quomodotheme/portfolio', 'uploads/custom-images/thumb_image-2023-09-21-04-07-33-4997.png', NULL, 'uploads/custom-images/product_icon-2023-09-21-04-07-33-9476.png', NULL, NULL, NULL, NULL, NULL, NULL, NULL, '1', '1', '1', '1', NULL, NULL, NULL, NULL, 1, 0, 1, 1, 1, '2023-09-21 10:07:33', '2023-10-01 08:55:29'),
(19, 2, 1, 'audio', NULL, 'multibranch-restaurant-management-software', 20, NULL, 'https://codecanyon.net/user/quomodotheme/portfolio', 'uploads/custom-images/thumb_image-2023-09-21-04-21-36-4293.png', NULL, 'uploads/custom-images/product_icon-2023-09-21-04-21-36-2222.png', NULL, NULL, NULL, NULL, NULL, NULL, NULL, '1', '1', '1', '1', NULL, NULL, NULL, NULL, 1, 0, 1, 1, 1, '2023-09-21 10:21:36', '2023-10-01 08:55:13'),
(20, 1, 1, 'audio', NULL, 'singlebranch-restaurant-management-software', 15, NULL, 'https://codecanyon.net/user/quomodotheme/portfolio', 'uploads/custom-images/thumb_image-2023-09-21-05-01-30-6034.png', NULL, 'uploads/custom-images/product_icon-2023-09-21-05-01-30-9541.png', NULL, NULL, NULL, NULL, NULL, NULL, NULL, '1', '1', '1', '1', NULL, NULL, NULL, NULL, 1, 0, 1, 1, 1, '2023-09-21 11:01:30', '2023-10-01 08:54:54'),
(21, 2, 3, 'script', NULL, 'apps-premium-landing-theme', 33, '41', 'https://codecanyon.net/user/quomodotheme/portfolio', 'uploads/custom-images/thumb_image-2023-09-21-05-25-29-4176.png', 'Script-2023-09-21-05-25-30-1155.zip', 'uploads/custom-images/product_icon-2023-09-21-05-25-30-4102.png', NULL, NULL, NULL, NULL, NULL, NULL, NULL, '1', '1', '1', '1', NULL, NULL, NULL, NULL, 1, 0, 1, 1, 1, '2023-09-21 11:25:30', '2023-10-01 08:54:35'),
(22, 2, 3, 'script', NULL, 'oifoliodigital-marketing-theme', 60, '90', 'https://codecanyon.net/user/quomodotheme/portfolio', 'uploads/custom-images/thumb_image-2023-09-21-05-38-15-3857.png', 'Script-2023-09-21-05-38-15-7744.zip', 'uploads/custom-images/product_icon-2023-09-21-05-38-15-2185.png', NULL, NULL, NULL, NULL, NULL, NULL, NULL, '1', '1', '1', '1', NULL, NULL, NULL, NULL, 1, 0, 1, 1, 1, '2023-09-21 11:38:15', '2023-10-01 08:54:19'),
(23, 1, 5, 'script', NULL, 'saas-landing-software-theme', 50, '85', 'https://codecanyon.net/user/quomodotheme/portfolio', 'uploads/custom-images/file-name-17289724013655.png', 'uploads/custom-images/file-name-17289735822380.zip', 'uploads/custom-images/product_icon-2023-09-21-05-44-15-3547.png', NULL, NULL, NULL, NULL, NULL, NULL, NULL, '1', '1', '1', '1', NULL, NULL, NULL, NULL, 1, 0, 1, 1, 1, '2023-09-21 11:44:15', '2024-10-15 06:26:22');

-- --------------------------------------------------------

--
